{"id":159,"date":"2025-03-25T13:31:40","date_gmt":"2025-03-25T12:31:40","guid":{"rendered":"https:\/\/schloss-bevern.de\/wp\/?page_id=159"},"modified":"2026-04-14T11:09:08","modified_gmt":"2026-04-14T09:09:08","slug":"geschichte","status":"publish","type":"page","link":"https:\/\/schloss-bevern.de\/?page_id=159","title":{"rendered":"Geschichte"},"content":{"rendered":"<div id=\"pl-159\"  class=\"panel-layout\" ><div id=\"pg-159-0\"  class=\"panel-grid panel-no-style\" ><div id=\"pgc-159-0-0\"  class=\"panel-grid-cell\" ><div id=\"panel-159-0-0-0\" class=\"so-panel widget widget_sow-image panel-first-child panel-last-child\" data-index=\"0\" ><div\n\t\t\t\n\t\t\tclass=\"so-widget-sow-image so-widget-sow-image-default-8b5b6f678277-159\"\n\t\t\t\n\t\t>\n<div class=\"sow-image-container\">\n\t\t<img loading=\"lazy\" decoding=\"async\" src=\"https:\/\/schloss-bevern.de\/wp-content\/uploads\/Bauhistorische_Fuehrungen_1-scaled.jpg\" width=\"1703\" height=\"2560\" srcset=\"https:\/\/schloss-bevern.de\/wp-content\/uploads\/Bauhistorische_Fuehrungen_1-scaled.jpg 1703w, https:\/\/schloss-bevern.de\/wp-content\/uploads\/Bauhistorische_Fuehrungen_1-200x300.jpg 200w, https:\/\/schloss-bevern.de\/wp-content\/uploads\/Bauhistorische_Fuehrungen_1-681x1024.jpg 681w, https:\/\/schloss-bevern.de\/wp-content\/uploads\/Bauhistorische_Fuehrungen_1-100x150.jpg 100w, https:\/\/schloss-bevern.de\/wp-content\/uploads\/Bauhistorische_Fuehrungen_1-768x1154.jpg 768w, https:\/\/schloss-bevern.de\/wp-content\/uploads\/Bauhistorische_Fuehrungen_1-1022x1536.jpg 1022w, https:\/\/schloss-bevern.de\/wp-content\/uploads\/Bauhistorische_Fuehrungen_1-1363x2048.jpg 1363w\" sizes=\"auto, (max-width: 1703px) 100vw, 1703px\" title=\"Bauhistorische_Fuehrungen_1\" alt=\"\" \t\tclass=\"so-widget-image\"\/>\n\t<\/div>\n\n<\/div><\/div><\/div><div id=\"pgc-159-0-1\"  class=\"panel-grid-cell\" ><div id=\"panel-159-0-1-0\" class=\"so-panel widget widget_sow-editor panel-first-child panel-last-child\" data-index=\"1\" ><div\n\t\t\t\n\t\t\tclass=\"so-widget-sow-editor so-widget-sow-editor-base\"\n\t\t\t\n\t\t>\n<div class=\"siteorigin-widget-tinymce textwidget\">\n\t<p><span style=\"font-family: garamond-lt-regular; font-size: 16px;\">Das Weserrenaissance Schloss Bevern geh\u00f6rt zu den bedeutendsten Baudenkm\u00e4hlern der Weserrenaissance.<\/span><\/p>\n<p><span style=\"font-family: garamond-lt-regular; font-size: 16px;\">Es wurde in den Jahren 1603 - 1612 nach wesentlichen Vorgaben des Bauherrn, Statius von M\u00fcnchhausen, als regelm\u00e4\u00dfige Vierfl\u00fcgelanlage um einen quadratischen Innenhof mit Wassergraben, zwei Br\u00fccken und einem Schlossgarten errichtet.<\/span><br \/>\n<span style=\"font-family: garamond-lt-regular; font-size: 16px;\">Seitdem hat das Schloss ein wechselhaftes Schicksal erfahren. Trotz 20 Kindern aus zwei Ehen starb die M\u00fcnchhausenlinie des Statius 1676 aus. Bereits 1652 hatte die Witwe den adeligen Besitz Bevern dem Herzog August d.J. zu Braunschweig und L\u00fcneburg, dem Begr\u00fcnder der ber\u00fchmten Bibliothek in Wolfenb\u00fcttel, \u00fcberlassen, der ihn zum herzoglichen Jagdschloss umbaute.<\/span><\/p>\n<p><span style=\"font-family: garamond-lt-regular; font-size: 16px;\">Eine Bl\u00fctezeit erlebte das Schloss 1667 bis 1668 unter dem j\u00fcngsten Sohn des Herzogs, Ferdinand Albrecht I, dem es als Abfindung zugewiesen wurde. Die hierdurch entstandene herzogliche Nebenlinie Braunschweig-Bevern regierte ab 1734 das Herzogtum Braunschweig.<\/span><\/p>\n<p><span style=\"font-family: garamond-lt-regular; font-size: 16px;\">Im weiteren Verlauf der Schlossgeschichte wird die Nutzung immer profaner.<\/span><\/p>\n<\/div>\n<\/div><\/div><\/div><\/div><div id=\"pg-159-1\"  class=\"panel-grid panel-no-style\" ><div id=\"pgc-159-1-0\"  class=\"panel-grid-cell\" ><div id=\"panel-159-1-0-0\" class=\"so-panel widget widget_sow-editor panel-first-child panel-last-child\" data-index=\"2\" ><div\n\t\t\t\n\t\t\tclass=\"so-widget-sow-editor so-widget-sow-editor-base\"\n\t\t\t\n\t\t>\n<div class=\"siteorigin-widget-tinymce textwidget\">\n\t<p><span style=\"font-family: garamond-lt-regular; font-size: 16px;\">Die Architektur der Weserrenaissance ist eine Besonderheit der Weserregion zur Zeit der sp\u00e4ten deutschen Renaissance zwischen Reformation und 30-j\u00e4hrigem Krieg.<\/span><br \/>\n<span style=\"font-family: garamond-lt-regular; font-size: 16px;\">Beeinflusst von der oberitalienischen Sp\u00e4tgotik sowie dem niederl\u00e4ndischen Fr\u00fchbarock weisen die Bauformen der Weserrenaissance typische Detailformen auf, wie Ausluchten (ndt. Utlucht, erkerartige Vorbauten), welsche Giebel (verzierte Schweifgiebel), achteckige Treppent\u00fcrme und Kerbschnitt-Bossenquader (Sandstein-Schmuckquader).<\/span><br \/>\n<span style=\"font-family: garamond-lt-regular; font-size: 16px;\">Das Besondere der Schlossanlage Bevern besteht zum einen darin, dass hier erstmalig das Kerbschnittmuster als Verzierung des Innenhof-Fachwerks auf das Holz zur\u00fcckkehrt und zum anderen in der selten klaren architektonischen Gesamtkonzeption.<\/span><\/p>\n<p><span style=\"font-family: garamond-lt-regular; font-size: 16px;\">Der Begriff \u201eWeserrenaissance\u201c wurde 1912 von dem Kunsthistoriker Richard Klapheck definiert. Er umschreibt eine eigenst\u00e4ndige regionale Architektur zu beiden Seiten der Weser, die zwischen 1520 und 1620 entstand.<\/span><\/p>\n<p><span style=\"font-family: garamond-lt-regular; font-size: 16px;\">Das Weserbergland ist eine der bedeutendsten Architekturlandschaften der Renaissance in Europa!<\/span><br \/>\n<span style=\"font-family: garamond-lt-regular; font-size: 16px;\">Die Architektur der Weserrenaissance ist eine Besonderheit der Weserregion zur Zeit der sp\u00e4ten deutschen Renaissance zwischen Reformation und 30-j\u00e4hrigem Krieg.<\/span><\/p>\n<\/div>\n<\/div><\/div><\/div><div id=\"pgc-159-1-1\"  class=\"panel-grid-cell\" ><div id=\"panel-159-1-1-0\" class=\"so-panel widget widget_sow-image panel-first-child panel-last-child\" data-index=\"3\" ><div\n\t\t\t\n\t\t\tclass=\"so-widget-sow-image so-widget-sow-image-default-8b5b6f678277-159\"\n\t\t\t\n\t\t>\n<div class=\"sow-image-container\">\n\t\t<img loading=\"lazy\" decoding=\"async\" src=\"https:\/\/schloss-bevern.de\/wp-content\/uploads\/Bevern_Schloss_150726_DSC8044-scaled.jpg\" width=\"1703\" height=\"2560\" srcset=\"https:\/\/schloss-bevern.de\/wp-content\/uploads\/Bevern_Schloss_150726_DSC8044-scaled.jpg 1703w, https:\/\/schloss-bevern.de\/wp-content\/uploads\/Bevern_Schloss_150726_DSC8044-200x300.jpg 200w, https:\/\/schloss-bevern.de\/wp-content\/uploads\/Bevern_Schloss_150726_DSC8044-681x1024.jpg 681w, https:\/\/schloss-bevern.de\/wp-content\/uploads\/Bevern_Schloss_150726_DSC8044-100x150.jpg 100w, https:\/\/schloss-bevern.de\/wp-content\/uploads\/Bevern_Schloss_150726_DSC8044-768x1154.jpg 768w, https:\/\/schloss-bevern.de\/wp-content\/uploads\/Bevern_Schloss_150726_DSC8044-1022x1536.jpg 1022w, https:\/\/schloss-bevern.de\/wp-content\/uploads\/Bevern_Schloss_150726_DSC8044-1363x2048.jpg 1363w\" sizes=\"auto, (max-width: 1703px) 100vw, 1703px\" title=\"Bevern_Schloss_150726_DSC8044\" alt=\"\" \t\tclass=\"so-widget-image\"\/>\n\t<\/div>\n\n<\/div><\/div><\/div><\/div><\/div>","protected":false},"excerpt":{"rendered":"<p>Das Weserrenaissance Schloss Bevern geh\u00f6rt zu den bedeutendsten Baudenkm\u00e4hlern der Weserrenaissance. Es wurde in den Jahren 1603 &#8211; 1612 nach wesentlichen Vorgaben des Bauherrn, Statius von M\u00fcnchhausen, als regelm\u00e4\u00dfige Vierfl\u00fcgelanlage um einen quadratischen Innenhof mit Wassergraben, zwei Br\u00fccken und einem Schlossgarten errichtet. Seitdem hat das Schloss ein wechselhaftes Schicksal erfahren. Trotz 20 Kindern aus zwei [&hellip;]<\/p>\n","protected":false},"author":1,"featured_media":0,"parent":167,"menu_order":1,"comment_status":"closed","ping_status":"closed","template":"","meta":{"footnotes":""},"class_list":["post-159","page","type-page","status-publish","hentry","post"],"_links":{"self":[{"href":"https:\/\/schloss-bevern.de\/index.php?rest_route=\/wp\/v2\/pages\/159","targetHints":{"allow":["GET"]}}],"collection":[{"href":"https:\/\/schloss-bevern.de\/index.php?rest_route=\/wp\/v2\/pages"}],"about":[{"href":"https:\/\/schloss-bevern.de\/index.php?rest_route=\/wp\/v2\/types\/page"}],"author":[{"embeddable":true,"href":"https:\/\/schloss-bevern.de\/index.php?rest_route=\/wp\/v2\/users\/1"}],"replies":[{"embeddable":true,"href":"https:\/\/schloss-bevern.de\/index.php?rest_route=%2Fwp%2Fv2%2Fcomments&post=159"}],"version-history":[{"count":13,"href":"https:\/\/schloss-bevern.de\/index.php?rest_route=\/wp\/v2\/pages\/159\/revisions"}],"predecessor-version":[{"id":1529,"href":"https:\/\/schloss-bevern.de\/index.php?rest_route=\/wp\/v2\/pages\/159\/revisions\/1529"}],"up":[{"embeddable":true,"href":"https:\/\/schloss-bevern.de\/index.php?rest_route=\/wp\/v2\/pages\/167"}],"wp:attachment":[{"href":"https:\/\/schloss-bevern.de\/index.php?rest_route=%2Fwp%2Fv2%2Fmedia&parent=159"}],"curies":[{"name":"wp","href":"https:\/\/api.w.org\/{rel}","templated":true}]}}

<div id="pl-159"  class="panel-layout" ><div id="pg-159-0"  class="panel-grid panel-no-style" ><div id="pgc-159-0-0"  class="panel-grid-cell" ><div id="panel-159-0-0-0" class="so-panel widget widget_sow-image panel-first-child panel-last-child" data-index="0" ><div
			
			class="so-widget-sow-image so-widget-sow-image-default-8b5b6f678277-159"
			
		>
<div class="sow-image-container">
		<img loading="lazy" decoding="async" src="https://schloss-bevern.de/wp-content/uploads/Bauhistorische_Fuehrungen_1-scaled.jpg" width="1703" height="2560" srcset="https://schloss-bevern.de/wp-content/uploads/Bauhistorische_Fuehrungen_1-scaled.jpg 1703w, https://schloss-bevern.de/wp-content/uploads/Bauhistorische_Fuehrungen_1-200x300.jpg 200w, https://schloss-bevern.de/wp-content/uploads/Bauhistorische_Fuehrungen_1-681x1024.jpg 681w, https://schloss-bevern.de/wp-content/uploads/Bauhistorische_Fuehrungen_1-100x150.jpg 100w, https://schloss-bevern.de/wp-content/uploads/Bauhistorische_Fuehrungen_1-768x1154.jpg 768w, https://schloss-bevern.de/wp-content/uploads/Bauhistorische_Fuehrungen_1-1022x1536.jpg 1022w, https://schloss-bevern.de/wp-content/uploads/Bauhistorische_Fuehrungen_1-1363x2048.jpg 1363w" sizes="auto, (max-width: 1703px) 100vw, 1703px" title="Bauhistorische_Fuehrungen_1" alt="" 		class="so-widget-image"/>
	</div>

</div></div></div><div id="pgc-159-0-1"  class="panel-grid-cell" ><div id="panel-159-0-1-0" class="so-panel widget widget_sow-editor panel-first-child panel-last-child" data-index="1" ><div
			
			class="so-widget-sow-editor so-widget-sow-editor-base"
			
		>
<div class="siteorigin-widget-tinymce textwidget">
	<p><span style="font-family: garamond-lt-regular; font-size: 16px;">Das Weserrenaissance Schloss Bevern gehört zu den bedeutendsten Baudenkmählern der Weserrenaissance.</span></p>
<p><span style="font-family: garamond-lt-regular; font-size: 16px;">Es wurde in den Jahren 1603 - 1612 nach wesentlichen Vorgaben des Bauherrn, Statius von Münchhausen, als regelmäßige Vierflügelanlage um einen quadratischen Innenhof mit Wassergraben, zwei Brücken und einem Schlossgarten errichtet.</span><br />
<span style="font-family: garamond-lt-regular; font-size: 16px;">Seitdem hat das Schloss ein wechselhaftes Schicksal erfahren. Trotz 20 Kindern aus zwei Ehen starb die Münchhausenlinie des Statius 1676 aus. Bereits 1652 hatte die Witwe den adeligen Besitz Bevern dem Herzog August d.J. zu Braunschweig und Lüneburg, dem Begründer der berühmten Bibliothek in Wolfenbüttel, überlassen, der ihn zum herzoglichen Jagdschloss umbaute.</span></p>
<p><span style="font-family: garamond-lt-regular; font-size: 16px;">Eine Blütezeit erlebte das Schloss 1667 bis 1668 unter dem jüngsten Sohn des Herzogs, Ferdinand Albrecht I, dem es als Abfindung zugewiesen wurde. Die hierdurch entstandene herzogliche Nebenlinie Braunschweig-Bevern regierte ab 1734 das Herzogtum Braunschweig.</span></p>
<p><span style="font-family: garamond-lt-regular; font-size: 16px;">Im weiteren Verlauf der Schlossgeschichte wird die Nutzung immer profaner.</span></p>
</div>
</div></div></div></div><div id="pg-159-1"  class="panel-grid panel-no-style" ><div id="pgc-159-1-0"  class="panel-grid-cell" ><div id="panel-159-1-0-0" class="so-panel widget widget_sow-editor panel-first-child panel-last-child" data-index="2" ><div
			
			class="so-widget-sow-editor so-widget-sow-editor-base"
			
		>
<div class="siteorigin-widget-tinymce textwidget">
	<p><span style="font-family: garamond-lt-regular; font-size: 16px;">Die Architektur der Weserrenaissance ist eine Besonderheit der Weserregion zur Zeit der späten deutschen Renaissance zwischen Reformation und 30-jährigem Krieg.</span><br />
<span style="font-family: garamond-lt-regular; font-size: 16px;">Beeinflusst von der oberitalienischen Spätgotik sowie dem niederländischen Frühbarock weisen die Bauformen der Weserrenaissance typische Detailformen auf, wie Ausluchten (ndt. Utlucht, erkerartige Vorbauten), welsche Giebel (verzierte Schweifgiebel), achteckige Treppentürme und Kerbschnitt-Bossenquader (Sandstein-Schmuckquader).</span><br />
<span style="font-family: garamond-lt-regular; font-size: 16px;">Das Besondere der Schlossanlage Bevern besteht zum einen darin, dass hier erstmalig das Kerbschnittmuster als Verzierung des Innenhof-Fachwerks auf das Holz zurückkehrt und zum anderen in der selten klaren architektonischen Gesamtkonzeption.</span></p>
<p><span style="font-family: garamond-lt-regular; font-size: 16px;">Der Begriff „Weserrenaissance“ wurde 1912 von dem Kunsthistoriker Richard Klapheck definiert. Er umschreibt eine eigenständige regionale Architektur zu beiden Seiten der Weser, die zwischen 1520 und 1620 entstand.</span></p>
<p><span style="font-family: garamond-lt-regular; font-size: 16px;">Das Weserbergland ist eine der bedeutendsten Architekturlandschaften der Renaissance in Europa!</span><br />
<span style="font-family: garamond-lt-regular; font-size: 16px;">Die Architektur der Weserrenaissance ist eine Besonderheit der Weserregion zur Zeit der späten deutschen Renaissance zwischen Reformation und 30-jährigem Krieg.</span></p>
</div>
</div></div></div><div id="pgc-159-1-1"  class="panel-grid-cell" ><div id="panel-159-1-1-0" class="so-panel widget widget_sow-image panel-first-child panel-last-child" data-index="3" ><div
			
			class="so-widget-sow-image so-widget-sow-image-default-8b5b6f678277-159"
			
		>
<div class="sow-image-container">
		<img loading="lazy" decoding="async" src="https://schloss-bevern.de/wp-content/uploads/Bevern_Schloss_150726_DSC8044-scaled.jpg" width="1703" height="2560" srcset="https://schloss-bevern.de/wp-content/uploads/Bevern_Schloss_150726_DSC8044-scaled.jpg 1703w, https://schloss-bevern.de/wp-content/uploads/Bevern_Schloss_150726_DSC8044-200x300.jpg 200w, https://schloss-bevern.de/wp-content/uploads/Bevern_Schloss_150726_DSC8044-681x1024.jpg 681w, https://schloss-bevern.de/wp-content/uploads/Bevern_Schloss_150726_DSC8044-100x150.jpg 100w, https://schloss-bevern.de/wp-content/uploads/Bevern_Schloss_150726_DSC8044-768x1154.jpg 768w, https://schloss-bevern.de/wp-content/uploads/Bevern_Schloss_150726_DSC8044-1022x1536.jpg 1022w, https://schloss-bevern.de/wp-content/uploads/Bevern_Schloss_150726_DSC8044-1363x2048.jpg 1363w" sizes="auto, (max-width: 1703px) 100vw, 1703px" title="Bevern_Schloss_150726_DSC8044" alt="" 		class="so-widget-image"/>
	</div>

</div></div></div></div></div>

<p>Das Weserrenaissance Schloss Bevern gehört zu den bedeutendsten Baudenkmählern der Weserrenaissance. Es wurde in den Jahren 1603 &#8211; 1612 nach wesentlichen Vorgaben des Bauherrn, Statius von Münchhausen, als regelmäßige Vierflügelanlage um einen quadratischen Innenhof mit Wassergraben, zwei Brücken und einem Schlossgarten errichtet. Seitdem hat das Schloss ein wechselhaftes Schicksal erfahren. Trotz 20 Kindern aus zwei [&hellip;]</p>
