{"id":167,"date":"2025-03-25T13:48:42","date_gmt":"2025-03-25T12:48:42","guid":{"rendered":"https:\/\/schloss-bevern.de\/wp\/?page_id=167"},"modified":"2025-12-11T11:53:58","modified_gmt":"2025-12-11T10:53:58","slug":"schloss-bevern","status":"publish","type":"page","link":"https:\/\/schloss-bevern.de\/","title":{"rendered":"Schloss Bevern"},"content":{"rendered":"<div id=\"pl-167\"  class=\"panel-layout\" ><div id=\"pg-167-0\"  class=\"panel-grid panel-no-style\" ><div id=\"pgc-167-0-0\"  class=\"panel-grid-cell\" ><div id=\"panel-167-0-0-0\" class=\"so-panel widget widget_circleicon-widget panel-first-child panel-last-child\" data-index=\"0\" >\t\t<div class=\"circle-icon-box circle-icon-position-top circle-icon-hide-box circle-icon-size-small \">\n\t\t\t\t\t\t\t<div class=\"circle-icon-wrapper\">\n\t\t\t\t\t\t\t\t\t\t<div class=\"circle-icon icon-style-set\" style=\"background-color: #9d113b\">\n\t\t\t\t\t\t\t\t\t\t\t\t\t<div class=\"fa fa-university\" style=\"color: #ffffff\"><\/div>\n\t\t\t\t\t\t\t\t\t\t\t<\/div>\n\t\t\t\t\t\t\t\t\t<\/div>\n\t\t\t\n\t\t\t\t\t\t\t\t\t\t<h4 style=\"color: #9d113b\">\n\t\t\t\t\tGeschichte\t\t\t\t<\/h4>\n\t\t\t\t\t\t\n\t\t\t\t\t\t\t<p class=\"text\" style=\"color: #020202\">Als eines der repr\u00e4sentativsten Geb\u00e4ude der Renaissance zeigt sich das Schloss Bevern im Weserraum. Es wurde in den Jahren 1603 \u2013 1612 nach wesentlichen Vorgaben des Bauherrn, Statius von M\u00fcnchhausen, als regelm\u00e4\u00dfige Vierfl\u00fcgelanlage um einen quadratischen Innenhof mit Wassergraben, zwei Br\u00fccken und einem Schlossgarten errichtet.<\/p>\n\t\t\t\t\t\t\t\t\t\t<a\n\t\t\t\t\thref=\"https:\/\/schloss-bevern.de\/?page_id=159\"\n\t\t\t\t\tclass=\"more-button\"\n\t\t\t\t\t\t\t\t\t\tstyle=\"color: #020202\"\t\t\t\t>\n\t\t\t\t\tLies mehr! <i><\/i>\n\t\t\t\t<\/a>\n\t\t\t\t\t<\/div>\n\t\t<\/div><\/div><div id=\"pgc-167-0-1\"  class=\"panel-grid-cell\" ><div id=\"panel-167-0-1-0\" class=\"so-panel widget widget_circleicon-widget panel-first-child panel-last-child\" data-index=\"1\" >\t\t<div class=\"circle-icon-box circle-icon-position-top circle-icon-hide-box circle-icon-size-small \">\n\t\t\t\t\t\t\t<div class=\"circle-icon-wrapper\">\n\t\t\t\t\t\t\t\t\t\t<div class=\"circle-icon icon-style-set\" style=\"background-color: #9d113b\">\n\t\t\t\t\t\t\t\t\t\t\t\t\t<div class=\"fa fa-newspaper-o\" style=\"color: #ffffff\"><\/div>\n\t\t\t\t\t\t\t\t\t\t\t<\/div>\n\t\t\t\t\t\t\t\t\t<\/div>\n\t\t\t\n\t\t\t\t\t\t\t\t\t\t<h4 style=\"color: #9d113b\">\n\t\t\t\t\tAktuelles\t\t\t\t<\/h4>\n\t\t\t\t\t\t\n\t\t\t\t\t\t\t<p class=\"text\" style=\"color: #020202\">Neuigkeiten rund um Schloss und Kultur<\/p>\n\t\t\t\t\t\t\t\t\t\t<a\n\t\t\t\t\thref=\"https:\/\/schloss-bevern.de\/?page_id=46\"\n\t\t\t\t\tclass=\"more-button\"\n\t\t\t\t\t\t\t\t\t\tstyle=\"color: #020202\"\t\t\t\t>\n\t\t\t\t\tLies mehr! <i><\/i>\n\t\t\t\t<\/a>\n\t\t\t\t\t<\/div>\n\t\t<\/div><\/div><div id=\"pgc-167-0-2\"  class=\"panel-grid-cell\" ><div id=\"panel-167-0-2-0\" class=\"so-panel widget widget_circleicon-widget panel-first-child panel-last-child\" data-index=\"2\" >\t\t<div class=\"circle-icon-box circle-icon-position-top circle-icon-hide-box circle-icon-size-small \">\n\t\t\t\t\t\t\t<div class=\"circle-icon-wrapper\">\n\t\t\t\t\t\t\t\t\t\t<div class=\"circle-icon icon-style-set\" style=\"background-color: #9d113b\">\n\t\t\t\t\t\t\t\t\t\t\t\t\t<div class=\"fa fa-music\" style=\"color: #ffffff\"><\/div>\n\t\t\t\t\t\t\t\t\t\t\t<\/div>\n\t\t\t\t\t\t\t\t\t<\/div>\n\t\t\t\n\t\t\t\t\t\t\t\t\t\t<h4 style=\"color: #9d113b\">\n\t\t\t\t\tVeranstaltungen\t\t\t\t<\/h4>\n\t\t\t\t\t\t\n\t\t\t\t\t\t\t<p class=\"text\" style=\"color: #000000\">Termine f\u00fcr Konzerte, Theater und mehr sind hier zu finden. <\/p>\n\t\t\t\t\t\t\t\t\t\t<a\n\t\t\t\t\thref=\"https:\/\/schloss-bevern.de\/?page_id=688\"\n\t\t\t\t\tclass=\"more-button\"\n\t\t\t\t\ttarget=\"_blank\"\t\t\t\t\tstyle=\"color: #000000\"\t\t\t\t>\n\t\t\t\t\tLies mehr! <i><\/i>\n\t\t\t\t<\/a>\n\t\t\t\t\t<\/div>\n\t\t<\/div><\/div><\/div><div id=\"pg-167-1\"  class=\"panel-grid panel-has-style\" ><div class=\"wide-grey panel-row-style panel-row-style-for-167-1\" ><div id=\"pgc-167-1-0\"  class=\"panel-grid-cell\" ><div id=\"panel-167-1-0-0\" class=\"so-panel widget widget_sow-image panel-first-child\" data-index=\"3\" ><div\n\t\t\t\n\t\t\tclass=\"so-widget-sow-image so-widget-sow-image-default-c67d20f9f743-167\"\n\t\t\t\n\t\t><\/div><\/div><div id=\"panel-167-1-0-1\" class=\"so-panel widget widget_sow-editor panel-last-child\" data-index=\"4\" ><div\n\t\t\t\n\t\t\tclass=\"so-widget-sow-editor so-widget-sow-editor-base\"\n\t\t\t\n\t\t>\n<div class=\"siteorigin-widget-tinymce textwidget\">\n\t<h1 style=\"text-align: center;\"><span style=\"color: #9d113b; font-family: garamond-lt-regular;\"><span style=\"font-size: 48px;\">Unsere Partner<\/span><\/span><\/h1>\n<p>&nbsp;<\/p>\n<p>&nbsp;<\/p>\n<\/div>\n<\/div><\/div><\/div><\/div><\/div><div id=\"pg-167-2\"  class=\"panel-grid panel-no-style\" ><div id=\"pgc-167-2-0\"  class=\"panel-grid-cell\" ><div id=\"panel-167-2-0-0\" class=\"so-panel widget widget_sow-image panel-first-child panel-last-child\" data-index=\"5\" ><div\n\t\t\t\n\t\t\tclass=\"so-widget-sow-image so-widget-sow-image-default-8b5b6f678277-167\"\n\t\t\t\n\t\t>\n<div class=\"sow-image-container\">\n\t\t\t<a href=\"http:\/\/www.sieben-schloesser.de\/\"\n\t\t\ttarget=\"_blank\" rel=\"noopener noreferrer\" \t\t>\n\t\t\t<img loading=\"lazy\" decoding=\"async\" src=\"https:\/\/schloss-bevern.de\/wp-content\/uploads\/Sieben-Schloesser-Logo.png\" width=\"697\" height=\"365\" srcset=\"https:\/\/schloss-bevern.de\/wp-content\/uploads\/Sieben-Schloesser-Logo.png 697w, https:\/\/schloss-bevern.de\/wp-content\/uploads\/Sieben-Schloesser-Logo-300x157.png 300w, https:\/\/schloss-bevern.de\/wp-content\/uploads\/Sieben-Schloesser-Logo-150x79.png 150w\" sizes=\"auto, (max-width: 697px) 100vw, 697px\" title=\"Sieben Schl\u00f6sser Logo\" alt=\"\" \t\tclass=\"so-widget-image\"\/>\n\t<\/a><\/div>\n\n<\/div><\/div><\/div><div id=\"pgc-167-2-1\"  class=\"panel-grid-cell\" ><div id=\"panel-167-2-1-0\" class=\"so-panel widget widget_sow-image panel-first-child\" data-index=\"6\" ><div\n\t\t\t\n\t\t\tclass=\"so-widget-sow-image so-widget-sow-image-default-8b5b6f678277-167\"\n\t\t\t\n\t\t>\n<div class=\"sow-image-container\">\n\t\t\t<a href=\"http:\/\/www.solling-vogler-region.de\/\"\n\t\t\ttarget=\"_blank\" rel=\"noopener noreferrer\" \t\t>\n\t\t\t<img loading=\"lazy\" decoding=\"async\" src=\"https:\/\/schloss-bevern.de\/wp-content\/uploads\/SVR_Logo4c-scaled.jpg\" width=\"2560\" height=\"1275\" srcset=\"https:\/\/schloss-bevern.de\/wp-content\/uploads\/SVR_Logo4c-scaled.jpg 2560w, https:\/\/schloss-bevern.de\/wp-content\/uploads\/SVR_Logo4c-300x149.jpg 300w, https:\/\/schloss-bevern.de\/wp-content\/uploads\/SVR_Logo4c-1024x510.jpg 1024w, https:\/\/schloss-bevern.de\/wp-content\/uploads\/SVR_Logo4c-150x75.jpg 150w, https:\/\/schloss-bevern.de\/wp-content\/uploads\/SVR_Logo4c-768x383.jpg 768w, https:\/\/schloss-bevern.de\/wp-content\/uploads\/SVR_Logo4c-1536x765.jpg 1536w, https:\/\/schloss-bevern.de\/wp-content\/uploads\/SVR_Logo4c-2048x1020.jpg 2048w\" sizes=\"auto, (max-width: 2560px) 100vw, 2560px\" title=\"SVR_Logo4c\" alt=\"\" \t\tclass=\"so-widget-image\"\/>\n\t<\/a><\/div>\n\n<\/div><\/div><div id=\"panel-167-2-1-1\" class=\"so-panel widget widget_sow-image panel-last-child\" data-index=\"7\" ><div\n\t\t\t\n\t\t\tclass=\"so-widget-sow-image so-widget-sow-image-default-6ec9e3772f75-167\"\n\t\t\t\n\t\t>\n<div class=\"sow-image-container\">\n\t\t\t<a href=\"https:\/\/schloss-bevern.de\/wp-content\/uploads\/PM_Eine_Nacht_wie_keine_andere_18.pdf\"\n\t\t\ttarget=\"_blank\" rel=\"noopener noreferrer\" \t\t>\n\t\t\t<img loading=\"lazy\" decoding=\"async\" src=\"https:\/\/schloss-bevern.de\/wp-content\/uploads\/Titel_Eine_Nacht_wie_keine_andere_web.jpg\" width=\"200\" height=\"284\" srcset=\"https:\/\/schloss-bevern.de\/wp-content\/uploads\/Titel_Eine_Nacht_wie_keine_andere_web.jpg 200w, https:\/\/schloss-bevern.de\/wp-content\/uploads\/Titel_Eine_Nacht_wie_keine_andere_web-106x150.jpg 106w\" sizes=\"auto, (max-width: 200px) 100vw, 200px\" alt=\"\" \t\tclass=\"so-widget-image\"\/>\n\t<\/a><\/div>\n\n<\/div><\/div><\/div><div id=\"pgc-167-2-2\"  class=\"panel-grid-cell\" ><div id=\"panel-167-2-2-0\" class=\"so-panel widget widget_sow-image panel-first-child\" data-index=\"8\" ><div\n\t\t\t\n\t\t\tclass=\"so-widget-sow-image so-widget-sow-image-default-8b5b6f678277-167\"\n\t\t\t\n\t\t>\n<div class=\"sow-image-container\">\n\t\t\t<a href=\"https:\/\/www.freundeskreis-schloss-bevern.de\/\"\n\t\t\ttarget=\"_blank\" rel=\"noopener noreferrer\" \t\t>\n\t\t\t<img loading=\"lazy\" decoding=\"async\" src=\"https:\/\/schloss-bevern.de\/wp-content\/uploads\/Freundeskreis-scaled.jpg\" width=\"2560\" height=\"964\" srcset=\"https:\/\/schloss-bevern.de\/wp-content\/uploads\/Freundeskreis-scaled.jpg 2560w, https:\/\/schloss-bevern.de\/wp-content\/uploads\/Freundeskreis-300x113.jpg 300w, https:\/\/schloss-bevern.de\/wp-content\/uploads\/Freundeskreis-1024x386.jpg 1024w, https:\/\/schloss-bevern.de\/wp-content\/uploads\/Freundeskreis-150x57.jpg 150w, https:\/\/schloss-bevern.de\/wp-content\/uploads\/Freundeskreis-768x289.jpg 768w, https:\/\/schloss-bevern.de\/wp-content\/uploads\/Freundeskreis-1536x579.jpg 1536w, https:\/\/schloss-bevern.de\/wp-content\/uploads\/Freundeskreis-2048x771.jpg 2048w\" sizes=\"auto, (max-width: 2560px) 100vw, 2560px\" title=\"Freundeskreis\" alt=\"\" \t\tclass=\"so-widget-image\"\/>\n\t<\/a><\/div>\n\n<\/div><\/div><div id=\"panel-167-2-2-1\" class=\"so-panel widget widget_sow-image panel-last-child\" data-index=\"9\" ><div\n\t\t\t\n\t\t\tclass=\"so-widget-sow-image so-widget-sow-image-default-8b5b6f678277-167\"\n\t\t\t\n\t\t>\n<div class=\"sow-image-container\">\n\t\t\t<a href=\"https:\/\/schloss-bevern.de\/?page_id=237\"\n\t\t\ttarget=\"_blank\" rel=\"noopener noreferrer\" \t\t>\n\t\t\t<img loading=\"lazy\" decoding=\"async\" src=\"https:\/\/schloss-bevern.de\/wp-content\/uploads\/frauenratNDS.jpg\" width=\"350\" height=\"97\" srcset=\"https:\/\/schloss-bevern.de\/wp-content\/uploads\/frauenratNDS.jpg 350w, https:\/\/schloss-bevern.de\/wp-content\/uploads\/frauenratNDS-300x83.jpg 300w, https:\/\/schloss-bevern.de\/wp-content\/uploads\/frauenratNDS-150x42.jpg 150w\" sizes=\"auto, (max-width: 350px) 100vw, 350px\" alt=\"\" \t\tclass=\"so-widget-image\"\/>\n\t<\/a><\/div>\n\n<\/div><\/div><\/div><div id=\"pgc-167-2-3\"  class=\"panel-grid-cell\" ><div id=\"panel-167-2-3-0\" class=\"so-panel widget widget_sow-image panel-first-child panel-last-child\" data-index=\"10\" ><div\n\t\t\t\n\t\t\tclass=\"so-widget-sow-image so-widget-sow-image-default-8b5b6f678277-167\"\n\t\t\t\n\t\t>\n<div class=\"sow-image-container\">\n\t\t\t<a href=\"https:\/\/schloss-bevern.de\/?page_id=790\"\n\t\t\ttarget=\"_blank\" rel=\"noopener noreferrer\" \t\t>\n\t\t\t<img loading=\"lazy\" decoding=\"async\" src=\"https:\/\/schloss-bevern.de\/wp-content\/uploads\/HistWeserbergland-Siegel-Web-RZ-RGB.png\" width=\"1000\" height=\"1577\" srcset=\"https:\/\/schloss-bevern.de\/wp-content\/uploads\/HistWeserbergland-Siegel-Web-RZ-RGB.png 1000w, https:\/\/schloss-bevern.de\/wp-content\/uploads\/HistWeserbergland-Siegel-Web-RZ-RGB-190x300.png 190w, https:\/\/schloss-bevern.de\/wp-content\/uploads\/HistWeserbergland-Siegel-Web-RZ-RGB-649x1024.png 649w, https:\/\/schloss-bevern.de\/wp-content\/uploads\/HistWeserbergland-Siegel-Web-RZ-RGB-95x150.png 95w, https:\/\/schloss-bevern.de\/wp-content\/uploads\/HistWeserbergland-Siegel-Web-RZ-RGB-768x1211.png 768w, https:\/\/schloss-bevern.de\/wp-content\/uploads\/HistWeserbergland-Siegel-Web-RZ-RGB-974x1536.png 974w\" sizes=\"auto, (max-width: 1000px) 100vw, 1000px\" alt=\"\" \t\tclass=\"so-widget-image\"\/>\n\t<\/a><\/div>\n\n<\/div><\/div><\/div><\/div><\/div>","protected":false},"excerpt":{"rendered":"<p>Unsere Partner &nbsp; &nbsp;<\/p>\n","protected":false},"author":1,"featured_media":0,"parent":0,"menu_order":0,"comment_status":"closed","ping_status":"closed","template":"","meta":{"footnotes":""},"class_list":["post-167","page","type-page","status-publish","hentry","post"],"_links":{"self":[{"href":"https:\/\/schloss-bevern.de\/index.php?rest_route=\/wp\/v2\/pages\/167","targetHints":{"allow":["GET"]}}],"collection":[{"href":"https:\/\/schloss-bevern.de\/index.php?rest_route=\/wp\/v2\/pages"}],"about":[{"href":"https:\/\/schloss-bevern.de\/index.php?rest_route=\/wp\/v2\/types\/page"}],"author":[{"embeddable":true,"href":"https:\/\/schloss-bevern.de\/index.php?rest_route=\/wp\/v2\/users\/1"}],"replies":[{"embeddable":true,"href":"https:\/\/schloss-bevern.de\/index.php?rest_route=%2Fwp%2Fv2%2Fcomments&post=167"}],"version-history":[{"count":53,"href":"https:\/\/schloss-bevern.de\/index.php?rest_route=\/wp\/v2\/pages\/167\/revisions"}],"predecessor-version":[{"id":1165,"href":"https:\/\/schloss-bevern.de\/index.php?rest_route=\/wp\/v2\/pages\/167\/revisions\/1165"}],"wp:attachment":[{"href":"https:\/\/schloss-bevern.de\/index.php?rest_route=%2Fwp%2Fv2%2Fmedia&parent=167"}],"curies":[{"name":"wp","href":"https:\/\/api.w.org\/{rel}","templated":true}]}}