{"id":220,"date":"2025-03-26T09:23:11","date_gmt":"2025-03-26T08:23:11","guid":{"rendered":"https:\/\/schloss-bevern.de\/wp\/?page_id=220"},"modified":"2026-01-15T10:49:55","modified_gmt":"2026-01-15T09:49:55","slug":"bibliothek-2","status":"publish","type":"page","link":"https:\/\/schloss-bevern.de\/?page_id=220","title":{"rendered":"Bibliotheken"},"content":{"rendered":"<div id=\"pl-220\"  class=\"panel-layout\" ><div id=\"pg-220-0\"  class=\"panel-grid panel-no-style\" ><div id=\"pgc-220-0-0\"  class=\"panel-grid-cell\" ><div id=\"panel-220-0-0-0\" class=\"so-panel widget widget_sow-editor panel-first-child panel-last-child\" data-index=\"0\" ><div\n\t\t\t\n\t\t\tclass=\"so-widget-sow-editor so-widget-sow-editor-base\"\n\t\t\t\n\t\t><h3 class=\"widget-title\">Historische Bibliotheken<\/h3>\n<div class=\"siteorigin-widget-tinymce textwidget\">\n\t<h3><span style=\"color: #9d113b; font-size: 18px; font-family: garamond-lt-regular;\"><strong>Historische Bibliothek des Ritterguts Deensen: Faksimiles mittelalterlicher Handschriften<\/strong><\/span><\/h3>\n<div><span style=\"font-size: 13pt;\"><img loading=\"lazy\" decoding=\"async\" class=\"size-medium wp-image-323 alignleft\" src=\"https:\/\/schloss-bevern.de\/wp\/wp-content\/uploads\/faskimiles-200x300.jpg\" alt=\"\" width=\"200\" height=\"300\" srcset=\"https:\/\/schloss-bevern.de\/wp-content\/uploads\/faskimiles-200x300.jpg 200w, https:\/\/schloss-bevern.de\/wp-content\/uploads\/faskimiles-100x150.jpg 100w, https:\/\/schloss-bevern.de\/wp-content\/uploads\/faskimiles.jpg 300w\" sizes=\"auto, (max-width: 200px) 100vw, 200px\" \/><span style=\"font-family: garamond-lt-regular; font-size: 16px;\">Die Gutsbibliothek im Blauen Saal wurde dem Weserrenaissance Schloss Bevern von der Familie\u00a0von Campe, in deren Besitz sich das Rittergut Deensen bis 1970 befand, zu Teilen geschenkt und zu\u00a0Teilen als Leihgabe \u00fcberlassen. Wie nicht anders zu erwarten befassen sich viele Titel mit Fragen der Rechtsprechung\u00a0 sowie der Forst-und Landwirtschaft. Aber auch literarische und historische Themen sind\u00a0reichlich vertreten, sogar Handschriften.\u00a0\u00a0Herausragende St\u00fccke sind z.B. eine Fassung des <em>Sachsenspiegels <\/em>von 1561 sowie fr\u00fche Drucke der <em>Sachsengeschichte <\/em>des Widukind von Corvey (1532) und der <em>Geschichte der D\u00e4nen <\/em>des Saxo Grammaticus (1534).<\/span><\/span><\/div>\n<div><\/div>\n<div><span style=\"font-size: 16px; font-family: garamond-lt-regular;\">Einen besonderen Rang nehmen einige \u00a0\u00fcberaus pr\u00e4chtige Faksimile (originalgetreue Wiedergaben) von mittelalterlichen Handschriften ein, darunter ein aufw\u00e4ndiges Faksimile des <em>Evangeliars Heinrich des L\u00f6wen<\/em>. Dieses ber\u00fchmte Evangeliar entstand wahrscheinlich um 1188 im Kloster Helwartshausen nahe Karlshafen und gilt als herausragendes Meisterwerk der romanischen Buchmalerei in Norddeutschland.<\/span><\/div>\n<div><\/div>\n<div><\/div>\n<div><\/div>\n<div><\/div>\n<div><\/div>\n<div><\/div>\n<h3><\/h3>\n<p>&nbsp;<\/p>\n<div>\n<h3 class=\"marker-blue\"><span style=\"color: #9d113b; font-size: 18px; font-family: garamond-lt-regular;\"><strong>Historische\u00a0Bibliothek\u00a0\u00a0des Campe-Gymnasiums Holzminden<\/strong><\/span><\/h3>\n<p><span style=\"font-size: 13pt;\"><img loading=\"lazy\" decoding=\"async\" class=\"size-medium wp-image-324 alignleft\" src=\"https:\/\/schloss-bevern.de\/wp\/wp-content\/uploads\/Hist._bibliothek_Vitrine-270x300.png\" alt=\"\" width=\"270\" height=\"300\" srcset=\"https:\/\/schloss-bevern.de\/wp-content\/uploads\/Hist._bibliothek_Vitrine-270x300.png 270w, https:\/\/schloss-bevern.de\/wp-content\/uploads\/Hist._bibliothek_Vitrine-135x150.png 135w, https:\/\/schloss-bevern.de\/wp-content\/uploads\/Hist._bibliothek_Vitrine.png 350w\" sizes=\"auto, (max-width: 270px) 100vw, 270px\" \/><span style=\"font-family: garamond-lt-regular; font-size: 16px;\">Die Historische Bibliothek im Gr\u00fcnen Kabinett stellt den \u00e4lteren Teil der Schulbibliothek jener Schule dar, die im Wandel der Jahre <em>Stadt-und Klosterschule, Herzogliches Gymnasium<\/em>, <em>Oberschule f\u00fcr Jungen, Gymnasium an der Wilhelmstrasse<\/em> und schlie\u00dflich <em>Campe-Gymnasium <\/em>hie\u00df. Ein sehr wertvoller Teil des Bestandes sind diejenigen Werke, die in der Lateinschule benutzt wurden, die Herzog Julius d.Jg.\u00a0 im Kloster Amelungsborn einrichten lie\u00df.\u00a0Diese Werke wurden 1760 in das neu gegr\u00fcndete Gymnasium in die nac Holzminden verlegte Lateinschule gebracht, aus der das heutige Gymnasium entstand.\u00a0Bis heute sind sie Zeugnisse des Zusammenhangs der Schulen. Auf ihrer Grundlage konnte das Campe-Gymnasium im Jahre 2019 sein 450-j\u00e4hriges Jubil\u00e4um feiern. Die weitaus meisten Werke stammen aus der langen Anschaffungsgeschichte der Zeit ab 1760 bis ins fr\u00fche 20. Jahrhundert, beginnend mit der umfangreichen Gelehrtenbibliothek des Hofrates Jacob Burckhard. Diese B\u00fccher wurden mit herzoglichen und staatlichen Geldern erstanden oder der Schule von G\u00f6nnern und Freunden \u00fcberlassen oder geschenkt. In ihrer Gesamtheit spiegelt die heute in Bevern aufgestellte Bibliothek die Geschichte des Holzmindener Gymnasiums. Gleichzeitig aber gibt sie auch eine Vorstellung von Wissen, Denken und politischem Geschehen im Landkreis Holzminden. Sie ist somit eine kulturelle Schatztruhe f\u00fcr unsere Region.<\/span><\/span><\/p>\n<\/div>\n<h3><\/h3>\n<h3><\/h3>\n<h3 style=\"text-align: left;\"><strong><span style=\"font-family: garamond-lt-regular; color: #9d113b; font-size: 18px;\">Das Licht der Aufkl\u00e4rung - auch in unserer Region<\/span><\/strong><\/h3>\n<h4><img loading=\"lazy\" decoding=\"async\" class=\"wp-image-1177 alignleft\" src=\"https:\/\/schloss-bevern.de\/wp-content\/uploads\/Bild-Das-Licht-der-Aufklaerung-auch-in-unserer-Region-300x187.png\" alt=\"\" width=\"369\" height=\"230\" srcset=\"https:\/\/schloss-bevern.de\/wp-content\/uploads\/Bild-Das-Licht-der-Aufklaerung-auch-in-unserer-Region-300x187.png 300w, https:\/\/schloss-bevern.de\/wp-content\/uploads\/Bild-Das-Licht-der-Aufklaerung-auch-in-unserer-Region-1024x637.png 1024w, https:\/\/schloss-bevern.de\/wp-content\/uploads\/Bild-Das-Licht-der-Aufklaerung-auch-in-unserer-Region-150x93.png 150w, https:\/\/schloss-bevern.de\/wp-content\/uploads\/Bild-Das-Licht-der-Aufklaerung-auch-in-unserer-Region-768x478.png 768w, https:\/\/schloss-bevern.de\/wp-content\/uploads\/Bild-Das-Licht-der-Aufklaerung-auch-in-unserer-Region-436x272.png 436w, https:\/\/schloss-bevern.de\/wp-content\/uploads\/Bild-Das-Licht-der-Aufklaerung-auch-in-unserer-Region.png 1526w\" sizes=\"auto, (max-width: 369px) 100vw, 369px\" \/><\/h4>\n<h4><\/h4>\n<p><span style=\"font-family: garamond-lt-regular; color: #000000; font-size: 16px;\">Pierre Bayles Historisches und critisches W\u00f6rterbuch in den Historischen Bibliotheken im Schloss Bevern<\/span><\/p>\n<p><span style=\"font-family: garamond-lt-regular; color: #000000; font-size: 16px;\">Zeitungsbericht von Werner Wellmann - <a style=\"color: #000000;\" href=\"https:\/\/schloss-bevern.de\/wp-content\/uploads\/Das-Licht-der-Aufklaerung_Homepage-2.pdf\">Das Licht der Aufkl\u00e4rung<\/a><\/span><\/p>\n<p>&nbsp;<\/p>\n<h4><\/h4>\n<h4><\/h4>\n<p>&nbsp;<\/p>\n<p>&nbsp;<\/p>\n<p>&nbsp;<\/p>\n<p>&nbsp;<\/p>\n<p><span style=\"font-family: garamond-lt-regular;\">\u00d6ffnungszeiten nach Vereinbarung:<\/span><\/p>\n<p><span style=\"font-size: 16px; font-family: garamond-lt-regular;\">Die eigentlichen Bibliotheksarbeiten werden ehrenamtlich geleistet.<\/span><\/p>\n<p><span style=\"font-size: 16px; font-family: garamond-lt-regular;\">Ansprechpartner:<\/span><\/p>\n<p><span style=\"font-size: 16px; font-family: garamond-lt-regular;\">Werner Wellmann<\/span><br \/>\n<span style=\"font-size: 16px; font-family: garamond-lt-regular;\">Tel.: 05531-13107<\/span><br \/>\n<span style=\"font-size: 16px; font-family: garamond-lt-regular;\"><a>E-Mail: werner.wellmann@t-online.de<\/a><\/span><\/p>\n<p>&nbsp;<\/p>\n<p><span style=\"font-size: 16px; font-family: garamond-lt-regular;\">Landkreis Holzminden<\/span><\/p>\n<p><span style=\"font-size: 16px; font-family: garamond-lt-regular;\">Kulturzentrum<\/span><br \/>\n<span style=\"font-size: 16px; font-family: garamond-lt-regular;\">Weserrenaissance Schloss Bevern<\/span><br \/>\n<span style=\"font-size: 16px; font-family: garamond-lt-regular;\">Historische Bibliothek<\/span><br \/>\n<span style=\"font-size: 16px; font-family: garamond-lt-regular;\">37639 Bevern<\/span><br \/>\n<span style=\"font-size: 16px; font-family: garamond-lt-regular;\">Telefon: 05531\u00a0707 109\u00a0Sekretariat<\/span><\/p>\n<\/div>\n<\/div><\/div><\/div><\/div><div id=\"pg-220-1\"  class=\"panel-grid panel-no-style\" ><div id=\"pgc-220-1-0\"  class=\"panel-grid-cell\" ><div id=\"panel-220-1-0-0\" class=\"so-panel widget widget_sow-editor panel-first-child panel-last-child\" data-index=\"1\" ><div\n\t\t\t\n\t\t\tclass=\"so-widget-sow-editor so-widget-sow-editor-base\"\n\t\t\t\n\t\t><h3 class=\"widget-title\">Regionalbibliothek<\/h3>\n<div class=\"siteorigin-widget-tinymce textwidget\">\n\t<p><span style=\"font-size: 13pt;\">Die Regionalbibliothek des Heimat- und Geschichtsvereins f\u00fcr Landkreis und Stadt Holzminden e.V. (HGV) und des Landkreises Holzminden samt dem angeschlossenen Archiv des HGV sammeln Schrifttum und Nachl\u00e4sse zur Kultur- und Wirtschaftsgeschichte des Oberweserraumes mit angrenzenden Gebieten. Dabei liegt der Schwerpunkt auf dem Landkreis Holzminden. Die Best\u00e4nde der Bibliothek wie des Archivs stehen dem interessierten B\u00fcrger genauso zur Verf\u00fcgung wie dem Fachwissenschaftler, Sch\u00fclern und Studenten.<\/span><\/p>\n<h4><\/h4>\n<h4><span style=\"color: #9d113b; font-size: 14pt;\">\u00d6ffnungszeiten:<\/span><\/h4>\n<p><span style=\"font-size: 13pt;\">Die Regionalbibliothek und das Archiv steht Interessierten nach vorheriger Vereinbarung zur Verf\u00fcgung.<\/span><\/p>\n<p><span style=\"font-size: 13pt;\">Bei Fragen zur Regionalbibliothek wenden Sie sich an:<\/span><br \/>\n<span style=\"font-size: 13pt;\">Wolfgang F. N\u00e4geler, Tel.: 05532 504996 <a>w.f.naegeler@gmx.de<\/a><\/span><\/p>\n<p><span style=\"font-size: 13pt;\">Bei Fragen zum Archiv:<\/span><br \/>\n<span style=\"font-size: 13pt;\">Herr D. Creydt, Tel.: 05531 61856 <a>D.undM.Creydt@t-online.de<\/a><\/span><\/p>\n<p><span style=\"font-size: 13pt;\">Die eigentlichen Bibliotheks- und Archivarbeiten werden ehrenamtlich geleistet.<\/span><\/p>\n<\/div>\n<\/div><\/div><\/div><\/div><\/div>","protected":false},"excerpt":{"rendered":"<p>Historische Bibliothek des Ritterguts Deensen: Faksimiles mittelalterlicher Handschriften Die Gutsbibliothek im Blauen Saal wurde dem Weserrenaissance Schloss Bevern von der Familie\u00a0von Campe, in deren Besitz sich das Rittergut Deensen bis 1970 befand, zu Teilen geschenkt und zu\u00a0Teilen als Leihgabe \u00fcberlassen. Wie nicht anders zu erwarten befassen sich viele Titel mit Fragen der Rechtsprechung\u00a0 sowie der [&hellip;]<\/p>\n","protected":false},"author":1,"featured_media":0,"parent":0,"menu_order":0,"comment_status":"closed","ping_status":"closed","template":"","meta":{"footnotes":""},"class_list":["post-220","page","type-page","status-publish","hentry","post"],"_links":{"self":[{"href":"https:\/\/schloss-bevern.de\/index.php?rest_route=\/wp\/v2\/pages\/220","targetHints":{"allow":["GET"]}}],"collection":[{"href":"https:\/\/schloss-bevern.de\/index.php?rest_route=\/wp\/v2\/pages"}],"about":[{"href":"https:\/\/schloss-bevern.de\/index.php?rest_route=\/wp\/v2\/types\/page"}],"author":[{"embeddable":true,"href":"https:\/\/schloss-bevern.de\/index.php?rest_route=\/wp\/v2\/users\/1"}],"replies":[{"embeddable":true,"href":"https:\/\/schloss-bevern.de\/index.php?rest_route=%2Fwp%2Fv2%2Fcomments&post=220"}],"version-history":[{"count":20,"href":"https:\/\/schloss-bevern.de\/index.php?rest_route=\/wp\/v2\/pages\/220\/revisions"}],"predecessor-version":[{"id":1189,"href":"https:\/\/schloss-bevern.de\/index.php?rest_route=\/wp\/v2\/pages\/220\/revisions\/1189"}],"wp:attachment":[{"href":"https:\/\/schloss-bevern.de\/index.php?rest_route=%2Fwp%2Fv2%2Fmedia&parent=220"}],"curies":[{"name":"wp","href":"https:\/\/api.w.org\/{rel}","templated":true}]}}

<div id="pl-220"  class="panel-layout" ><div id="pg-220-0"  class="panel-grid panel-no-style" ><div id="pgc-220-0-0"  class="panel-grid-cell" ><div id="panel-220-0-0-0" class="so-panel widget widget_sow-editor panel-first-child panel-last-child" data-index="0" ><div
			
			class="so-widget-sow-editor so-widget-sow-editor-base"
			
		><h3 class="widget-title">Historische Bibliotheken</h3>
<div class="siteorigin-widget-tinymce textwidget">
	<h3><span style="color: #9d113b; font-size: 18px; font-family: garamond-lt-regular;"><strong>Historische Bibliothek des Ritterguts Deensen: Faksimiles mittelalterlicher Handschriften</strong></span></h3>
<div><span style="font-size: 13pt;"><img loading="lazy" decoding="async" class="size-medium wp-image-323 alignleft" src="https://schloss-bevern.de/wp/wp-content/uploads/faskimiles-200x300.jpg" alt="" width="200" height="300" srcset="https://schloss-bevern.de/wp-content/uploads/faskimiles-200x300.jpg 200w, https://schloss-bevern.de/wp-content/uploads/faskimiles-100x150.jpg 100w, https://schloss-bevern.de/wp-content/uploads/faskimiles.jpg 300w" sizes="auto, (max-width: 200px) 100vw, 200px" /><span style="font-family: garamond-lt-regular; font-size: 16px;">Die Gutsbibliothek im Blauen Saal wurde dem Weserrenaissance Schloss Bevern von der Familie von Campe, in deren Besitz sich das Rittergut Deensen bis 1970 befand, zu Teilen geschenkt und zu Teilen als Leihgabe überlassen. Wie nicht anders zu erwarten befassen sich viele Titel mit Fragen der Rechtsprechung  sowie der Forst-und Landwirtschaft. Aber auch literarische und historische Themen sind reichlich vertreten, sogar Handschriften.  Herausragende Stücke sind z.B. eine Fassung des <em>Sachsenspiegels </em>von 1561 sowie frühe Drucke der <em>Sachsengeschichte </em>des Widukind von Corvey (1532) und der <em>Geschichte der Dänen </em>des Saxo Grammaticus (1534).</span></span></div>
<div></div>
<div><span style="font-size: 16px; font-family: garamond-lt-regular;">Einen besonderen Rang nehmen einige  überaus prächtige Faksimile (originalgetreue Wiedergaben) von mittelalterlichen Handschriften ein, darunter ein aufwändiges Faksimile des <em>Evangeliars Heinrich des Löwen</em>. Dieses berühmte Evangeliar entstand wahrscheinlich um 1188 im Kloster Helwartshausen nahe Karlshafen und gilt als herausragendes Meisterwerk der romanischen Buchmalerei in Norddeutschland.</span></div>
<div></div>
<div></div>
<div></div>
<div></div>
<div></div>
<div></div>
<h3></h3>
<p>&nbsp;</p>
<div>
<h3 class="marker-blue"><span style="color: #9d113b; font-size: 18px; font-family: garamond-lt-regular;"><strong>Historische Bibliothek  des Campe-Gymnasiums Holzminden</strong></span></h3>
<p><span style="font-size: 13pt;"><img loading="lazy" decoding="async" class="size-medium wp-image-324 alignleft" src="https://schloss-bevern.de/wp/wp-content/uploads/Hist._bibliothek_Vitrine-270x300.png" alt="" width="270" height="300" srcset="https://schloss-bevern.de/wp-content/uploads/Hist._bibliothek_Vitrine-270x300.png 270w, https://schloss-bevern.de/wp-content/uploads/Hist._bibliothek_Vitrine-135x150.png 135w, https://schloss-bevern.de/wp-content/uploads/Hist._bibliothek_Vitrine.png 350w" sizes="auto, (max-width: 270px) 100vw, 270px" /><span style="font-family: garamond-lt-regular; font-size: 16px;">Die Historische Bibliothek im Grünen Kabinett stellt den älteren Teil der Schulbibliothek jener Schule dar, die im Wandel der Jahre <em>Stadt-und Klosterschule, Herzogliches Gymnasium</em>, <em>Oberschule für Jungen, Gymnasium an der Wilhelmstrasse</em> und schließlich <em>Campe-Gymnasium </em>hieß. Ein sehr wertvoller Teil des Bestandes sind diejenigen Werke, die in der Lateinschule benutzt wurden, die Herzog Julius d.Jg.  im Kloster Amelungsborn einrichten ließ. Diese Werke wurden 1760 in das neu gegründete Gymnasium in die nac Holzminden verlegte Lateinschule gebracht, aus der das heutige Gymnasium entstand. Bis heute sind sie Zeugnisse des Zusammenhangs der Schulen. Auf ihrer Grundlage konnte das Campe-Gymnasium im Jahre 2019 sein 450-jähriges Jubiläum feiern. Die weitaus meisten Werke stammen aus der langen Anschaffungsgeschichte der Zeit ab 1760 bis ins frühe 20. Jahrhundert, beginnend mit der umfangreichen Gelehrtenbibliothek des Hofrates Jacob Burckhard. Diese Bücher wurden mit herzoglichen und staatlichen Geldern erstanden oder der Schule von Gönnern und Freunden überlassen oder geschenkt. In ihrer Gesamtheit spiegelt die heute in Bevern aufgestellte Bibliothek die Geschichte des Holzmindener Gymnasiums. Gleichzeitig aber gibt sie auch eine Vorstellung von Wissen, Denken und politischem Geschehen im Landkreis Holzminden. Sie ist somit eine kulturelle Schatztruhe für unsere Region.</span></span></p>
</div>
<h3></h3>
<h3></h3>
<h3 style="text-align: left;"><strong><span style="font-family: garamond-lt-regular; color: #9d113b; font-size: 18px;">Das Licht der Aufklärung - auch in unserer Region</span></strong></h3>
<h4><img loading="lazy" decoding="async" class="wp-image-1177 alignleft" src="https://schloss-bevern.de/wp-content/uploads/Bild-Das-Licht-der-Aufklaerung-auch-in-unserer-Region-300x187.png" alt="" width="369" height="230" srcset="https://schloss-bevern.de/wp-content/uploads/Bild-Das-Licht-der-Aufklaerung-auch-in-unserer-Region-300x187.png 300w, https://schloss-bevern.de/wp-content/uploads/Bild-Das-Licht-der-Aufklaerung-auch-in-unserer-Region-1024x637.png 1024w, https://schloss-bevern.de/wp-content/uploads/Bild-Das-Licht-der-Aufklaerung-auch-in-unserer-Region-150x93.png 150w, https://schloss-bevern.de/wp-content/uploads/Bild-Das-Licht-der-Aufklaerung-auch-in-unserer-Region-768x478.png 768w, https://schloss-bevern.de/wp-content/uploads/Bild-Das-Licht-der-Aufklaerung-auch-in-unserer-Region-436x272.png 436w, https://schloss-bevern.de/wp-content/uploads/Bild-Das-Licht-der-Aufklaerung-auch-in-unserer-Region.png 1526w" sizes="auto, (max-width: 369px) 100vw, 369px" /></h4>
<h4></h4>
<p><span style="font-family: garamond-lt-regular; color: #000000; font-size: 16px;">Pierre Bayles Historisches und critisches Wörterbuch in den Historischen Bibliotheken im Schloss Bevern</span></p>
<p><span style="font-family: garamond-lt-regular; color: #000000; font-size: 16px;">Zeitungsbericht von Werner Wellmann - <a style="color: #000000;" href="https://schloss-bevern.de/wp-content/uploads/Das-Licht-der-Aufklaerung_Homepage-2.pdf">Das Licht der Aufklärung</a></span></p>
<p>&nbsp;</p>
<h4></h4>
<h4></h4>
<p>&nbsp;</p>
<p>&nbsp;</p>
<p>&nbsp;</p>
<p>&nbsp;</p>
<p><span style="font-family: garamond-lt-regular;">Öffnungszeiten nach Vereinbarung:</span></p>
<p><span style="font-size: 16px; font-family: garamond-lt-regular;">Die eigentlichen Bibliotheksarbeiten werden ehrenamtlich geleistet.</span></p>
<p><span style="font-size: 16px; font-family: garamond-lt-regular;">Ansprechpartner:</span></p>
<p><span style="font-size: 16px; font-family: garamond-lt-regular;">Werner Wellmann</span><br />
<span style="font-size: 16px; font-family: garamond-lt-regular;">Tel.: 05531-13107</span><br />
<span style="font-size: 16px; font-family: garamond-lt-regular;"><a>E-Mail: werner.wellmann@t-online.de</a></span></p>
<p>&nbsp;</p>
<p><span style="font-size: 16px; font-family: garamond-lt-regular;">Landkreis Holzminden</span></p>
<p><span style="font-size: 16px; font-family: garamond-lt-regular;">Kulturzentrum</span><br />
<span style="font-size: 16px; font-family: garamond-lt-regular;">Weserrenaissance Schloss Bevern</span><br />
<span style="font-size: 16px; font-family: garamond-lt-regular;">Historische Bibliothek</span><br />
<span style="font-size: 16px; font-family: garamond-lt-regular;">37639 Bevern</span><br />
<span style="font-size: 16px; font-family: garamond-lt-regular;">Telefon: 05531 707 109 Sekretariat</span></p>
</div>
</div></div></div></div><div id="pg-220-1"  class="panel-grid panel-no-style" ><div id="pgc-220-1-0"  class="panel-grid-cell" ><div id="panel-220-1-0-0" class="so-panel widget widget_sow-editor panel-first-child panel-last-child" data-index="1" ><div
			
			class="so-widget-sow-editor so-widget-sow-editor-base"
			
		><h3 class="widget-title">Regionalbibliothek</h3>
<div class="siteorigin-widget-tinymce textwidget">
	<p><span style="font-size: 13pt;">Die Regionalbibliothek des Heimat- und Geschichtsvereins für Landkreis und Stadt Holzminden e.V. (HGV) und des Landkreises Holzminden samt dem angeschlossenen Archiv des HGV sammeln Schrifttum und Nachlässe zur Kultur- und Wirtschaftsgeschichte des Oberweserraumes mit angrenzenden Gebieten. Dabei liegt der Schwerpunkt auf dem Landkreis Holzminden. Die Bestände der Bibliothek wie des Archivs stehen dem interessierten Bürger genauso zur Verfügung wie dem Fachwissenschaftler, Schülern und Studenten.</span></p>
<h4></h4>
<h4><span style="color: #9d113b; font-size: 14pt;">Öffnungszeiten:</span></h4>
<p><span style="font-size: 13pt;">Die Regionalbibliothek und das Archiv steht Interessierten nach vorheriger Vereinbarung zur Verfügung.</span></p>
<p><span style="font-size: 13pt;">Bei Fragen zur Regionalbibliothek wenden Sie sich an:</span><br />
<span style="font-size: 13pt;">Wolfgang F. Nägeler, Tel.: 05532 504996 <a>w.f.naegeler@gmx.de</a></span></p>
<p><span style="font-size: 13pt;">Bei Fragen zum Archiv:</span><br />
<span style="font-size: 13pt;">Herr D. Creydt, Tel.: 05531 61856 <a>D.undM.Creydt@t-online.de</a></span></p>
<p><span style="font-size: 13pt;">Die eigentlichen Bibliotheks- und Archivarbeiten werden ehrenamtlich geleistet.</span></p>
</div>
</div></div></div></div></div>

<p>Historische Bibliothek des Ritterguts Deensen: Faksimiles mittelalterlicher Handschriften Die Gutsbibliothek im Blauen Saal wurde dem Weserrenaissance Schloss Bevern von der Familie von Campe, in deren Besitz sich das Rittergut Deensen bis 1970 befand, zu Teilen geschenkt und zu Teilen als Leihgabe überlassen. Wie nicht anders zu erwarten befassen sich viele Titel mit Fragen der Rechtsprechung  sowie der [&hellip;]</p>
