{"id":222,"date":"2025-03-26T09:33:40","date_gmt":"2025-03-26T08:33:40","guid":{"rendered":"https:\/\/schloss-bevern.de\/wp\/?page_id=222"},"modified":"2026-01-22T10:43:10","modified_gmt":"2026-01-22T09:43:10","slug":"ausstellung-2","status":"publish","type":"page","link":"https:\/\/schloss-bevern.de\/?page_id=222","title":{"rendered":"Ausstellungen"},"content":{"rendered":"<div id=\"pl-222\"  class=\"panel-layout\" ><div id=\"pg-222-0\"  class=\"panel-grid panel-no-style\" ><div id=\"pgc-222-0-0\"  class=\"panel-grid-cell\" ><div id=\"panel-222-0-0-0\" class=\"so-panel widget widget_sow-editor panel-first-child panel-last-child\" data-index=\"0\" ><div\n\t\t\t\n\t\t\tclass=\"so-widget-sow-editor so-widget-sow-editor-base\"\n\t\t\t\n\t\t>\n<div class=\"siteorigin-widget-tinymce textwidget\">\n\t<\/div>\n<\/div><\/div><\/div><\/div><div id=\"pg-222-1\"  class=\"panel-grid panel-no-style\" ><div id=\"pgc-222-1-0\"  class=\"panel-grid-cell panel-grid-cell-empty\" ><\/div><\/div><div id=\"pg-222-2\"  class=\"panel-grid panel-no-style\" ><div id=\"pgc-222-2-0\"  class=\"panel-grid-cell\" ><div id=\"panel-222-2-0-0\" class=\"so-panel widget widget_sow-editor panel-first-child panel-last-child\" data-index=\"1\" ><div\n\t\t\t\n\t\t\tclass=\"so-widget-sow-editor so-widget-sow-editor-base\"\n\t\t\t\n\t\t><h3 class=\"widget-title\">Paula Tobias: Auf den Spuren der ersten Land\u00e4rztin im Braunschweiger Land<\/h3>\n<div class=\"siteorigin-widget-tinymce textwidget\">\n\t<p><span style=\"font-family: garamond-lt-regular;\"><img loading=\"lazy\" decoding=\"async\" class=\"size-medium wp-image-503 alignleft\" src=\"https:\/\/schloss-bevern.de\/wp\/wp-content\/uploads\/Paula-Tobias-gross-212x300.jpg\" alt=\"\" width=\"212\" height=\"300\" srcset=\"https:\/\/schloss-bevern.de\/wp-content\/uploads\/Paula-Tobias-gross-212x300.jpg 212w, https:\/\/schloss-bevern.de\/wp-content\/uploads\/Paula-Tobias-gross-724x1024.jpg 724w, https:\/\/schloss-bevern.de\/wp-content\/uploads\/Paula-Tobias-gross-106x150.jpg 106w, https:\/\/schloss-bevern.de\/wp-content\/uploads\/Paula-Tobias-gross-768x1086.jpg 768w, https:\/\/schloss-bevern.de\/wp-content\/uploads\/Paula-Tobias-gross-1086x1536.jpg 1086w, https:\/\/schloss-bevern.de\/wp-content\/uploads\/Paula-Tobias-gross-1448x2048.jpg 1448w, https:\/\/schloss-bevern.de\/wp-content\/uploads\/Paula-Tobias-gross-scaled.jpg 1810w\" sizes=\"auto, (max-width: 212px) 100vw, 212px\" \/><span style=\"font-size: 16px;\">Paula Tobias (1896-1970) geh\u00f6rte zur ersten Generation von Frauen in Deutschland, die studierten und als \u00c4rztinnen arbeiteten. Sie war die erste Land\u00e4rztin im Braunschweiger Land. Nachdem sie in Kreiensen ab 1914 als einzige \u00c4rztin der Region w\u00e4hrend des Ersten Weltkriegs die Menschen medizinisch versorgte, gr\u00fcndete sie in Delligsen die erste M\u00fctterberatung der Region.<\/span><\/span><\/p>\n<p><span style=\"font-family: garamond-lt-regular; font-size: 16px;\">Ab 1928 lebte und arbeitete Paula Tobias in Bevern. Die Nationalsozialisten zwangen die j\u00fcdisch-st\u00e4mmige Familie 1935 in die Emigration in die USA, wo Paula Tobias nie wieder als \u00c4rztin, sondern als Krankenschwester arbeitete.<\/span><\/p>\n<p><span style=\"font-family: garamond-lt-regular; font-size: 16px;\">Die Ausstellung veranschaulicht eine au\u00dfergew\u00f6hnliche und beispielhafte Lebensgeschichte. Eine Themeninsel der Ausstellung besch\u00e4ftigt sich mit der Zeit der \u201eSpanischen Grippe\u201c um 1918, deren verheerende Wirkung Paula Tobias im l\u00e4ndlichen Industrieort Delligsen aus \u00e4rztlicher Perspektive miterlebte.<\/span><\/p>\n<p>&nbsp;<\/p>\n<p><span style=\"font-family: garamond-lt-regular; font-size: 16px;\">Kurzfilm und Anleitung zum Download der App \u201eAuf Paula Tobias\u2018 Spuren durch Bevern\u201c regen zur weiteren Erkundung an. An mittlerweile 50 \u201efrauenORTE Niedersachsen\u201c-Standorten l\u00e4dt der Landesfrauenrat dazu ein, bedeutende, heute meist nicht mehr bekannte Frauen an ihren Wirkungsst\u00e4tten zu \u201ebesuchen\u201c.<\/span><br \/>\n<span style=\"font-family: garamond-lt-regular; font-size: 16px;\">\u00dcberblick \u00fcber\u00a0alle frauenORTE Niedersachsen finden hier Sie<strong> <a href=\"http:\/\/www.frauenorte-niedersachsen.de\">hier<\/a>.<\/strong><\/span><\/p>\n<h3><span style=\"font-family: garamond-lt-regular; font-size: 16px;\"><span style=\"color: #9d113b;\">Es werden kommentierte Rundg\u00e4nge durch die Ausstellung angeboten. Termin s.<\/span><strong> <span style=\"color: #9d113b;\"><a style=\"color: #9d113b;\" href=\"https:\/\/schloss-bevern.de\/?page_id=262\">hier<\/a>.<\/span><\/strong><span style=\"color: #9d113b;\">\u00a0<\/span><\/span><\/h3>\n<p>&nbsp;<\/p>\n<\/div>\n<\/div><\/div><\/div><\/div><\/div>","protected":false},"excerpt":{"rendered":"<p>Paula Tobias: Auf den Spuren der ersten Land\u00e4rztin im Braunschweiger Land Paula Tobias (1896-1970) geh\u00f6rte zur ersten Generation von Frauen in Deutschland, die studierten und als \u00c4rztinnen arbeiteten. Sie war die erste Land\u00e4rztin im Braunschweiger Land. Nachdem sie in Kreiensen ab 1914 als einzige \u00c4rztin der Region w\u00e4hrend des Ersten Weltkriegs die Menschen medizinisch versorgte, [&hellip;]<\/p>\n","protected":false},"author":1,"featured_media":0,"parent":688,"menu_order":1,"comment_status":"closed","ping_status":"closed","template":"","meta":{"footnotes":""},"class_list":["post-222","page","type-page","status-publish","hentry","post"],"_links":{"self":[{"href":"https:\/\/schloss-bevern.de\/index.php?rest_route=\/wp\/v2\/pages\/222","targetHints":{"allow":["GET"]}}],"collection":[{"href":"https:\/\/schloss-bevern.de\/index.php?rest_route=\/wp\/v2\/pages"}],"about":[{"href":"https:\/\/schloss-bevern.de\/index.php?rest_route=\/wp\/v2\/types\/page"}],"author":[{"embeddable":true,"href":"https:\/\/schloss-bevern.de\/index.php?rest_route=\/wp\/v2\/users\/1"}],"replies":[{"embeddable":true,"href":"https:\/\/schloss-bevern.de\/index.php?rest_route=%2Fwp%2Fv2%2Fcomments&post=222"}],"version-history":[{"count":15,"href":"https:\/\/schloss-bevern.de\/index.php?rest_route=\/wp\/v2\/pages\/222\/revisions"}],"predecessor-version":[{"id":1216,"href":"https:\/\/schloss-bevern.de\/index.php?rest_route=\/wp\/v2\/pages\/222\/revisions\/1216"}],"up":[{"embeddable":true,"href":"https:\/\/schloss-bevern.de\/index.php?rest_route=\/wp\/v2\/pages\/688"}],"wp:attachment":[{"href":"https:\/\/schloss-bevern.de\/index.php?rest_route=%2Fwp%2Fv2%2Fmedia&parent=222"}],"curies":[{"name":"wp","href":"https:\/\/api.w.org\/{rel}","templated":true}]}}

<div id="pl-222"  class="panel-layout" ><div id="pg-222-0"  class="panel-grid panel-no-style" ><div id="pgc-222-0-0"  class="panel-grid-cell" ><div id="panel-222-0-0-0" class="so-panel widget widget_sow-editor panel-first-child panel-last-child" data-index="0" ><div
			
			class="so-widget-sow-editor so-widget-sow-editor-base"
			
		>
<div class="siteorigin-widget-tinymce textwidget">
	</div>
</div></div></div></div><div id="pg-222-1"  class="panel-grid panel-no-style" ><div id="pgc-222-1-0"  class="panel-grid-cell panel-grid-cell-empty" ></div></div><div id="pg-222-2"  class="panel-grid panel-no-style" ><div id="pgc-222-2-0"  class="panel-grid-cell" ><div id="panel-222-2-0-0" class="so-panel widget widget_sow-editor panel-first-child panel-last-child" data-index="1" ><div
			
			class="so-widget-sow-editor so-widget-sow-editor-base"
			
		><h3 class="widget-title">Paula Tobias: Auf den Spuren der ersten Landärztin im Braunschweiger Land</h3>
<div class="siteorigin-widget-tinymce textwidget">
	<p><span style="font-family: garamond-lt-regular;"><img loading="lazy" decoding="async" class="size-medium wp-image-503 alignleft" src="https://schloss-bevern.de/wp/wp-content/uploads/Paula-Tobias-gross-212x300.jpg" alt="" width="212" height="300" srcset="https://schloss-bevern.de/wp-content/uploads/Paula-Tobias-gross-212x300.jpg 212w, https://schloss-bevern.de/wp-content/uploads/Paula-Tobias-gross-724x1024.jpg 724w, https://schloss-bevern.de/wp-content/uploads/Paula-Tobias-gross-106x150.jpg 106w, https://schloss-bevern.de/wp-content/uploads/Paula-Tobias-gross-768x1086.jpg 768w, https://schloss-bevern.de/wp-content/uploads/Paula-Tobias-gross-1086x1536.jpg 1086w, https://schloss-bevern.de/wp-content/uploads/Paula-Tobias-gross-1448x2048.jpg 1448w, https://schloss-bevern.de/wp-content/uploads/Paula-Tobias-gross-scaled.jpg 1810w" sizes="auto, (max-width: 212px) 100vw, 212px" /><span style="font-size: 16px;">Paula Tobias (1896-1970) gehörte zur ersten Generation von Frauen in Deutschland, die studierten und als Ärztinnen arbeiteten. Sie war die erste Landärztin im Braunschweiger Land. Nachdem sie in Kreiensen ab 1914 als einzige Ärztin der Region während des Ersten Weltkriegs die Menschen medizinisch versorgte, gründete sie in Delligsen die erste Mütterberatung der Region.</span></span></p>
<p><span style="font-family: garamond-lt-regular; font-size: 16px;">Ab 1928 lebte und arbeitete Paula Tobias in Bevern. Die Nationalsozialisten zwangen die jüdisch-stämmige Familie 1935 in die Emigration in die USA, wo Paula Tobias nie wieder als Ärztin, sondern als Krankenschwester arbeitete.</span></p>
<p><span style="font-family: garamond-lt-regular; font-size: 16px;">Die Ausstellung veranschaulicht eine außergewöhnliche und beispielhafte Lebensgeschichte. Eine Themeninsel der Ausstellung beschäftigt sich mit der Zeit der „Spanischen Grippe“ um 1918, deren verheerende Wirkung Paula Tobias im ländlichen Industrieort Delligsen aus ärztlicher Perspektive miterlebte.</span></p>
<p>&nbsp;</p>
<p><span style="font-family: garamond-lt-regular; font-size: 16px;">Kurzfilm und Anleitung zum Download der App „Auf Paula Tobias‘ Spuren durch Bevern“ regen zur weiteren Erkundung an. An mittlerweile 50 „frauenORTE Niedersachsen“-Standorten lädt der Landesfrauenrat dazu ein, bedeutende, heute meist nicht mehr bekannte Frauen an ihren Wirkungsstätten zu „besuchen“.</span><br />
<span style="font-family: garamond-lt-regular; font-size: 16px;">Überblick über alle frauenORTE Niedersachsen finden hier Sie<strong> <a href="http://www.frauenorte-niedersachsen.de">hier</a>.</strong></span></p>
<h3><span style="font-family: garamond-lt-regular; font-size: 16px;"><span style="color: #9d113b;">Es werden kommentierte Rundgänge durch die Ausstellung angeboten. Termin s.</span><strong> <span style="color: #9d113b;"><a style="color: #9d113b;" href="https://schloss-bevern.de/?page_id=262">hier</a>.</span></strong><span style="color: #9d113b;"> </span></span></h3>
<p>&nbsp;</p>
</div>
</div></div></div></div></div>

<p>Paula Tobias: Auf den Spuren der ersten Landärztin im Braunschweiger Land Paula Tobias (1896-1970) gehörte zur ersten Generation von Frauen in Deutschland, die studierten und als Ärztinnen arbeiteten. Sie war die erste Landärztin im Braunschweiger Land. Nachdem sie in Kreiensen ab 1914 als einzige Ärztin der Region während des Ersten Weltkriegs die Menschen medizinisch versorgte, [&hellip;]</p>
