{"id":239,"date":"2025-03-26T09:48:50","date_gmt":"2025-03-26T08:48:50","guid":{"rendered":"https:\/\/schloss-bevern.de\/wp\/?page_id=239"},"modified":"2025-03-28T11:19:06","modified_gmt":"2025-03-28T10:19:06","slug":"erlebniswelt-renaissance-2","status":"publish","type":"page","link":"https:\/\/schloss-bevern.de\/?page_id=239","title":{"rendered":"Erlebniswelt Renaissance\u00ae"},"content":{"rendered":"<div id=\"pl-239\"  class=\"panel-layout\" ><div id=\"pg-239-0\"  class=\"panel-grid panel-no-style\" ><div id=\"pgc-239-0-0\"  class=\"panel-grid-cell\" ><div id=\"panel-239-0-0-0\" class=\"so-panel widget widget_sow-editor panel-first-child panel-last-child\" data-index=\"0\" ><div\n\t\t\t\n\t\t\tclass=\"so-widget-sow-editor so-widget-sow-editor-base\"\n\t\t\t\n\t\t>\n<div class=\"siteorigin-widget-tinymce textwidget\">\n\t<p><span style=\"font-family: garamond-lt-regular; font-size: 16px;\">Die Welt wird zum ersten Mal umsegelt, die Kunst wird durch die Perspektive revolutioniert, die Erde wird als Mittelpunkt des Weltalls von der Sonne abgel\u00f6st und ist von nun an eine Kugel, die Alte Welt lernt die Neue Welt kennen, der Buchdruck wird erfunden \u2013 in der Renaissance folgen sensationelle Entdeckungen, Erfindungen und gewaltige Umw\u00e4lzungen Schlag auf Schlag.<\/span><\/p>\n<p><span style=\"font-family: garamond-lt-regular; font-size: 16px;\">Die relativ kurze Zeitspanne von 300 Jahren, zwischen 14. Jahrhundert und 30-j\u00e4hrigem Krieg, steht nicht nur f\u00fcr den \u00dcbergang vom Mittelalter zur Neuzeit \u2013 sie pr\u00e4gt bis heute in vielen Lebensbereichen unseren Alltag.<\/span><\/p>\n<p><span style=\"font-family: garamond-lt-regular; font-size: 16px;\">In der Erlebniswelt Renaissance\u00ae lernen Sie diese Zeit so kennen, wie sie war: h\u00f6chst lebendig!<\/span><\/p>\n<\/div>\n<\/div><\/div><\/div><div id=\"pgc-239-0-1\"  class=\"panel-grid-cell\" ><div id=\"panel-239-0-1-0\" class=\"so-panel widget widget_sow-image panel-first-child panel-last-child\" data-index=\"1\" ><div\n\t\t\t\n\t\t\tclass=\"so-widget-sow-image so-widget-sow-image-default-8b5b6f678277-239\"\n\t\t\t\n\t\t>\n<div class=\"sow-image-container\">\n\t\t<img loading=\"lazy\" decoding=\"async\" src=\"https:\/\/schloss-bevern.de\/wp-content\/uploads\/EWR_2-scaled.jpg\" width=\"2560\" height=\"1703\" srcset=\"https:\/\/schloss-bevern.de\/wp-content\/uploads\/EWR_2-scaled.jpg 2560w, https:\/\/schloss-bevern.de\/wp-content\/uploads\/EWR_2-300x200.jpg 300w, https:\/\/schloss-bevern.de\/wp-content\/uploads\/EWR_2-1024x681.jpg 1024w, https:\/\/schloss-bevern.de\/wp-content\/uploads\/EWR_2-150x100.jpg 150w, https:\/\/schloss-bevern.de\/wp-content\/uploads\/EWR_2-768x511.jpg 768w, https:\/\/schloss-bevern.de\/wp-content\/uploads\/EWR_2-1536x1022.jpg 1536w, https:\/\/schloss-bevern.de\/wp-content\/uploads\/EWR_2-2048x1363.jpg 2048w, https:\/\/schloss-bevern.de\/wp-content\/uploads\/EWR_2-272x182.jpg 272w\" sizes=\"auto, (max-width: 2560px) 100vw, 2560px\" title=\"EWR_2\" alt=\"\" \t\tclass=\"so-widget-image\"\/>\n\t<\/div>\n\n<\/div><\/div><\/div><\/div><div id=\"pg-239-1\"  class=\"panel-grid panel-no-style\" ><div id=\"pgc-239-1-0\"  class=\"panel-grid-cell\" ><div id=\"panel-239-1-0-0\" class=\"so-panel widget widget_sow-image panel-first-child panel-last-child\" data-index=\"2\" ><div\n\t\t\t\n\t\t\tclass=\"so-widget-sow-image so-widget-sow-image-default-8b5b6f678277-239\"\n\t\t\t\n\t\t>\n<div class=\"sow-image-container\">\n\t\t<img loading=\"lazy\" decoding=\"async\" src=\"https:\/\/schloss-bevern.de\/wp-content\/uploads\/EWR_1-scaled.jpg\" width=\"2560\" height=\"1703\" srcset=\"https:\/\/schloss-bevern.de\/wp-content\/uploads\/EWR_1-scaled.jpg 2560w, https:\/\/schloss-bevern.de\/wp-content\/uploads\/EWR_1-300x200.jpg 300w, https:\/\/schloss-bevern.de\/wp-content\/uploads\/EWR_1-1024x681.jpg 1024w, https:\/\/schloss-bevern.de\/wp-content\/uploads\/EWR_1-150x100.jpg 150w, https:\/\/schloss-bevern.de\/wp-content\/uploads\/EWR_1-768x511.jpg 768w, https:\/\/schloss-bevern.de\/wp-content\/uploads\/EWR_1-1536x1022.jpg 1536w, https:\/\/schloss-bevern.de\/wp-content\/uploads\/EWR_1-2048x1363.jpg 2048w, https:\/\/schloss-bevern.de\/wp-content\/uploads\/EWR_1-272x182.jpg 272w\" sizes=\"auto, (max-width: 2560px) 100vw, 2560px\" title=\"EWR_1\" alt=\"\" \t\tclass=\"so-widget-image\"\/>\n\t<\/div>\n\n<\/div><\/div><\/div><div id=\"pgc-239-1-1\"  class=\"panel-grid-cell\" ><div id=\"panel-239-1-1-0\" class=\"so-panel widget widget_sow-editor panel-first-child panel-last-child\" data-index=\"3\" ><div\n\t\t\t\n\t\t\tclass=\"so-widget-sow-editor so-widget-sow-editor-base\"\n\t\t\t\n\t\t>\n<div class=\"siteorigin-widget-tinymce textwidget\">\n\t<p><span style=\"font-family: garamond-lt-regular; font-size: 16px;\">Ein jahrzehntelang unaufhaltsamer Aufstieg und dann pl\u00f6tzlich der Fall nach ganz unten: Das ist das Leben von Statius von M\u00fcnchhausen, Adliger und einer der zentralen K\u00f6pfe der Weserrenaissance. In der unruhigen Zeit zwischen dem 16. und 17. Jahrhundert baut Statius als rigoroser Grundbesitzer und cleverer Geldverleiher ein gewaltiges Verm\u00f6gen auf. Doch die Gesch\u00e4fte entwickeln eine gef\u00e4hrliche Dynamik: Die verliehenen Geldsummen werden immer gr\u00f6\u00dfer, die Kreditnehmer unzuverl\u00e4ssiger, die Falschm\u00fcnzerei kommt auf \u2013 und auf einmal ist Statius\u2019 Erfolgsgeschichte vorbei. In einem spektakul\u00e4ren Konkurs verliert er alles \u2013 nur seinen letzten Wohnsitz kann er retten. Hier, auf dem pr\u00e4chtigen Schloss Bevern, erwartet Statius heute seine Besucher. An 19 multimedialen Erlebnisstationen werden Sie Zeuge seiner packenden Lebensgeschichte.<\/span><\/p>\n<p><span style=\"font-family: garamond-lt-regular; font-size: 16px;\">Die Kernthemen sind: adelige Wirtschaft u. adeliges Leben, Selbstverst\u00e4ndnis, Geldwirtschaft<\/span><\/p>\n<p><span style=\"font-family: garamond-lt-regular; font-size: 16px;\">Der Besucher erh\u00e4lt einen Pocket PC u. Kopfh\u00f6rer (im Preis) u. geht mit diesem von Themeninsel zu Themeninsel. In einem H\u00f6rspielerlebnis mit technisch perfekten Klangkulissen u. visuellen Effekten erz\u00e4hlt Statius selbst, sein bewegtes Leben und seine Sicht auf die Zeit. Zus\u00e4tzlich kann der Besucher ganz allgemeine Hintergrundinformationen \u00fcber das Zeitalter der Renaissance abfragen.<\/span><\/p>\n<\/div>\n<\/div><\/div><\/div><\/div><div id=\"pg-239-2\"  class=\"panel-grid panel-no-style\" ><div id=\"pgc-239-2-0\"  class=\"panel-grid-cell\" ><div id=\"panel-239-2-0-0\" class=\"so-panel widget widget_sow-editor panel-first-child panel-last-child\" data-index=\"4\" ><div\n\t\t\t\n\t\t\tclass=\"so-widget-sow-editor so-widget-sow-editor-base\"\n\t\t\t\n\t\t>\n<div class=\"siteorigin-widget-tinymce textwidget\">\n\t<h2 style=\"text-align: center;\"><strong><span style=\"color: #9d113b; font-family: garamond-lt-regular; font-size: 21px;\">Weitere Standorte<\/span><\/strong><\/h2>\n<p style=\"text-align: center;\"><span style=\"font-family: garamond-lt-regular; font-size: 16px;\">Stadthagen St.Martini-Kirche und Mausoleum,<\/span><br \/>\n<span style=\"font-family: garamond-lt-regular; font-size: 16px;\">Am Kirchhof 3, 31655 Stadthagen<\/span><\/p>\n<p style=\"text-align: center;\"><span style=\"font-family: garamond-lt-regular; font-size: 16px;\">B\u00fcckeburg<\/span><br \/>\n<span style=\"font-family: garamond-lt-regular; font-size: 16px;\">Schlossplatz 1, 31675 B\u00fcckeburg<\/span><\/p>\n<p>&nbsp;<\/p>\n<h2 style=\"text-align: center;\"><strong><span style=\"color: #9d113b; font-family: garamond-lt-regular; font-size: 21px;\">Kontakt<\/span><\/strong><\/h2>\n<p style=\"text-align: center;\"><span style=\"font-family: garamond-lt-regular; font-size: 16px;\">Kulturzentrum<\/span><br \/>\n<span style=\"font-family: garamond-lt-regular; font-size: 16px;\">Weserrenaissance Schloss Bevern<\/span><br \/>\n<span style=\"font-family: garamond-lt-regular; font-size: 16px;\">Erlebniswelt Renaissance<\/span><br \/>\n<span style=\"font-family: garamond-lt-regular; font-size: 16px;\">Cornelia Meyer-L\u00f6hr<\/span><br \/>\n<span style=\"font-family: garamond-lt-regular; font-size: 16px;\">37639 Bevern<\/span><br \/>\n<span style=\"font-family: garamond-lt-regular; font-size: 16px;\">Tel.: 05531 707 148<\/span><br \/>\n<span style=\"font-family: garamond-lt-regular; font-size: 16px;\">Fax: 05531 707 285<\/span><br \/>\n<span style=\"font-family: garamond-lt-regular; font-size: 16px;\">kultur@landkreis-holzminden.de<\/span><\/p>\n<\/div>\n<\/div><\/div><\/div><\/div><\/div>","protected":false},"excerpt":{"rendered":"<p>Die Welt wird zum ersten Mal umsegelt, die Kunst wird durch die Perspektive revolutioniert, die Erde wird als Mittelpunkt des Weltalls von der Sonne abgel\u00f6st und ist von nun an eine Kugel, die Alte Welt lernt die Neue Welt kennen, der Buchdruck wird erfunden \u2013 in der Renaissance folgen sensationelle Entdeckungen, Erfindungen und gewaltige Umw\u00e4lzungen [&hellip;]<\/p>\n","protected":false},"author":1,"featured_media":0,"parent":0,"menu_order":0,"comment_status":"closed","ping_status":"closed","template":"","meta":{"footnotes":""},"class_list":["post-239","page","type-page","status-publish","hentry","post"],"_links":{"self":[{"href":"https:\/\/schloss-bevern.de\/index.php?rest_route=\/wp\/v2\/pages\/239","targetHints":{"allow":["GET"]}}],"collection":[{"href":"https:\/\/schloss-bevern.de\/index.php?rest_route=\/wp\/v2\/pages"}],"about":[{"href":"https:\/\/schloss-bevern.de\/index.php?rest_route=\/wp\/v2\/types\/page"}],"author":[{"embeddable":true,"href":"https:\/\/schloss-bevern.de\/index.php?rest_route=\/wp\/v2\/users\/1"}],"replies":[{"embeddable":true,"href":"https:\/\/schloss-bevern.de\/index.php?rest_route=%2Fwp%2Fv2%2Fcomments&post=239"}],"version-history":[{"count":7,"href":"https:\/\/schloss-bevern.de\/index.php?rest_route=\/wp\/v2\/pages\/239\/revisions"}],"predecessor-version":[{"id":431,"href":"https:\/\/schloss-bevern.de\/index.php?rest_route=\/wp\/v2\/pages\/239\/revisions\/431"}],"wp:attachment":[{"href":"https:\/\/schloss-bevern.de\/index.php?rest_route=%2Fwp%2Fv2%2Fmedia&parent=239"}],"curies":[{"name":"wp","href":"https:\/\/api.w.org\/{rel}","templated":true}]}}