{"id":246,"date":"2025-03-26T09:51:50","date_gmt":"2025-03-26T08:51:50","guid":{"rendered":"https:\/\/schloss-bevern.de\/wp\/?page_id=246"},"modified":"2025-03-28T11:08:27","modified_gmt":"2025-03-28T10:08:27","slug":"datenschutz","status":"publish","type":"page","link":"https:\/\/schloss-bevern.de\/?page_id=246","title":{"rendered":"Datenschutz"},"content":{"rendered":"<div id=\"pl-246\"  class=\"panel-layout\" ><div id=\"pg-246-0\"  class=\"panel-grid panel-no-style\" ><div id=\"pgc-246-0-0\"  class=\"panel-grid-cell\" ><div id=\"panel-246-0-0-0\" class=\"so-panel widget widget_sow-editor panel-first-child panel-last-child\" data-index=\"0\" ><div\n\t\t\t\n\t\t\tclass=\"so-widget-sow-editor so-widget-sow-editor-base\"\n\t\t\t\n\t\t>\n<div class=\"siteorigin-widget-tinymce textwidget\">\n\t<h1 style=\"text-align: center;\"><span style=\"color: #9d113b; font-family: garamond-lt-regular;\">Wir nehmen Datenschutz ernst<\/span><\/h1>\n<p><span style=\"font-family: garamond-lt-regular; font-size: 16px;\">Der Schutz Ihrer Privatsph\u00e4re bei der Verarbeitung pers\u00f6nlicher Daten ist f\u00fcr uns ein wichtiges Anliegen. Wenn Sie unsere Webseite besuchen, speichern unsere Webserver standardm\u00e4\u00dfig die IP Ihres Internet Service Provider, die Webseite, von der aus Sie uns besuchen, die Webseiten, die Sie bei uns besuchen sowie das Datum und die Dauer des Besuches. Diese Informationen sind f\u00fcr die technische \u00dcbertragung der Webseiten und den sicheren Serverbetrieb zwingend erforderlich. Eine personalisierte Auswertung dieser Daten erfolgt nicht.<\/span><\/p>\n<p><span style=\"font-family: garamond-lt-regular; font-size: 16px;\">Sofern Sie uns Daten per Kontakt-Formular senden, werden diese Daten im Zuge der Datensicherung auf unseren Servern gespeichert. Ihre Daten werden von uns ausschlie\u00dflich zur Bearbeitung Ihres Anliegens verwendet. Ihre Daten werden streng vertraulich behandelt. Eine Weitergabe an Dritte erfolgt nicht.<\/span><\/p>\n<p>&nbsp;<\/p>\n<h4 style=\"text-align: center;\"><span style=\"color: #9d113b; font-family: garamond-lt-regular; font-size: 18px;\">Verantwortliche Stelle:<\/span><\/h4>\n<p style=\"text-align: center;\"><span style=\"font-family: garamond-lt-regular; font-size: 18px;\">Landrat Michael Sch\u00fcnemann<\/span><br \/>\n<span style=\"font-family: garamond-lt-regular; font-size: 18px;\">B\u00fcrgermeister-Schrader-Stra\u00dfe 24<\/span><br \/>\n<span style=\"font-family: garamond-lt-regular; font-size: 18px;\">37603 Holzminden<\/span><br \/>\n<span style=\"font-family: garamond-lt-regular; font-size: 18px;\">Telefon: 0 55 31 \/ 707-0<\/span><br \/>\n<span style=\"font-family: garamond-lt-regular; font-size: 18px;\"><a>kreishaus@landkreis-holzminden.de<\/a><\/span><\/p>\n<p>&nbsp;<\/p>\n<p>&nbsp;<\/p>\n<h3 style=\"text-align: center;\"><span style=\"color: #9d113b; font-family: garamond-lt-regular; font-size: 18px;\"><strong>Personenbezogene Daten<\/strong><\/span><\/h3>\n<p><span style=\"font-family: garamond-lt-regular; font-size: 16px;\">Personenbezogene Daten sind Daten \u00fcber Ihre Person. Diese beinhalten Ihren Namen, Ihre Adresse und Ihre Email Adresse. Sie m\u00fcssen auch keine personenbezogenen Daten preisgeben um unsere Internetseite besuchen zu k\u00f6nnen. In einigen F\u00e4llen ben\u00f6tigen wir Ihren Namen und Adresse sowie weitere Informationen um Ihnen die gew\u00fcnschte Dienstleistung anbieten zu k\u00f6nnen.<\/span><\/p>\n<p><span style=\"font-family: garamond-lt-regular; font-size: 16px;\">Das Gleiche gilt f\u00fcr den Fall, dass wir Sie auf Wunsch mit Informationsmaterial beliefern bzw. wenn wir Ihre Anfragen beantworten. In diesen F\u00e4llen werden wir Sie immer darauf hinweisen. Au\u00dferdem speichern wir nur die Daten, die Sie uns automatisch oder freiwillig \u00fcbermittelt haben.<\/span><\/p>\n<p><span style=\"font-family: garamond-lt-regular; font-size: 16px;\">Wenn Sie einen unserer Services nutzen, sammeln wir in der Regel nur die Daten die notwendig sind um Ihnen unseren Service bieten zu k\u00f6nnen. M\u00f6glicherweise fragen wir Sie nach weiteren Informationen, die aber freiwilliger Natur sind. Wann immer wir personenbezogene Daten verarbeiten, tun wir dies um Ihnen unseren Service anbieten zu k\u00f6nnen oder um unsere kommerziellen Ziele zu verfolgen.<\/span><\/p>\n<p>&nbsp;<\/p>\n<h3 style=\"text-align: center;\"><span style=\"color: #9d113b; font-family: garamond-lt-regular; font-size: 18px;\"><strong>Automatisch gespeicherte nicht personenbezogene Daten<\/strong><\/span><\/h3>\n<p><span style=\"font-family: garamond-lt-regular; font-size: 13pt;\"><span style=\"font-size: 16px;\">Wenn Sie unsere Internetseiten besuchen, speichern wir aus administrativen und technischen Gr\u00fcnden bestimmte Informationen. Diese sind: Typ und Version des verwendeten Browsers, Datum und Uhrzeit des Zugriffs, sowie die IP Adresse.<\/span><\/span><\/p>\n<p><span style=\"font-family: garamond-lt-regular; font-size: 16px;\">Diese Daten werden anonymisiert und lediglich f\u00fcr statistische Zwecke bzw. daf\u00fcr verwendet, unsere Internet- und Onlinedienste zu verbessern.<\/span><\/p>\n<p><span style=\"font-family: garamond-lt-regular; font-size: 16px;\">Diese anonymisierten Daten werden - getrennt von personenbezogenen Daten - auf sicheren Systemen gespeichert und k\u00f6nnen keinen individuellen Personen zugeordnet werden. Das bedeutet, dass Ihre personenbezogenen Daten jederzeit gesch\u00fctzt bleiben.<\/span><\/p>\n<p>&nbsp;<\/p>\n<h3 style=\"text-align: center;\"><span style=\"color: #9d113b; font-family: garamond-lt-regular; font-size: 18px;\"><strong>Cookies<\/strong><\/span><\/h3>\n<p><span style=\"font-family: garamond-lt-regular; font-size: 16px;\">Wenn Sie unsere Internetseiten besuchen speichern wir m\u00f6glicherweise Informationen auf Ihrem Computer in Form von Cookies. Cookies sind kleine Dateien die von einem Internetserver an Ihren Browser \u00fcbertragen und auf dessen Festplatte gespeichert werden. Die Rechtsgrundlage f\u00fcr die Verwendung von Cookies stellt dabei Art. 6 Abs. 1 lit f DSGVO dar.<\/span><\/p>\n<p><span style=\"font-family: garamond-lt-regular; font-size: 16px;\">Lediglich die Internet Protokoll Adresse wird hierbei gespeichert \u2013 keine sonstigen personenbezogenen Daten. Diese Information die in den Cookies gespeichert wird erlaubt es, Sie bei dem n\u00e4chsten Besuch auf unserer Internetseite automatisch wiederzuerkennen, wodurch Ihnen die Nutzung erleichtert wird.<\/span><\/p>\n<p><span style=\"font-family: garamond-lt-regular; font-size: 16px;\">Nat\u00fcrlich k\u00f6nnen Sie unsere Internetseiten auch besuchen ohne Cookies zu akzeptieren. Wenn Sie nicht m\u00f6chten, dass Ihr Computer beim n\u00e4chsten Besuch wiedererkannt wird k\u00f6nnen Sie die Verwendung von Cookies auch ablehnen indem Sie die Einstellungen in Ihrem Browser auf \u201eCookies ablehnen\u201c \u00e4ndern. Die jeweilige Vorgehensweise finden Sie in der Bedienungsanleitung Ihres jeweiligen Browsers. Wenn Sie die Verwendung von Cookies ablehnen, kann es jedoch zu Einschr\u00e4nkungen in der Nutzung mancher Bereiche unserer Internetseiten kommen.<\/span><\/p>\n<p>&nbsp;<\/p>\n<h3 style=\"text-align: center;\"><span style=\"color: #9d113b; font-family: garamond-lt-regular; font-size: 18px;\"><strong>Google Doubleclick<\/strong><\/span><\/h3>\n<p><span style=\"font-family: garamond-lt-regular; font-size: 16px;\">Doubleclick by Google ist eine Dienstleistung von Google Inc., 1600 Amphitheatre Parkway, Mountain View, CA 94043, USA (\"Google\"). Doubleclick by Google verwendet Cookies um Ihnen f\u00fcr Sie relevante Werbeanzeigen zu pr\u00e4sentieren. Dabei wird Ihrem Browser eine pseudonyme Identifikationsnummer (ID) zugeordnet, um zu \u00fcberpr\u00fcfen, welche Anzeigen in Ihrem Browser eingeblendet wurden und welche Anzeigen aufgerufen wurden. Die Cookies enthalten keine personenbezogenen Informationen. Die Verwendung der DoubleClick-Cookies erm\u00f6glicht Google und seinen Partner-Webseiten lediglich die Schaltung von Anzeigen auf Basis vorheriger Besuche auf unserer oder anderen Webseiten im Internet. Die durch die Cookies erzeugten Informationen werden von Google zur Auswertung an einen Server in den USA \u00fcbertragen und dort gespeichert. Google beachtet die Datenschutzbestimmungen des \"Privacy Shield\"-Abkommens und ist beim \"Privacy Shield\"-Programm des US-Handelsministeriums registriert. Eine \u00dcbertragung der Daten durch Google an Dritte findet nur aufgrund gesetzlicher Vorschriften oder im Rahmen der Auftragsdatenverarbeitung statt. Keinesfalls wird Google ihre Daten mit anderen von Google erfassten Daten zusammenbringen.<\/span><\/p>\n<p><span style=\"font-family: garamond-lt-regular; font-size: 16px;\">Durch die Nutzung unserer Webseiten erkl\u00e4ren Sie sich mit der Bearbeitung der \u00fcber Sie erhobenen Daten durch Google und der zuvor beschriebenen Art und Weise der Datenverarbeitung sowie dem benannten Zweck einverstanden. Sie k\u00f6nnen die Speicherung der Cookies durch eine entsprechende Einstellung Ihrer Browser-Software verhindern; wir weisen Sie jedoch darauf hin, dass Sie in diesem Fall gegebenenfalls nicht s\u00e4mtliche Funktionen unserer Webseiten vollumf\u00e4nglich werden nutzen k\u00f6nnen. Sie k\u00f6nnen dar\u00fcber hinaus die Erfassung der durch die Cookies erzeugten und auf Ihre Nutzung der Webseiten bezogenen Daten an Google sowie die Verarbeitung dieser Daten durch Google verhindern, indem sie das unter dem folgenden\u00a0 <a href=\"https:\/\/www.google.com\/settings\/ads\/onweb\/\">Link<\/a>\u00a0unter dem Punkt DoubleClick-Deaktivierungserweiterung verf\u00fcgbare Browser-Plugin herunterladen und installieren. Alternativ k\u00f6nnen Sie die Doubleclick-Cookies auch mit diesem Opt-Out deaktivieren.<\/span><\/p>\n<p>&nbsp;<\/p>\n<h3 style=\"text-align: center;\"><span style=\"color: #9d113b; font-family: garamond-lt-regular; font-size: 18px;\"><strong>Google Maps<\/strong><\/span><\/h3>\n<p><span style=\"font-family: garamond-lt-regular; font-size: 16px;\">Diese Website benutzt Google Maps zur Darstellung von Karten und zur Erstellung von Anfahrtspl\u00e4nen.<\/span><br \/>\n<span style=\"font-family: garamond-lt-regular; font-size: 16px;\">Google Maps wird von Google Inc., 1600 Amphitheatre Parkway, Mountain View, CA 94043, USA betrieben.<\/span><br \/>\n<span style=\"font-family: garamond-lt-regular; font-size: 16px;\">Durch die Nutzung von Google Maps auf dieser Website erkl\u00e4ren Sie sich mit der Erfassung, Bearbeitung sowie der Nutzung der automatisch erhobenen sowie der von Ihnen eingegeben Daten durch Google, einer seiner Vertreter, oder Drittanbieter einverstanden.<\/span><br \/>\n<span style=\"font-family: garamond-lt-regular; font-size: 16px;\">Die Nutzungsbedingungen f\u00fcr Google Maps finden Sie <a href=\"https:\/\/www.google.com\/intl\/de_de\/help\/terms_maps.html\">hier<\/a>.<\/span><br \/>\n<span style=\"font-family: garamond-lt-regular; font-size: 16px;\">Die Datenschutzerkl\u00e4rung von Google Maps k\u00f6nnen Sie <a href=\"https:\/\/www.google.de\/intl\/de\/policies\/privacy\/\">hier<\/a> einsehen.<\/span><\/p>\n<p>&nbsp;<\/p>\n<h3 style=\"text-align: center;\"><span style=\"color: #9d113b; font-family: garamond-lt-regular; font-size: 18px;\"><strong>YouTube im erweiterten Datenschutzmodus<\/strong><\/span><\/h3>\n<p><span style=\"font-family: garamond-lt-regular; font-size: 16px;\">Wir setzen zum Einbinden von Videos den Anbieter YouTube ein. Die Videos wurden dabei im erweiterten Datenschutzmodus ingebettet. Wie die meisten Websites verwendet aber auch YouTube Cookies, um Informationen \u00fcber die Besucher ihrer Internetseite zu sammeln. YouTube verwendet diese unter anderem zur Erfassung von Videostatistiken, zur Vermeidung von Betrug und zur Verbesserung der Userfreundlichkeit. Auch f\u00fchrt dies zu einer Verbindungsaufnahme mit dem Google DoubleClick Netzwerk. Wenn Sie das Video starten, k\u00f6nnte dies weitere Datenverarbeitungsvorg\u00e4nge ausl\u00f6sen. Darauf haben wir keinen Einfluss. Weitere Informationen \u00fcber Datenschutz bei YouTube finden Sie in deren Datenschutzerkl\u00e4rung unter: <a href=\"http:\/\/www.youtube.com\/t\/privacy_at_youtube\">http:\/\/www.youtube.com\/t\/privacy_at_youtube<\/a><\/span><\/p>\n<p>&nbsp;<\/p>\n<h3 style=\"text-align: center;\"><span style=\"color: #9d113b; font-family: garamond-lt-regular; font-size: 18px;\"><strong>Sicherheit<\/strong><\/span><\/h3>\n<p><span style=\"font-family: garamond-lt-regular; font-size: 16px;\">Wir haben technische und administrative Sicherheitsvorkehrungen getroffen um Ihre personenbezogenen Daten gegen Verlust, Zerst\u00f6rung, Manipulation und unautorisierten Zugriff zu sch\u00fctzen. All unsere Mitarbeiter sowie f\u00fcr uns t\u00e4tige Dienstleister sind auf die g\u00fcltigen Datenschutzgesetze verpflichtet.<\/span><\/p>\n<p><span style=\"font-family: garamond-lt-regular; font-size: 16px;\">Wann immer wir personenbezogene Daten sammeln und verarbeiten werden diese verschl\u00fcsselt bevor sie \u00fcbertragen werden. Das hei\u00dft, dass Ihre Daten nicht von Dritten missbraucht werden k\u00f6nnen. Unsere Sicherheitsvorkehrungen unterliegen dabei einem st\u00e4ndigen Verbesserungsprozess und unsere Datenschutzerkl\u00e4rungen werden st\u00e4ndig \u00fcberarbeitet. Bitte stellen Sie sicher, dass Ihnen die aktuellste Version vorliegt.<\/span><\/p>\n<p>&nbsp;<\/p>\n<h3 style=\"text-align: center;\"><span style=\"color: #9d113b; font-family: garamond-lt-regular; font-size: 18px;\"><strong>Betroffenenrechte<\/strong><\/span><\/h3>\n<p><span style=\"font-family: garamond-lt-regular; font-size: 16px;\">Bitte kontaktieren Sie uns jederzeit, wenn Sie sich informieren m\u00f6chten welche personenbezogenen Daten wir \u00fcber Sie speichern bzw. wenn Sie diese berichtigen oder l\u00f6schen lassen wollen. Desweiteren haben Sie das Recht auf Einschr\u00e4nkung der Verarbeitung (Art. 18 DSGVO), ein Widerspruchsrechts gegen die Verarbeitung (Art. 21 DSGVO) sowie das Recht auf Daten\u00fcbertragbarkeit (Art. 20 DSGVO).<\/span><\/p>\n<p><span style=\"font-family: garamond-lt-regular; font-size: 16px;\">In diesen F\u00e4llen wenden Sie sich bitte direkt an uns.<\/span><\/p>\n<p>&nbsp;<\/p>\n<h3 style=\"text-align: center;\"><span style=\"color: #9d113b; font-family: garamond-lt-regular; font-size: 18px;\"><strong>\u00c4nderungen dieser Datenschutzerkl\u00e4rung<\/strong><\/span><\/h3>\n<p><span style=\"font-family: garamond-lt-regular; font-size: 16px;\">Wir behalten uns das Recht vor, unsere Datenschutzerkl\u00e4rungen zu \u00e4ndern falls dies aufgrund neuer Technologien notwendig sein sollte. Bitte stellen Sie sicher, dass Ihnen die aktuellste Version vorliegt. Werden an dieser Datenschutzerkl\u00e4rung grundlegende \u00c4nderungen vorgenommen, geben wir diese auf unserer Website bekannt.<\/span><\/p>\n<p>&nbsp;<\/p>\n<p><span style=\"font-family: garamond-lt-regular; font-size: 16px;\">Alle Interessenten und Besucher unserer Internetseite erreichen uns in Datenschutzfragen unter:<\/span><\/p>\n<p>&nbsp;<\/p>\n<p><span style=\"font-family: garamond-lt-regular; font-size: 16px;\">Herrn Christian Volkmer<\/span><br \/>\n<span style=\"font-family: garamond-lt-regular; font-size: 16px;\">Projekt 29 GmbH &amp; Co. KG<\/span><br \/>\n<span style=\"font-family: garamond-lt-regular; font-size: 16px;\">Ostengasse 14<\/span><br \/>\n<span style=\"font-family: garamond-lt-regular; font-size: 16px;\">93047 Regensburg<\/span><\/p>\n<p><span style=\"font-family: garamond-lt-regular; font-size: 16px;\">Tel.: \u00a00941 2986930<\/span><br \/>\n<span style=\"font-family: garamond-lt-regular; font-size: 16px;\">Fax: \u00a00941 29869316<\/span><br \/>\n<span style=\"font-family: garamond-lt-regular; font-size: 16px;\">E-Mail: anfragen@projekt29.de<\/span><br \/>\n<span style=\"font-family: garamond-lt-regular; font-size: 16px;\">Internet: www.projekt29.de<\/span><\/p>\n<p>&nbsp;<\/p>\n<p><span style=\"font-family: garamond-lt-regular; font-size: 16px;\">Sollte unser Datenschutzbeauftragter Ihr Anliegen nicht zu Ihrer Zufriedenheit beantworten k\u00f6nnen, bleibt Ihnen in jedem Falle ihr Recht auf Beschwerde bei der f\u00fcr Ihr Bundesland zust\u00e4ndigen Datenschutz-Aufsichtsbeh\u00f6rde.<\/span><\/p>\n<\/div>\n<\/div><\/div><\/div><\/div><\/div>","protected":false},"excerpt":{"rendered":"<p>Wir nehmen Datenschutz ernst Der Schutz Ihrer Privatsph\u00e4re bei der Verarbeitung pers\u00f6nlicher Daten ist f\u00fcr uns ein wichtiges Anliegen. Wenn Sie unsere Webseite besuchen, speichern unsere Webserver standardm\u00e4\u00dfig die IP Ihres Internet Service Provider, die Webseite, von der aus Sie uns besuchen, die Webseiten, die Sie bei uns besuchen sowie das Datum und die Dauer [&hellip;]<\/p>\n","protected":false},"author":1,"featured_media":0,"parent":0,"menu_order":0,"comment_status":"closed","ping_status":"closed","template":"","meta":{"footnotes":""},"class_list":["post-246","page","type-page","status-publish","hentry","post"],"_links":{"self":[{"href":"https:\/\/schloss-bevern.de\/index.php?rest_route=\/wp\/v2\/pages\/246","targetHints":{"allow":["GET"]}}],"collection":[{"href":"https:\/\/schloss-bevern.de\/index.php?rest_route=\/wp\/v2\/pages"}],"about":[{"href":"https:\/\/schloss-bevern.de\/index.php?rest_route=\/wp\/v2\/types\/page"}],"author":[{"embeddable":true,"href":"https:\/\/schloss-bevern.de\/index.php?rest_route=\/wp\/v2\/users\/1"}],"replies":[{"embeddable":true,"href":"https:\/\/schloss-bevern.de\/index.php?rest_route=%2Fwp%2Fv2%2Fcomments&post=246"}],"version-history":[{"count":8,"href":"https:\/\/schloss-bevern.de\/index.php?rest_route=\/wp\/v2\/pages\/246\/revisions"}],"predecessor-version":[{"id":423,"href":"https:\/\/schloss-bevern.de\/index.php?rest_route=\/wp\/v2\/pages\/246\/revisions\/423"}],"wp:attachment":[{"href":"https:\/\/schloss-bevern.de\/index.php?rest_route=%2Fwp%2Fv2%2Fmedia&parent=246"}],"curies":[{"name":"wp","href":"https:\/\/api.w.org\/{rel}","templated":true}]}}