{"id":266,"date":"2025-03-26T10:00:22","date_gmt":"2025-03-26T09:00:22","guid":{"rendered":"https:\/\/schloss-bevern.de\/wp\/?page_id=266"},"modified":"2025-03-31T07:45:52","modified_gmt":"2025-03-31T05:45:52","slug":"heimat-und-geschichtsverein","status":"publish","type":"page","link":"https:\/\/schloss-bevern.de\/?page_id=266","title":{"rendered":"Heimat- und Geschichtsverein"},"content":{"rendered":"<div id=\"pl-266\"  class=\"panel-layout\" ><div id=\"pg-266-0\"  class=\"panel-grid panel-no-style\" ><div id=\"pgc-266-0-0\"  class=\"panel-grid-cell\" ><div id=\"panel-266-0-0-0\" class=\"so-panel widget widget_sow-editor panel-first-child panel-last-child\" data-index=\"0\" ><div\n\t\t\t\n\t\t\tclass=\"so-widget-sow-editor so-widget-sow-editor-base\"\n\t\t\t\n\t\t>\n<div class=\"siteorigin-widget-tinymce textwidget\">\n\t<p><span style=\"font-family: garamond-lt-regular; font-size: 16px;\">Der Heimat- und Geschichtsverein f\u00fcr Landkreis und Stadt Holzminden e.V. (HGV) wurde am 19. Februar 1983 gegr\u00fcndet, um das Interesse f\u00fcr die Heimat- und Naturkunde sowie f\u00fcr die regionale Geschichte auf breiter Grundlage zu wecken und ihre wissenschaftliche Erforschung zu unterst\u00fctzen. Die Themenbereiche des Heimat und Geschichtsvereins Holzminden umfassen geologische, arch\u00e4ologische, historische, volkskundliche, geographische, naturkundliche, \u00f6kologische und kulturelle Fragen und Forschungen.<\/span><\/p>\n<p><span style=\"font-family: garamond-lt-regular; font-size: 16px;\">Mehr Informationen finden Sie <a href=\"http:\/\/www.hgv-holzminden.de\/home.html\" target=\"_blank\" rel=\"noopener\">hier<\/a>.<\/span><\/p>\n<p>&nbsp;<\/p>\n<\/div>\n<\/div><\/div><\/div><\/div><\/div>","protected":false},"excerpt":{"rendered":"<p>Der Heimat- und Geschichtsverein f\u00fcr Landkreis und Stadt Holzminden e.V. (HGV) wurde am 19. Februar 1983 gegr\u00fcndet, um das Interesse f\u00fcr die Heimat- und Naturkunde sowie f\u00fcr die regionale Geschichte auf breiter Grundlage zu wecken und ihre wissenschaftliche Erforschung zu unterst\u00fctzen. Die Themenbereiche des Heimat und Geschichtsvereins Holzminden umfassen geologische, arch\u00e4ologische, historische, volkskundliche, geographische, naturkundliche, [&hellip;]<\/p>\n","protected":false},"author":1,"featured_media":0,"parent":167,"menu_order":5,"comment_status":"closed","ping_status":"closed","template":"","meta":{"footnotes":""},"class_list":["post-266","page","type-page","status-publish","hentry","post"],"_links":{"self":[{"href":"https:\/\/schloss-bevern.de\/index.php?rest_route=\/wp\/v2\/pages\/266","targetHints":{"allow":["GET"]}}],"collection":[{"href":"https:\/\/schloss-bevern.de\/index.php?rest_route=\/wp\/v2\/pages"}],"about":[{"href":"https:\/\/schloss-bevern.de\/index.php?rest_route=\/wp\/v2\/types\/page"}],"author":[{"embeddable":true,"href":"https:\/\/schloss-bevern.de\/index.php?rest_route=\/wp\/v2\/users\/1"}],"replies":[{"embeddable":true,"href":"https:\/\/schloss-bevern.de\/index.php?rest_route=%2Fwp%2Fv2%2Fcomments&post=266"}],"version-history":[{"count":3,"href":"https:\/\/schloss-bevern.de\/index.php?rest_route=\/wp\/v2\/pages\/266\/revisions"}],"predecessor-version":[{"id":435,"href":"https:\/\/schloss-bevern.de\/index.php?rest_route=\/wp\/v2\/pages\/266\/revisions\/435"}],"up":[{"embeddable":true,"href":"https:\/\/schloss-bevern.de\/index.php?rest_route=\/wp\/v2\/pages\/167"}],"wp:attachment":[{"href":"https:\/\/schloss-bevern.de\/index.php?rest_route=%2Fwp%2Fv2%2Fmedia&parent=266"}],"curies":[{"name":"wp","href":"https:\/\/api.w.org\/{rel}","templated":true}]}}