{"id":268,"date":"2025-03-26T10:01:01","date_gmt":"2025-03-26T09:01:01","guid":{"rendered":"https:\/\/schloss-bevern.de\/wp\/?page_id=268"},"modified":"2026-03-27T12:17:34","modified_gmt":"2026-03-27T11:17:34","slug":"atelier-repfennig","status":"publish","type":"page","link":"https:\/\/schloss-bevern.de\/?page_id=268","title":{"rendered":"Atelier Repfennig"},"content":{"rendered":"<div id=\"pl-268\"  class=\"panel-layout\" ><div id=\"pg-268-0\"  class=\"panel-grid panel-no-style\" ><div id=\"pgc-268-0-0\"  class=\"panel-grid-cell\" ><div id=\"panel-268-0-0-0\" class=\"so-panel widget widget_sow-editor panel-first-child\" data-index=\"0\" ><div\n\t\t\t\n\t\t\tclass=\"so-widget-sow-editor so-widget-sow-editor-base\"\n\t\t\t\n\t\t>\n<div class=\"siteorigin-widget-tinymce textwidget\">\n\t<h2 class=\"wp-block-heading\"><span style=\"color: #9d113b; font-family: garamond-lt-regular;\">Unser Programm 2026<\/span><\/h2>\n<p><span style=\"color: #9d113b; font-family: garamond-lt-regular; font-size: 16px;\"><strong>K\u00fcnstleratelier<\/strong><\/span><\/p>\n<p><span style=\"font-family: garamond-lt-regular;\"><img loading=\"lazy\" decoding=\"async\" class=\" wp-image-436 alignright\" src=\"https:\/\/schloss-bevern.de\/wp\/wp-content\/uploads\/Logo_kopf1-klein.jpg\" alt=\"\" width=\"201\" height=\"201\" srcset=\"https:\/\/schloss-bevern.de\/wp-content\/uploads\/Logo_kopf1-klein.jpg 300w, https:\/\/schloss-bevern.de\/wp-content\/uploads\/Logo_kopf1-klein-150x150.jpg 150w\" sizes=\"auto, (max-width: 201px) 100vw, 201px\" \/><span style=\"font-size: 16px;\">Ein vielseitiges Programm l\u00e4dt alle Kunstinteressierten zum Besuch und Teilnehmen ein und macht das Atelier des K\u00fcnstlers Karl Repfennig (1936 -2021) zu einem Hotspot f\u00fcr individuelle Kultur und Kunst.<\/span><\/span><\/p>\n<p><span style=\"font-family: garamond-lt-regular; font-size: 16px;\">\u00d6ffnungszeiten w\u00e4hrend der Ausstellungen:<\/span><\/p>\n<p><span style=\"font-family: garamond-lt-regular; font-size: 16px;\">Mi, Fr, So 15-17 Uhr und nach Vereinbarung (0176-73889256, E. Kilian)\u00a0<\/span><\/p>\n<p><span style=\"font-family: garamond-lt-regular; font-size: 16px;\">Mehr Information auf <\/span><a href=\"http:\/\/www.hkv-bevern.de\"><span style=\"font-family: garamond-lt-regular;\"><span style=\"font-size: 16px;\">www.hkv-bevern.de<\/span><\/span><\/a><\/p>\n<\/div>\n<\/div><\/div><div id=\"panel-268-0-0-1\" class=\"so-panel widget widget_sow-editor\" data-index=\"1\" ><div\n\t\t\t\n\t\t\tclass=\"so-widget-sow-editor so-widget-sow-editor-base\"\n\t\t\t\n\t\t>\n<div class=\"siteorigin-widget-tinymce textwidget\">\n\t<hr \/>\n<p><span style=\"font-family: garamond-lt-regular; font-size: 16px;\">03. April bis 19. April\u00a0<\/span><br \/>\n<span style=\"color: #9d113b; font-family: garamond-lt-regular; font-size: 16px;\"><strong>AUSSTELLUNG Sarai Meyron: Geschichten der Fotografie<\/strong><\/span><\/p>\n<p>&nbsp;<\/p>\n<p class=\"has-text-align-center\" style=\"text-align: center; font-size: 16px;\"><span style=\"font-family: garamond-lt-regular;\"><strong><img loading=\"lazy\" decoding=\"async\" class=\"wp-image-1496 size-full aligncenter\" src=\"https:\/\/schloss-bevern.de\/wp-content\/uploads\/Sarai.png\" alt=\"\" width=\"142\" height=\"132\" \/><span style=\"color: #9d113b;\">\"Geschichten der Fotografie\u201c<\/span><\/strong><\/span><br \/>\n<span style=\"font-family: garamond-lt-regular; font-size: 16px;\">Sarai Meyron<\/span><\/p>\n<p class=\"has-text-align-center\" style=\"text-align: center; font-size: 16px;\"><span style=\"font-family: garamond-lt-regular;\">Ausstellung vom 03.04. bis zum 19.04.2026<\/span><\/p>\n<p style=\"text-align: center;\"><span style=\"font-family: garamond-lt-regular;\">Eine fotografische Begegnung mit Karl Repfennigs<\/span><br \/>\n<span style=\"font-family: garamond-lt-regular;\">\u201eK\u00f6pfen\u201c \u2013 der Skulptur vor dem Schloss. Alle<\/span><br \/>\n<span style=\"font-family: garamond-lt-regular;\">Arbeiten entstanden w\u00e4hrend des Gastaufenthaltes<\/span><br \/>\n<span style=\"font-family: garamond-lt-regular;\">der K\u00fcnstlerin im Atelier 2025.<\/span><\/p>\n<p>&nbsp;<\/p>\n<\/div>\n<\/div><\/div><div id=\"panel-268-0-0-2\" class=\"so-panel widget widget_sow-editor\" data-index=\"2\" ><div\n\t\t\t\n\t\t\tclass=\"so-widget-sow-editor so-widget-sow-editor-base\"\n\t\t\t\n\t\t>\n<div class=\"siteorigin-widget-tinymce textwidget\">\n\t<hr \/>\n<h5><strong><span style=\"font-family: garamond-lt-regular; color: #9d113b; font-size: 16px;\">Konzert mit Lesung<br \/>\n10. April um 19 Uhr im Atelier Repfennig<\/span><\/strong><\/h5>\n<p>&nbsp;<\/p>\n<p style=\"text-align: center;\"><span style=\"font-family: garamond-lt-regular; font-size: 16px;\"><strong data-wp-editing=\"1\"><img loading=\"lazy\" decoding=\"async\" class=\"wp-image-1292 aligncenter\" src=\"https:\/\/schloss-bevern.de\/wp-content\/uploads\/Veranstaltung-Goldenbaum-Gedichtlesung-259x300.jpg\" alt=\"\" width=\"195\" height=\"226\" srcset=\"https:\/\/schloss-bevern.de\/wp-content\/uploads\/Veranstaltung-Goldenbaum-Gedichtlesung-259x300.jpg 259w, https:\/\/schloss-bevern.de\/wp-content\/uploads\/Veranstaltung-Goldenbaum-Gedichtlesung-883x1024.jpg 883w, https:\/\/schloss-bevern.de\/wp-content\/uploads\/Veranstaltung-Goldenbaum-Gedichtlesung-129x150.jpg 129w, https:\/\/schloss-bevern.de\/wp-content\/uploads\/Veranstaltung-Goldenbaum-Gedichtlesung-768x891.jpg 768w, https:\/\/schloss-bevern.de\/wp-content\/uploads\/Veranstaltung-Goldenbaum-Gedichtlesung.jpg 1086w\" sizes=\"auto, (max-width: 195px) 100vw, 195px\" \/>\"Achtmal Liebe in Wort und Musik\"<\/strong><\/span><\/p>\n<p style=\"text-align: center;\"><span style=\"font-family: garamond-lt-regular;\">Gedichte j\u00fcdischer Poetinnen des 20. Jhs, vertont<\/span><br \/>\n<span style=\"font-family: garamond-lt-regular;\">vom Beveraner Komponisten Jean Goldenbaum,<\/span><br \/>\n<span style=\"font-family: garamond-lt-regular;\">vorgetragen vom Vokalkreis MKV Stadtoldendorf<\/span><br \/>\n<span style=\"font-family: garamond-lt-regular;\">und dem Goldenbaum-Chor.<\/span><\/p>\n<p style=\"text-align: center;\"><span style=\"font-family: garamond-lt-regular;\"><a href=\"http:\/\/www.jeangoldenbaum.com\/\">www.jeangoldenbaum.com<\/a><\/span><\/p>\n<\/div>\n<\/div><\/div><div id=\"panel-268-0-0-3\" class=\"so-panel widget widget_sow-editor\" data-index=\"3\" ><div\n\t\t\t\n\t\t\tclass=\"so-widget-sow-editor so-widget-sow-editor-base\"\n\t\t\t\n\t\t>\n<div class=\"siteorigin-widget-tinymce textwidget\">\n\t<hr \/>\n<p><span style=\"font-family: garamond-lt-regular; font-size: 16px;\">26. April bis 31. Mai |\u00a0 Vernissage am Sonntag, 26. April \u2013 11 Uhr\u00a0<\/span><br \/>\n<span style=\"color: #9d113b; font-family: garamond-lt-regular; font-size: 16px;\"><strong>Ausstellung<br \/>\nIngo Lehnhof: Nackt<\/strong><\/span><\/p>\n<p style=\"text-align: center;\"><span style=\"font-family: garamond-lt-regular;\"><img loading=\"lazy\" decoding=\"async\" class=\" wp-image-1327 aligncenter\" src=\"https:\/\/schloss-bevern.de\/wp-content\/uploads\/Lehnhof-nackt-Ausschnitt-196x300.jpg\" alt=\"\" width=\"137\" height=\"210\" srcset=\"https:\/\/schloss-bevern.de\/wp-content\/uploads\/Lehnhof-nackt-Ausschnitt-196x300.jpg 196w, https:\/\/schloss-bevern.de\/wp-content\/uploads\/Lehnhof-nackt-Ausschnitt-669x1024.jpg 669w, https:\/\/schloss-bevern.de\/wp-content\/uploads\/Lehnhof-nackt-Ausschnitt-98x150.jpg 98w, https:\/\/schloss-bevern.de\/wp-content\/uploads\/Lehnhof-nackt-Ausschnitt-768x1176.jpg 768w, https:\/\/schloss-bevern.de\/wp-content\/uploads\/Lehnhof-nackt-Ausschnitt-1003x1536.jpg 1003w, https:\/\/schloss-bevern.de\/wp-content\/uploads\/Lehnhof-nackt-Ausschnitt.jpg 1151w\" sizes=\"auto, (max-width: 137px) 100vw, 137px\" \/>Nichts f\u00fcr zimperliche Gem\u00fcter! Gezeigt werden<\/span><br \/>\n<span style=\"font-family: garamond-lt-regular;\">\u00d6lbilder mit hemmungslos direkten, humorvollen,<\/span><br \/>\n<span style=\"font-family: garamond-lt-regular;\">ungesch\u00f6nten und nackten M\u00e4nneransichten.<\/span><\/p>\n<\/div>\n<\/div><\/div><div id=\"panel-268-0-0-4\" class=\"so-panel widget widget_sow-editor\" data-index=\"4\" ><div\n\t\t\t\n\t\t\tclass=\"so-widget-sow-editor so-widget-sow-editor-base\"\n\t\t\t\n\t\t>\n<div class=\"siteorigin-widget-tinymce textwidget\">\n\t<hr \/>\n<p><span style=\"font-family: garamond-lt-regular; font-size: 16px;\">Sonntag, 28. Juni - 26. Juli 2026 | Vernissage am 28. Juni - 11 Uhr<\/span><\/p>\n<p><span style=\"color: #9d113b; font-family: garamond-lt-regular; font-size: 16px;\"><strong>Ausstellung mit Musik<br \/>\n<\/strong><\/span><span style=\"color: #9d113b; font-family: garamond-lt-regular; font-size: 16px;\"><strong>From Title to Sound - Bildtitel Karl Repfennigs als Inspiration f\u00fcr Musik<\/strong><\/span><\/p>\n<p style=\"text-align: center;\"><span style=\"font-family: garamond-lt-regular;\"><img loading=\"lazy\" decoding=\"async\" class=\"size-full wp-image-1504 aligncenter\" src=\"https:\/\/schloss-bevern.de\/wp-content\/uploads\/Atleier-kopf.png\" alt=\"\" width=\"175\" height=\"259\" srcset=\"https:\/\/schloss-bevern.de\/wp-content\/uploads\/Atleier-kopf.png 175w, https:\/\/schloss-bevern.de\/wp-content\/uploads\/Atleier-kopf-101x150.png 101w\" sizes=\"auto, (max-width: 175px) 100vw, 175px\" \/><\/span><\/p>\n<p style=\"text-align: center;\"><span style=\"font-family: garamond-lt-regular;\">10 Musiker haben Songs zu Bildtiteln Repfennigs<\/span><br \/>\n<span style=\"font-family: garamond-lt-regular;\">geschrieben. Titel, Bild und Song werden<\/span><br \/>\n<span style=\"font-family: garamond-lt-regular;\">parallel pr\u00e4sentiert und so unterschiedliche<\/span><br \/>\n<span style=\"font-family: garamond-lt-regular;\">Perspektiven auf die Interpretation von Text,<\/span><br \/>\n<span style=\"font-family: garamond-lt-regular;\">Malerei und Musik geboten. Initiiert von dem<\/span><br \/>\n<span style=\"font-family: garamond-lt-regular;\">Holzmindener Musiker R. Aschemeier alias UAP.<\/span><\/p>\n<\/div>\n<\/div><\/div><div id=\"panel-268-0-0-5\" class=\"so-panel widget widget_sow-editor\" data-index=\"5\" ><div\n\t\t\t\n\t\t\tclass=\"so-widget-sow-editor so-widget-sow-editor-base\"\n\t\t\t\n\t\t><h3 class=\"widget-title\">Weitere Angebote im Atelier Repfennig<\/h3>\n<div class=\"siteorigin-widget-tinymce textwidget\">\n\t<hr \/>\n<h3><span style=\"font-family: garamond-lt-regular; font-size: 16px;\"><strong><span style=\"color: #9d113b;\">WORKSHOP - Die Schloss-Schreiber<\/span><\/strong><\/span><\/h3>\n<p style=\"text-align: center;\"><span style=\"font-family: garamond-lt-regular;\"><img loading=\"lazy\" decoding=\"async\" class=\"wp-image-1449 aligncenter\" src=\"https:\/\/schloss-bevern.de\/wp-content\/uploads\/Foto-Ratekrimi-300x300.jpeg\" alt=\"\" width=\"206\" height=\"206\" srcset=\"https:\/\/schloss-bevern.de\/wp-content\/uploads\/Foto-Ratekrimi-300x300.jpeg 300w, https:\/\/schloss-bevern.de\/wp-content\/uploads\/Foto-Ratekrimi-150x150.jpeg 150w, https:\/\/schloss-bevern.de\/wp-content\/uploads\/Foto-Ratekrimi-768x768.jpeg 768w, https:\/\/schloss-bevern.de\/wp-content\/uploads\/Foto-Ratekrimi.jpeg 960w\" sizes=\"auto, (max-width: 206px) 100vw, 206px\" \/>Schreibtreff f\u00fcr Jugendliche ab 14 und junge Erwachsene<\/span><br \/>\n<span style=\"font-family: garamond-lt-regular;\">Anmeldung und Infos bei\u00a0<strong>Nina Schiefelbein<\/strong>\u00a0(<a href=\"mailto:info@nichtenundnarren.de\">info@nichtenundnarren.de<\/a>)<\/span><\/p>\n<\/div>\n<\/div><\/div><div id=\"panel-268-0-0-6\" class=\"so-panel widget widget_sow-editor\" data-index=\"6\" ><div\n\t\t\t\n\t\t\tclass=\"so-widget-sow-editor so-widget-sow-editor-base\"\n\t\t\t\n\t\t>\n<div class=\"siteorigin-widget-tinymce textwidget\">\n\t<hr \/>\n<h3 style=\"text-align: left;\"><span style=\"font-family: garamond-lt-regular; font-size: 16px;\"><strong><span style=\"color: #9d113b;\">WORKSHOP - Die Schloss-Kids<\/span><\/strong><\/span><img loading=\"lazy\" decoding=\"async\" class=\"size-full wp-image-1314 aligncenter\" style=\"font-size: 16px; font-family: garamond-lt-regular;\" src=\"https:\/\/schloss-bevern.de\/wp-content\/uploads\/Logo_Koffer_Akademie.jpg\" alt=\"\" width=\"80\" height=\"74\" \/><img loading=\"lazy\" decoding=\"async\" class=\"size-full wp-image-1510 aligncenter\" src=\"https:\/\/schloss-bevern.de\/wp-content\/uploads\/Schloss-kids.png\" alt=\"\" width=\"144\" height=\"144\" \/><\/h3>\n<p style=\"text-align: center;\"><span style=\"font-family: garamond-lt-regular;\">Kunst-Workshops f\u00fcr junge Schlossentdecker*innen ab 6<\/span><br \/>\n<span style=\"font-family: garamond-lt-regular;\">Anmeldung und Infos bei Anna Pernpeintner<\/span><br \/>\n<span style=\"font-family: garamond-lt-regular;\">(koffer-akademie@gmx.de)<\/span><\/p>\n<\/div>\n<\/div><\/div><div id=\"panel-268-0-0-7\" class=\"so-panel widget widget_sow-editor panel-last-child\" data-index=\"7\" ><div\n\t\t\t\n\t\t\tclass=\"so-widget-sow-editor so-widget-sow-editor-base\"\n\t\t\t\n\t\t>\n<div class=\"siteorigin-widget-tinymce textwidget\">\n\t<hr \/>\n<h3><span style=\"font-family: garamond-lt-regular; font-size: 16px;\"><strong><img loading=\"lazy\" decoding=\"async\" class=\"size-medium wp-image-444 alignright\" src=\"https:\/\/schloss-bevern.de\/wp\/wp-content\/uploads\/offene_Kunstwerksatt-225x300.jpg\" alt=\"\" width=\"225\" height=\"300\" srcset=\"https:\/\/schloss-bevern.de\/wp-content\/uploads\/offene_Kunstwerksatt-225x300.jpg 225w, https:\/\/schloss-bevern.de\/wp-content\/uploads\/offene_Kunstwerksatt-768x1024.jpg 768w, https:\/\/schloss-bevern.de\/wp-content\/uploads\/offene_Kunstwerksatt-113x150.jpg 113w, https:\/\/schloss-bevern.de\/wp-content\/uploads\/offene_Kunstwerksatt-1152x1536.jpg 1152w, https:\/\/schloss-bevern.de\/wp-content\/uploads\/offene_Kunstwerksatt.jpg 1500w\" sizes=\"auto, (max-width: 225px) 100vw, 225px\" \/><span style=\"color: #9d113b;\">Offene Malwerkstatt<\/span><\/strong><\/span><\/h3>\n<h4><strong><span style=\"font-family: garamond-lt-regular; font-size: 16px; color: #9d113b;\">14-t\u00e4gig samstags von 15 -19 Uhr<\/span><\/strong><\/h4>\n<p><span style=\"font-family: garamond-lt-regular; font-size: 16px;\">In der inspirierenden Atmosph\u00e4re des Ateliers kommen Kunstinteressierte zum gemeinsamen Arbeiten und Austausch zusammen.<\/span><\/p>\n<p><span style=\"font-family: garamond-lt-regular; font-size: 16px;\">Mehr Informationen und Anmeldung bei A.Skorka, (0151-14749801) oder I. Mohrmann (01516-1454378)<\/span><\/p>\n<\/div>\n<\/div><\/div><\/div><\/div><\/div>","protected":false},"excerpt":{"rendered":"<p>Unser Programm 2026 K\u00fcnstleratelier Ein vielseitiges Programm l\u00e4dt alle Kunstinteressierten zum Besuch und Teilnehmen ein und macht das Atelier des K\u00fcnstlers Karl Repfennig (1936 -2021) zu einem Hotspot f\u00fcr individuelle Kultur und Kunst. \u00d6ffnungszeiten w\u00e4hrend der Ausstellungen: Mi, Fr, So 15-17 Uhr und nach Vereinbarung (0176-73889256, E. Kilian)\u00a0 Mehr Information auf www.hkv-bevern.de 03. April bis [&hellip;]<\/p>\n","protected":false},"author":1,"featured_media":0,"parent":167,"menu_order":6,"comment_status":"closed","ping_status":"closed","template":"","meta":{"footnotes":""},"class_list":["post-268","page","type-page","status-publish","hentry","post"],"_links":{"self":[{"href":"https:\/\/schloss-bevern.de\/index.php?rest_route=\/wp\/v2\/pages\/268","targetHints":{"allow":["GET"]}}],"collection":[{"href":"https:\/\/schloss-bevern.de\/index.php?rest_route=\/wp\/v2\/pages"}],"about":[{"href":"https:\/\/schloss-bevern.de\/index.php?rest_route=\/wp\/v2\/types\/page"}],"author":[{"embeddable":true,"href":"https:\/\/schloss-bevern.de\/index.php?rest_route=\/wp\/v2\/users\/1"}],"replies":[{"embeddable":true,"href":"https:\/\/schloss-bevern.de\/index.php?rest_route=%2Fwp%2Fv2%2Fcomments&post=268"}],"version-history":[{"count":45,"href":"https:\/\/schloss-bevern.de\/index.php?rest_route=\/wp\/v2\/pages\/268\/revisions"}],"predecessor-version":[{"id":1515,"href":"https:\/\/schloss-bevern.de\/index.php?rest_route=\/wp\/v2\/pages\/268\/revisions\/1515"}],"up":[{"embeddable":true,"href":"https:\/\/schloss-bevern.de\/index.php?rest_route=\/wp\/v2\/pages\/167"}],"wp:attachment":[{"href":"https:\/\/schloss-bevern.de\/index.php?rest_route=%2Fwp%2Fv2%2Fmedia&parent=268"}],"curies":[{"name":"wp","href":"https:\/\/api.w.org\/{rel}","templated":true}]}}