{"id":559,"date":"2025-04-01T11:51:19","date_gmt":"2025-04-01T09:51:19","guid":{"rendered":"https:\/\/schloss-bevern.de\/wp\/?page_id=559"},"modified":"2025-04-01T11:51:19","modified_gmt":"2025-04-01T09:51:19","slug":"frauenort-kreiensen","status":"publish","type":"page","link":"https:\/\/schloss-bevern.de\/?page_id=559","title":{"rendered":"frauenORT Kreiensen"},"content":{"rendered":"<div id=\"pl-559\"  class=\"panel-layout\" ><div id=\"pg-559-0\"  class=\"panel-grid panel-no-style\" ><div id=\"pgc-559-0-0\"  class=\"panel-grid-cell\" ><div id=\"panel-559-0-0-0\" class=\"so-panel widget widget_sow-editor panel-first-child panel-last-child\" data-index=\"0\" ><div\n\t\t\t\n\t\t\tclass=\"so-widget-sow-editor so-widget-sow-editor-base\"\n\t\t\t\n\t\t>\n<div class=\"siteorigin-widget-tinymce textwidget\">\n\t<h3 style=\"text-align: center;\"><span style=\"font-family: garamond-lt-regular; font-size: 18px; color: #9d113b;\"><strong>Nun auch in Kreiensen: frauenORTE Niedersachsen-Ausstellung \u00fcber die Land\u00e4rztin Paula Tobias<\/strong><\/span><\/h3>\n<p><span style=\"font-family: garamond-lt-regular; font-size: 16px;\"><strong>Seit 2017 ist das Kulturzentrum Weserrenaissance Schloss Bevern 34. Standort der frauenORTE Niedersachsen und erinnert unter anderem in Form einer umfassenden Dauerausstellung an die erste Land\u00e4rztin im Braunschweiger Land: Dr. med. Paula Tobias (1886-1970). Seit 15. Dezember wird nun auch in Kreiensen, ihrem ersten Wirkungsort, der beherzten deutsch-j\u00fcdischen Gr\u00fcnderin der ersten regionalen M\u00fctterberatung gedacht.<\/strong><\/span><\/p>\n<p>&nbsp;<\/p>\n<p><span style=\"font-family: garamond-lt-regular; font-size: 16px;\"><img loading=\"lazy\" decoding=\"async\" class=\"alignnone size-medium wp-image-560\" src=\"https:\/\/schloss-bevern.de\/wp\/wp-content\/uploads\/Eroeffnung_Ausstellung_Kreiensen-300x225.jpg\" alt=\"\" width=\"300\" height=\"225\" srcset=\"https:\/\/schloss-bevern.de\/wp-content\/uploads\/Eroeffnung_Ausstellung_Kreiensen-300x225.jpg 300w, https:\/\/schloss-bevern.de\/wp-content\/uploads\/Eroeffnung_Ausstellung_Kreiensen-1024x768.jpg 1024w, https:\/\/schloss-bevern.de\/wp-content\/uploads\/Eroeffnung_Ausstellung_Kreiensen-150x113.jpg 150w, https:\/\/schloss-bevern.de\/wp-content\/uploads\/Eroeffnung_Ausstellung_Kreiensen-768x576.jpg 768w, https:\/\/schloss-bevern.de\/wp-content\/uploads\/Eroeffnung_Ausstellung_Kreiensen-1536x1152.jpg 1536w, https:\/\/schloss-bevern.de\/wp-content\/uploads\/Eroeffnung_Ausstellung_Kreiensen.jpg 1600w\" sizes=\"auto, (max-width: 300px) 100vw, 300px\" \/><\/span><\/p>\n<p><span style=\"font-family: garamond-lt-regular; font-size: 16px;\">Auf Initiative von Gleichstellungsb\u00fcro und Kulturamt der Stadt Einbeck-Kreiensen er\u00f6ffnete im Rathaus ein eigener Zuschnitt der Beveraner Ausstellung mit Schwerpunkt auf Paula Tobias\u2018 Wirken in Kreiensen. Die Biografie gibt das allemal her: Paula Tobias versorgte \u2013 zum Teil als alleinige \u00c4rztin \u2013 die Region in den schweren Kriegsjahren 1914 bis 1917. Es folgten einige Jahre in Delligsen, schlie\u00dflich Bevern, von wo aus sie und ihre Familie 1935 dann angesichts der Macht\u00fcbernahme der Nationalsozialisten in die USA emigrieren mussten.<\/span><\/p>\n<p><span style=\"font-family: garamond-lt-regular; font-size: 16px;\">Mit der Ausstellungser\u00f6ffnung in Kreiensen komplettiert sich nun der Reigen der Informationen an den Lebensstationen von Paula Tobias im fr\u00fcheren Braunschweiger Land.<\/span><\/p>\n<p>&nbsp;<\/p>\n<p><span style=\"font-family: garamond-lt-regular; font-size: 16px;\">Die Dauerausstellung kann zu den \u00d6ffnungszeiten der Verwaltung, Wilhelmstr. 21 in Kreiensen besucht werden. Der Eintritt ist frei.<\/span><\/p>\n<p><span style=\"font-family: garamond-lt-regular; font-size: 16px;\">Weitere Informationen:<\/span><\/p>\n<p><span style=\"font-family: garamond-lt-regular; font-size: 16px;\">Dr. Elke Heege (Stadtmuseum Einbeck)<\/span><br \/>\n<span style=\"font-family: garamond-lt-regular; font-size: 16px;\">E-Mail: <a>eheege@einbeck.de<\/a>; Tel. 0 55 61-916 505<\/span><\/p>\n<p><span style=\"font-family: garamond-lt-regular; font-size: 16px;\">Simone Engelhardt (Gleichstellungsbeauftragte Stadt Einbeck)<\/span><br \/>\n<span style=\"font-family: garamond-lt-regular; font-size: 16px;\">E-Mail: <a>gleichstellung@einbeck.de<\/a>; Tel. 0 55 61 - 916 113<\/span><\/p>\n<p>&nbsp;<\/p>\n<\/div>\n<\/div><\/div><\/div><\/div><\/div>","protected":false},"excerpt":{"rendered":"<p>Nun auch in Kreiensen: frauenORTE Niedersachsen-Ausstellung \u00fcber die Land\u00e4rztin Paula Tobias Seit 2017 ist das Kulturzentrum Weserrenaissance Schloss Bevern 34. Standort der frauenORTE Niedersachsen und erinnert unter anderem in Form einer umfassenden Dauerausstellung an die erste Land\u00e4rztin im Braunschweiger Land: Dr. med. Paula Tobias (1886-1970). Seit 15. Dezember wird nun auch in Kreiensen, ihrem ersten [&hellip;]<\/p>\n","protected":false},"author":1,"featured_media":0,"parent":0,"menu_order":0,"comment_status":"closed","ping_status":"closed","template":"","meta":{"footnotes":""},"class_list":["post-559","page","type-page","status-publish","hentry","post"],"_links":{"self":[{"href":"https:\/\/schloss-bevern.de\/index.php?rest_route=\/wp\/v2\/pages\/559","targetHints":{"allow":["GET"]}}],"collection":[{"href":"https:\/\/schloss-bevern.de\/index.php?rest_route=\/wp\/v2\/pages"}],"about":[{"href":"https:\/\/schloss-bevern.de\/index.php?rest_route=\/wp\/v2\/types\/page"}],"author":[{"embeddable":true,"href":"https:\/\/schloss-bevern.de\/index.php?rest_route=\/wp\/v2\/users\/1"}],"replies":[{"embeddable":true,"href":"https:\/\/schloss-bevern.de\/index.php?rest_route=%2Fwp%2Fv2%2Fcomments&post=559"}],"version-history":[{"count":1,"href":"https:\/\/schloss-bevern.de\/index.php?rest_route=\/wp\/v2\/pages\/559\/revisions"}],"predecessor-version":[{"id":561,"href":"https:\/\/schloss-bevern.de\/index.php?rest_route=\/wp\/v2\/pages\/559\/revisions\/561"}],"wp:attachment":[{"href":"https:\/\/schloss-bevern.de\/index.php?rest_route=%2Fwp%2Fv2%2Fmedia&parent=559"}],"curies":[{"name":"wp","href":"https:\/\/api.w.org\/{rel}","templated":true}]}}

<div id="pl-559"  class="panel-layout" ><div id="pg-559-0"  class="panel-grid panel-no-style" ><div id="pgc-559-0-0"  class="panel-grid-cell" ><div id="panel-559-0-0-0" class="so-panel widget widget_sow-editor panel-first-child panel-last-child" data-index="0" ><div
			
			class="so-widget-sow-editor so-widget-sow-editor-base"
			
		>
<div class="siteorigin-widget-tinymce textwidget">
	<h3 style="text-align: center;"><span style="font-family: garamond-lt-regular; font-size: 18px; color: #9d113b;"><strong>Nun auch in Kreiensen: frauenORTE Niedersachsen-Ausstellung über die Landärztin Paula Tobias</strong></span></h3>
<p><span style="font-family: garamond-lt-regular; font-size: 16px;"><strong>Seit 2017 ist das Kulturzentrum Weserrenaissance Schloss Bevern 34. Standort der frauenORTE Niedersachsen und erinnert unter anderem in Form einer umfassenden Dauerausstellung an die erste Landärztin im Braunschweiger Land: Dr. med. Paula Tobias (1886-1970). Seit 15. Dezember wird nun auch in Kreiensen, ihrem ersten Wirkungsort, der beherzten deutsch-jüdischen Gründerin der ersten regionalen Mütterberatung gedacht.</strong></span></p>
<p>&nbsp;</p>
<p><span style="font-family: garamond-lt-regular; font-size: 16px;"><img loading="lazy" decoding="async" class="alignnone size-medium wp-image-560" src="https://schloss-bevern.de/wp/wp-content/uploads/Eroeffnung_Ausstellung_Kreiensen-300x225.jpg" alt="" width="300" height="225" srcset="https://schloss-bevern.de/wp-content/uploads/Eroeffnung_Ausstellung_Kreiensen-300x225.jpg 300w, https://schloss-bevern.de/wp-content/uploads/Eroeffnung_Ausstellung_Kreiensen-1024x768.jpg 1024w, https://schloss-bevern.de/wp-content/uploads/Eroeffnung_Ausstellung_Kreiensen-150x113.jpg 150w, https://schloss-bevern.de/wp-content/uploads/Eroeffnung_Ausstellung_Kreiensen-768x576.jpg 768w, https://schloss-bevern.de/wp-content/uploads/Eroeffnung_Ausstellung_Kreiensen-1536x1152.jpg 1536w, https://schloss-bevern.de/wp-content/uploads/Eroeffnung_Ausstellung_Kreiensen.jpg 1600w" sizes="auto, (max-width: 300px) 100vw, 300px" /></span></p>
<p><span style="font-family: garamond-lt-regular; font-size: 16px;">Auf Initiative von Gleichstellungsbüro und Kulturamt der Stadt Einbeck-Kreiensen eröffnete im Rathaus ein eigener Zuschnitt der Beveraner Ausstellung mit Schwerpunkt auf Paula Tobias‘ Wirken in Kreiensen. Die Biografie gibt das allemal her: Paula Tobias versorgte – zum Teil als alleinige Ärztin – die Region in den schweren Kriegsjahren 1914 bis 1917. Es folgten einige Jahre in Delligsen, schließlich Bevern, von wo aus sie und ihre Familie 1935 dann angesichts der Machtübernahme der Nationalsozialisten in die USA emigrieren mussten.</span></p>
<p><span style="font-family: garamond-lt-regular; font-size: 16px;">Mit der Ausstellungseröffnung in Kreiensen komplettiert sich nun der Reigen der Informationen an den Lebensstationen von Paula Tobias im früheren Braunschweiger Land.</span></p>
<p>&nbsp;</p>
<p><span style="font-family: garamond-lt-regular; font-size: 16px;">Die Dauerausstellung kann zu den Öffnungszeiten der Verwaltung, Wilhelmstr. 21 in Kreiensen besucht werden. Der Eintritt ist frei.</span></p>
<p><span style="font-family: garamond-lt-regular; font-size: 16px;">Weitere Informationen:</span></p>
<p><span style="font-family: garamond-lt-regular; font-size: 16px;">Dr. Elke Heege (Stadtmuseum Einbeck)</span><br />
<span style="font-family: garamond-lt-regular; font-size: 16px;">E-Mail: <a>eheege@einbeck.de</a>; Tel. 0 55 61-916 505</span></p>
<p><span style="font-family: garamond-lt-regular; font-size: 16px;">Simone Engelhardt (Gleichstellungsbeauftragte Stadt Einbeck)</span><br />
<span style="font-family: garamond-lt-regular; font-size: 16px;">E-Mail: <a>gleichstellung@einbeck.de</a>; Tel. 0 55 61 - 916 113</span></p>
<p>&nbsp;</p>
</div>
</div></div></div></div></div>

<p>Nun auch in Kreiensen: frauenORTE Niedersachsen-Ausstellung über die Landärztin Paula Tobias Seit 2017 ist das Kulturzentrum Weserrenaissance Schloss Bevern 34. Standort der frauenORTE Niedersachsen und erinnert unter anderem in Form einer umfassenden Dauerausstellung an die erste Landärztin im Braunschweiger Land: Dr. med. Paula Tobias (1886-1970). Seit 15. Dezember wird nun auch in Kreiensen, ihrem ersten [&hellip;]</p>
