{"id":60,"date":"2025-03-25T08:41:19","date_gmt":"2025-03-25T07:41:19","guid":{"rendered":"https:\/\/schloss-bevern.de\/wp\/?page_id=60"},"modified":"2026-01-22T09:53:03","modified_gmt":"2026-01-22T08:53:03","slug":"vermietung","status":"publish","type":"page","link":"https:\/\/schloss-bevern.de\/?page_id=60","title":{"rendered":"Vermietung"},"content":{"rendered":"<div id=\"pl-60\"  class=\"panel-layout\" ><div id=\"pg-60-0\"  class=\"panel-grid panel-no-style\" ><div id=\"pgc-60-0-0\"  class=\"panel-grid-cell\" ><div id=\"panel-60-0-0-0\" class=\"so-panel widget widget_sow-editor panel-first-child panel-last-child\" data-index=\"0\" ><div\n\t\t\t\n\t\t\tclass=\"so-widget-sow-editor so-widget-sow-editor-base\"\n\t\t\t\n\t\t>\n<div class=\"siteorigin-widget-tinymce textwidget\">\n\t<p><span style=\"font-family: garamond-lt-regular; font-size: 16px;\">Planen Sie f\u00fcr Ihr Unternehmen eine Tagung, eine Konferenz, ein Seminar, einen Workshop oder einen Empfang f\u00fcr besondere G\u00e4ste in au\u00dfergew\u00f6hnlicher Atmosph\u00e4re? Dann finden Sie bei uns im Kulturzentrum Weserrenaissance Schloss Bevern das richtige Ambiente.<\/span><\/p>\n<p><span style=\"color: #9d113b; font-family: garamond-lt-regular; font-size: 16px;\"><b>F\u00fcr detaillierte Informationen, k\u00f6nnen Sie uns gerne unter der 05531 707 140 anrufen oder uns unter kultur@landkreis-holzminden.de ein E-Mail schreiben<\/b><\/span><\/p>\n<p>&nbsp;<\/p>\n<\/div>\n<\/div><\/div><\/div><\/div><div id=\"pg-60-1\"  class=\"panel-grid panel-no-style\" ><div id=\"pgc-60-1-0\"  class=\"panel-grid-cell\" ><div id=\"panel-60-1-0-0\" class=\"so-panel widget widget_sow-editor panel-first-child panel-last-child\" data-index=\"1\" ><div\n\t\t\t\n\t\t\tclass=\"so-widget-sow-editor so-widget-sow-editor-base\"\n\t\t\t\n\t\t><h3 class=\"widget-title\">Heiraten in der Schlosskapelle<\/h3>\n<div class=\"siteorigin-widget-tinymce textwidget\">\n\t<p><span style=\"font-family: garamond-lt-regular; font-size: 14px;\"><img loading=\"lazy\" decoding=\"async\" class=\"alignleft wp-image-494 \" src=\"https:\/\/schloss-bevern.de\/wp\/wp-content\/uploads\/Bevern_Schloss_150723_Kapelle_04-728x1024.jpg\" alt=\"\" width=\"288\" height=\"405\" srcset=\"https:\/\/schloss-bevern.de\/wp-content\/uploads\/Bevern_Schloss_150723_Kapelle_04-728x1024.jpg 728w, https:\/\/schloss-bevern.de\/wp-content\/uploads\/Bevern_Schloss_150723_Kapelle_04-213x300.jpg 213w, https:\/\/schloss-bevern.de\/wp-content\/uploads\/Bevern_Schloss_150723_Kapelle_04-107x150.jpg 107w, https:\/\/schloss-bevern.de\/wp-content\/uploads\/Bevern_Schloss_150723_Kapelle_04-768x1080.jpg 768w, https:\/\/schloss-bevern.de\/wp-content\/uploads\/Bevern_Schloss_150723_Kapelle_04-1092x1536.jpg 1092w, https:\/\/schloss-bevern.de\/wp-content\/uploads\/Bevern_Schloss_150723_Kapelle_04-1456x2048.jpg 1456w, https:\/\/schloss-bevern.de\/wp-content\/uploads\/Bevern_Schloss_150723_Kapelle_04-scaled.jpg 1821w\" sizes=\"auto, (max-width: 288px) 100vw, 288px\" \/> <span style=\"font-size: 16px;\">Die historische Schlosskapelle wurde 1717 im S\u00fcdfl\u00fcgel eingerichtet. Ein wirklich traumhafter Ort f\u00fcr standesamtliche und kirchliche Trauungen.<\/span><\/span><\/p>\n<p><span style=\"font-family: garamond-lt-regular; font-size: 16px;\">Die Kapelle eignet sich besonders f\u00fcr eine Hochzeit im gro\u00dfen Stil. Gleich die gesamte Hochzeitsgesellschaft kann an der Trauungszeremonie teilnehmen (ca. 145 Sitzpl\u00e4tze). Ihren W\u00fcnschen zur Ausgestaltung der Schlosskapelle stehen wir mit unseren Erfahrungen, im Rahmen des M\u00f6glichen, aufgeschlossen gegen\u00fcber.<\/span><br \/>\n<span style=\"font-family: garamond-lt-regular; font-size: 16px;\">Die Kapelle kann jederzeit von Montag bis Samstag angemietet werden.<\/span><\/p>\n<p><span style=\"font-family: garamond-lt-regular; font-size: 16px; color: #9d113b;\"><strong>Zur Vorbereitung Ihrer standesamtlichen Trauung nehmen Sie bitte auch Kontakt mit dem Standesamt der Samtgemeinde Bevern auf.<\/strong><\/span><\/p>\n<p><span style=\"font-family: garamond-lt-regular; font-size: 16px;\">Haben Sie sich dazu entschieden, auch die kirchliche Hochzeit in der Kapelle vorzunehmen, d\u00fcrfen Sie sich gerne von dem <span style=\"color: #9d113b;\"><strong>Pastor\/Pfarrer<\/strong><\/span> Ihres Vertrauens trauen lassen.<\/span><\/p>\n<p>&nbsp;<\/p>\n<p>&nbsp;<\/p>\n<p>&nbsp;<\/p>\n<p>&nbsp;<\/p>\n<p>&nbsp;<\/p>\n<p><span style=\"font-family: garamond-lt-regular; font-size: 16px;\">Nach der Zeremonie k\u00f6nnen Sie gern im gro\u00dfz\u00fcgigen Foyer der Schlosskapelle einen Sektempfang geben.<\/span><\/p>\n<p><span style=\"font-family: garamond-lt-regular; font-size: 16px;\">Sektgl\u00e4ser stellen wir Ihnen als Service gerne bereit.<\/span><\/p>\n<p>&nbsp;<\/p>\n<p><span style=\"font-family: garamond-lt-regular; font-size: 16px;\"><img loading=\"lazy\" decoding=\"async\" class=\"alignnone wp-image-495 \" src=\"https:\/\/schloss-bevern.de\/wp\/wp-content\/uploads\/Bevern_Schloss_150723_Empfangsraum_Pano-scaled.jpg\" alt=\"\" width=\"796\" height=\"271\" srcset=\"https:\/\/schloss-bevern.de\/wp-content\/uploads\/Bevern_Schloss_150723_Empfangsraum_Pano-scaled.jpg 2560w, https:\/\/schloss-bevern.de\/wp-content\/uploads\/Bevern_Schloss_150723_Empfangsraum_Pano-300x102.jpg 300w, https:\/\/schloss-bevern.de\/wp-content\/uploads\/Bevern_Schloss_150723_Empfangsraum_Pano-1024x348.jpg 1024w, https:\/\/schloss-bevern.de\/wp-content\/uploads\/Bevern_Schloss_150723_Empfangsraum_Pano-150x51.jpg 150w, https:\/\/schloss-bevern.de\/wp-content\/uploads\/Bevern_Schloss_150723_Empfangsraum_Pano-768x261.jpg 768w, https:\/\/schloss-bevern.de\/wp-content\/uploads\/Bevern_Schloss_150723_Empfangsraum_Pano-1536x523.jpg 1536w, https:\/\/schloss-bevern.de\/wp-content\/uploads\/Bevern_Schloss_150723_Empfangsraum_Pano-2048x697.jpg 2048w\" sizes=\"auto, (max-width: 796px) 100vw, 796px\" \/><\/span><\/p>\n<p><span style=\"font-family: garamond-lt-regular; font-size: 16px;\">Wir k\u00f6nnen leider keine Location f\u00fcr die anschlie\u00dfende Feier anbieten. Der Sektempfang ist im Foyer vor der Schlosskapelle m\u00f6glich.<\/span><\/p>\n<p><span style=\"font-family: garamond-lt-regular; font-size: 16px;\">Sollten wir Ihr Interesse geweckt haben, dann \u201etrauen Sie sich\u201c.<\/span><br \/>\n<span style=\"font-family: garamond-lt-regular; font-size: 16px;\">Nehmen Sie gern Kontakt mit uns im Weserrenaissance Schloss Bevern auf :<\/span><\/p>\n<p><span style=\"font-family: garamond-lt-regular; font-size: 16px; color: #9d113b;\"><strong>Kulturzentrum Weserrenaissance Schloss Bevern<\/strong><\/span><br \/>\n<span style=\"font-family: garamond-lt-regular; font-size: 16px;\">37639 Bevern<\/span><br \/>\n<span style=\"font-family: garamond-lt-regular; font-size: 16px;\">Tel.: 05531 707-140<\/span><br \/>\n<span style=\"font-family: garamond-lt-regular; font-size: 16px;\">Fax: 05531 707-147<\/span><br \/>\n<span style=\"font-family: garamond-lt-regular; font-size: 16px;\">kultur@landkreis-holzminden.de<\/span><\/p>\n<p>&nbsp;<\/p>\n<p><span style=\"font-family: garamond-lt-regular; font-size: 16px; color: #9d113b;\"><strong>Standesamt Samtgemeinde Bevern<\/strong><\/span><br \/>\n<span style=\"font-family: garamond-lt-regular; font-size: 16px;\">Angerstra\u00dfe<\/span><br \/>\n<span style=\"font-family: garamond-lt-regular; font-size: 16px;\">37639 Bevern<\/span><br \/>\n<span style=\"font-family: garamond-lt-regular; font-size: 16px;\">Tel.: 05531 9944 23<\/span><\/p>\n<p>&nbsp;<\/p>\n<\/div>\n<\/div><\/div><\/div><\/div><div id=\"pg-60-2\"  class=\"panel-grid panel-no-style\" ><div id=\"pgc-60-2-0\"  class=\"panel-grid-cell\" ><div id=\"panel-60-2-0-0\" class=\"so-panel widget widget_sow-editor panel-first-child panel-last-child\" data-index=\"2\" ><div\n\t\t\t\n\t\t\tclass=\"so-widget-sow-editor so-widget-sow-editor-base\"\n\t\t\t\n\t\t><h3 class=\"widget-title\">Raumangebote<\/h3>\n<div class=\"siteorigin-widget-tinymce textwidget\">\n\t<p><span style=\"font-family: garamond-lt-regular; font-size: 16px;\">Wir haben uns spezialisiert auf Angebote f\u00fcr kleinere Gruppen bis ca. 145 Personen und bieten nebeneinander liegende Tagungsr\u00e4ume f\u00fcr Teamarbeit an.<\/span><\/p>\n<ul>\n<li><span style=\"font-family: garamond-lt-regular; font-size: 16px;\">Schlosskapelle: <\/span>\n<ul>\n<li><span style=\"font-family: garamond-lt-regular; font-size: 16px;\">182qm<\/span><\/li>\n<li><span style=\"font-family: garamond-lt-regular; font-size: 16px;\">145 St\u00fchle<\/span><\/li>\n<li><span style=\"font-family: garamond-lt-regular; font-size: 16px;\"> 18 + 17 St\u00fchle und Tische<\/span><\/li>\n<\/ul>\n<\/li>\n<li><span style=\"font-family: garamond-lt-regular; font-size: 16px;\">Foyer<\/span>\n<ul>\n<li><span style=\"font-family: garamond-lt-regular; font-size: 16px;\">26qm<\/span><\/li>\n<li><span style=\"font-family: garamond-lt-regular; font-size: 16px;\">0 St\u00fchle<\/span><\/li>\n<li><span style=\"font-family: garamond-lt-regular; font-size: 16px;\">0 + 0 St\u00fchle und Tische<\/span><\/li>\n<\/ul>\n<\/li>\n<\/ul>\n<p><span style=\"font-family: garamond-lt-regular; font-size: 16px;\">Wegen Ihrer individuellen Ausstattungsw\u00fcnsche (z.B. B\u00fchne, Rednerpult, Ton\/Mikrofon, Beschallung, Beamer, Leinwand etc.) nehmen Sie bitte Kontakt mit uns auf.<\/span><\/p>\n<p>&nbsp;<\/p>\n<\/div>\n<\/div><\/div><\/div><\/div><div id=\"pg-60-3\"  class=\"panel-grid panel-no-style\" ><div id=\"pgc-60-3-0\"  class=\"panel-grid-cell\" ><div id=\"panel-60-3-0-0\" class=\"so-panel widget widget_sow-editor panel-first-child panel-last-child\" data-index=\"3\" ><div\n\t\t\t\n\t\t\tclass=\"so-widget-sow-editor so-widget-sow-editor-base\"\n\t\t\t\n\t\t><h3 class=\"widget-title\">\u00dcbernachtung<\/h3>\n<div class=\"siteorigin-widget-tinymce textwidget\">\n\t<p><span style=\"font-family: garamond-lt-regular; font-size: 16px;\">Der Ort Bevern und das umliegende Weserbergland bietet zahlreiche \u00dcbernachtungsm\u00f6glichkeiten in jeder Preisklasse und f\u00fcr jeden Anspruch. Genie\u00dfen Sie ein paar herrliche Tage in der sch\u00f6nen Natur und besuchen Sie die vielen Sehensw\u00fcrdigkeiten, die diese Region aufzuweisen hat.<\/span><\/p>\n<h5><\/h5>\n<h5><span style=\"color: #9d113b; font-size: 16px; font-family: garamond-lt-regular;\">Tourist-Information im Schloss<\/span><\/h5>\n<p><span style=\"font-family: garamond-lt-regular; font-size: 16px;\">37639 Bevern<\/span><br \/>\n<span style=\"font-family: garamond-lt-regular; font-size: 16px;\">Tel.: 05531 707 148<\/span><br \/>\n<span style=\"font-family: garamond-lt-regular; font-size: 16px;\">Fax: 05531 707 285<\/span><br \/>\n<span style=\"font-family: garamond-lt-regular; font-size: 16px;\">kultur@landkreis-holzminden.de<\/span><\/p>\n<p>&nbsp;<\/p>\n<h5><span style=\"color: #9d113b; font-size: 16px; font-family: garamond-lt-regular;\">Stadtmarketing Holzminden<\/span><\/h5>\n<p><span style=\"font-family: garamond-lt-regular;\">Ob. Str. 45<\/span><br \/>\n<span style=\"font-family: garamond-lt-regular; font-size: 16px;\">37603 Holzminden<\/span><br \/>\n<span style=\"font-family: garamond-lt-regular; font-size: 16px;\">Tel.: 05531 99 05 310<\/span><br \/>\n<span style=\"font-family: garamond-lt-regular; font-size: 16px;\">info@stadtmarketing-holzminden.de<\/span><\/p>\n<p>&nbsp;<\/p>\n<h5><span style=\"color: #9d113b; font-family: garamond-lt-regular; font-size: 16px;\">Touristikzentrum Solling-Vogler-Region im Weserbergland<\/span><\/h5>\n<p><span style=\"font-family: garamond-lt-regular; font-size: 16px;\">Lindenstra\u00dfe 8<\/span><br \/>\n<span style=\"font-family: garamond-lt-regular; font-size: 16px;\">37603 Neuhaus<\/span><br \/>\n<span style=\"font-family: garamond-lt-regular; font-size: 16px;\">Tel.: 05536 96 09 70<\/span><br \/>\n<span style=\"font-family: garamond-lt-regular; font-size: 16px;\">info@solling-vogler-region.de<\/span><\/p>\n<p>&nbsp;<\/p>\n<\/div>\n<\/div><\/div><\/div><\/div><\/div>","protected":false},"excerpt":{"rendered":"<p>Planen Sie f\u00fcr Ihr Unternehmen eine Tagung, eine Konferenz, ein Seminar, einen Workshop oder einen Empfang f\u00fcr besondere G\u00e4ste in au\u00dfergew\u00f6hnlicher Atmosph\u00e4re? Dann finden Sie bei uns im Kulturzentrum Weserrenaissance Schloss Bevern das richtige Ambiente. F\u00fcr detaillierte Informationen, k\u00f6nnen Sie uns gerne unter der 05531 707 140 anrufen oder uns unter kultur@landkreis-holzminden.de ein E-Mail schreiben [&hellip;]<\/p>\n","protected":false},"author":1,"featured_media":0,"parent":0,"menu_order":0,"comment_status":"closed","ping_status":"closed","template":"","meta":{"footnotes":""},"class_list":["post-60","page","type-page","status-publish","hentry","post"],"_links":{"self":[{"href":"https:\/\/schloss-bevern.de\/index.php?rest_route=\/wp\/v2\/pages\/60","targetHints":{"allow":["GET"]}}],"collection":[{"href":"https:\/\/schloss-bevern.de\/index.php?rest_route=\/wp\/v2\/pages"}],"about":[{"href":"https:\/\/schloss-bevern.de\/index.php?rest_route=\/wp\/v2\/types\/page"}],"author":[{"embeddable":true,"href":"https:\/\/schloss-bevern.de\/index.php?rest_route=\/wp\/v2\/users\/1"}],"replies":[{"embeddable":true,"href":"https:\/\/schloss-bevern.de\/index.php?rest_route=%2Fwp%2Fv2%2Fcomments&post=60"}],"version-history":[{"count":14,"href":"https:\/\/schloss-bevern.de\/index.php?rest_route=\/wp\/v2\/pages\/60\/revisions"}],"predecessor-version":[{"id":1199,"href":"https:\/\/schloss-bevern.de\/index.php?rest_route=\/wp\/v2\/pages\/60\/revisions\/1199"}],"wp:attachment":[{"href":"https:\/\/schloss-bevern.de\/index.php?rest_route=%2Fwp%2Fv2%2Fmedia&parent=60"}],"curies":[{"name":"wp","href":"https:\/\/api.w.org\/{rel}","templated":true}]}}

<div id="pl-60"  class="panel-layout" ><div id="pg-60-0"  class="panel-grid panel-no-style" ><div id="pgc-60-0-0"  class="panel-grid-cell" ><div id="panel-60-0-0-0" class="so-panel widget widget_sow-editor panel-first-child panel-last-child" data-index="0" ><div
			
			class="so-widget-sow-editor so-widget-sow-editor-base"
			
		>
<div class="siteorigin-widget-tinymce textwidget">
	<p><span style="font-family: garamond-lt-regular; font-size: 16px;">Planen Sie für Ihr Unternehmen eine Tagung, eine Konferenz, ein Seminar, einen Workshop oder einen Empfang für besondere Gäste in außergewöhnlicher Atmosphäre? Dann finden Sie bei uns im Kulturzentrum Weserrenaissance Schloss Bevern das richtige Ambiente.</span></p>
<p><span style="color: #9d113b; font-family: garamond-lt-regular; font-size: 16px;"><b>Für detaillierte Informationen, können Sie uns gerne unter der 05531 707 140 anrufen oder uns unter kultur@landkreis-holzminden.de ein E-Mail schreiben</b></span></p>
<p>&nbsp;</p>
</div>
</div></div></div></div><div id="pg-60-1"  class="panel-grid panel-no-style" ><div id="pgc-60-1-0"  class="panel-grid-cell" ><div id="panel-60-1-0-0" class="so-panel widget widget_sow-editor panel-first-child panel-last-child" data-index="1" ><div
			
			class="so-widget-sow-editor so-widget-sow-editor-base"
			
		><h3 class="widget-title">Heiraten in der Schlosskapelle</h3>
<div class="siteorigin-widget-tinymce textwidget">
	<p><span style="font-family: garamond-lt-regular; font-size: 14px;"><img loading="lazy" decoding="async" class="alignleft wp-image-494 " src="https://schloss-bevern.de/wp/wp-content/uploads/Bevern_Schloss_150723_Kapelle_04-728x1024.jpg" alt="" width="288" height="405" srcset="https://schloss-bevern.de/wp-content/uploads/Bevern_Schloss_150723_Kapelle_04-728x1024.jpg 728w, https://schloss-bevern.de/wp-content/uploads/Bevern_Schloss_150723_Kapelle_04-213x300.jpg 213w, https://schloss-bevern.de/wp-content/uploads/Bevern_Schloss_150723_Kapelle_04-107x150.jpg 107w, https://schloss-bevern.de/wp-content/uploads/Bevern_Schloss_150723_Kapelle_04-768x1080.jpg 768w, https://schloss-bevern.de/wp-content/uploads/Bevern_Schloss_150723_Kapelle_04-1092x1536.jpg 1092w, https://schloss-bevern.de/wp-content/uploads/Bevern_Schloss_150723_Kapelle_04-1456x2048.jpg 1456w, https://schloss-bevern.de/wp-content/uploads/Bevern_Schloss_150723_Kapelle_04-scaled.jpg 1821w" sizes="auto, (max-width: 288px) 100vw, 288px" /> <span style="font-size: 16px;">Die historische Schlosskapelle wurde 1717 im Südflügel eingerichtet. Ein wirklich traumhafter Ort für standesamtliche und kirchliche Trauungen.</span></span></p>
<p><span style="font-family: garamond-lt-regular; font-size: 16px;">Die Kapelle eignet sich besonders für eine Hochzeit im großen Stil. Gleich die gesamte Hochzeitsgesellschaft kann an der Trauungszeremonie teilnehmen (ca. 145 Sitzplätze). Ihren Wünschen zur Ausgestaltung der Schlosskapelle stehen wir mit unseren Erfahrungen, im Rahmen des Möglichen, aufgeschlossen gegenüber.</span><br />
<span style="font-family: garamond-lt-regular; font-size: 16px;">Die Kapelle kann jederzeit von Montag bis Samstag angemietet werden.</span></p>
<p><span style="font-family: garamond-lt-regular; font-size: 16px; color: #9d113b;"><strong>Zur Vorbereitung Ihrer standesamtlichen Trauung nehmen Sie bitte auch Kontakt mit dem Standesamt der Samtgemeinde Bevern auf.</strong></span></p>
<p><span style="font-family: garamond-lt-regular; font-size: 16px;">Haben Sie sich dazu entschieden, auch die kirchliche Hochzeit in der Kapelle vorzunehmen, dürfen Sie sich gerne von dem <span style="color: #9d113b;"><strong>Pastor/Pfarrer</strong></span> Ihres Vertrauens trauen lassen.</span></p>
<p>&nbsp;</p>
<p>&nbsp;</p>
<p>&nbsp;</p>
<p>&nbsp;</p>
<p>&nbsp;</p>
<p><span style="font-family: garamond-lt-regular; font-size: 16px;">Nach der Zeremonie können Sie gern im großzügigen Foyer der Schlosskapelle einen Sektempfang geben.</span></p>
<p><span style="font-family: garamond-lt-regular; font-size: 16px;">Sektgläser stellen wir Ihnen als Service gerne bereit.</span></p>
<p>&nbsp;</p>
<p><span style="font-family: garamond-lt-regular; font-size: 16px;"><img loading="lazy" decoding="async" class="alignnone wp-image-495 " src="https://schloss-bevern.de/wp/wp-content/uploads/Bevern_Schloss_150723_Empfangsraum_Pano-scaled.jpg" alt="" width="796" height="271" srcset="https://schloss-bevern.de/wp-content/uploads/Bevern_Schloss_150723_Empfangsraum_Pano-scaled.jpg 2560w, https://schloss-bevern.de/wp-content/uploads/Bevern_Schloss_150723_Empfangsraum_Pano-300x102.jpg 300w, https://schloss-bevern.de/wp-content/uploads/Bevern_Schloss_150723_Empfangsraum_Pano-1024x348.jpg 1024w, https://schloss-bevern.de/wp-content/uploads/Bevern_Schloss_150723_Empfangsraum_Pano-150x51.jpg 150w, https://schloss-bevern.de/wp-content/uploads/Bevern_Schloss_150723_Empfangsraum_Pano-768x261.jpg 768w, https://schloss-bevern.de/wp-content/uploads/Bevern_Schloss_150723_Empfangsraum_Pano-1536x523.jpg 1536w, https://schloss-bevern.de/wp-content/uploads/Bevern_Schloss_150723_Empfangsraum_Pano-2048x697.jpg 2048w" sizes="auto, (max-width: 796px) 100vw, 796px" /></span></p>
<p><span style="font-family: garamond-lt-regular; font-size: 16px;">Wir können leider keine Location für die anschließende Feier anbieten. Der Sektempfang ist im Foyer vor der Schlosskapelle möglich.</span></p>
<p><span style="font-family: garamond-lt-regular; font-size: 16px;">Sollten wir Ihr Interesse geweckt haben, dann „trauen Sie sich“.</span><br />
<span style="font-family: garamond-lt-regular; font-size: 16px;">Nehmen Sie gern Kontakt mit uns im Weserrenaissance Schloss Bevern auf :</span></p>
<p><span style="font-family: garamond-lt-regular; font-size: 16px; color: #9d113b;"><strong>Kulturzentrum Weserrenaissance Schloss Bevern</strong></span><br />
<span style="font-family: garamond-lt-regular; font-size: 16px;">37639 Bevern</span><br />
<span style="font-family: garamond-lt-regular; font-size: 16px;">Tel.: 05531 707-140</span><br />
<span style="font-family: garamond-lt-regular; font-size: 16px;">Fax: 05531 707-147</span><br />
<span style="font-family: garamond-lt-regular; font-size: 16px;">kultur@landkreis-holzminden.de</span></p>
<p>&nbsp;</p>
<p><span style="font-family: garamond-lt-regular; font-size: 16px; color: #9d113b;"><strong>Standesamt Samtgemeinde Bevern</strong></span><br />
<span style="font-family: garamond-lt-regular; font-size: 16px;">Angerstraße</span><br />
<span style="font-family: garamond-lt-regular; font-size: 16px;">37639 Bevern</span><br />
<span style="font-family: garamond-lt-regular; font-size: 16px;">Tel.: 05531 9944 23</span></p>
<p>&nbsp;</p>
</div>
</div></div></div></div><div id="pg-60-2"  class="panel-grid panel-no-style" ><div id="pgc-60-2-0"  class="panel-grid-cell" ><div id="panel-60-2-0-0" class="so-panel widget widget_sow-editor panel-first-child panel-last-child" data-index="2" ><div
			
			class="so-widget-sow-editor so-widget-sow-editor-base"
			
		><h3 class="widget-title">Raumangebote</h3>
<div class="siteorigin-widget-tinymce textwidget">
	<p><span style="font-family: garamond-lt-regular; font-size: 16px;">Wir haben uns spezialisiert auf Angebote für kleinere Gruppen bis ca. 145 Personen und bieten nebeneinander liegende Tagungsräume für Teamarbeit an.</span></p>
<ul>
<li><span style="font-family: garamond-lt-regular; font-size: 16px;">Schlosskapelle: </span>
<ul>
<li><span style="font-family: garamond-lt-regular; font-size: 16px;">182qm</span></li>
<li><span style="font-family: garamond-lt-regular; font-size: 16px;">145 Stühle</span></li>
<li><span style="font-family: garamond-lt-regular; font-size: 16px;"> 18 + 17 Stühle und Tische</span></li>
</ul>
</li>
<li><span style="font-family: garamond-lt-regular; font-size: 16px;">Foyer</span>
<ul>
<li><span style="font-family: garamond-lt-regular; font-size: 16px;">26qm</span></li>
<li><span style="font-family: garamond-lt-regular; font-size: 16px;">0 Stühle</span></li>
<li><span style="font-family: garamond-lt-regular; font-size: 16px;">0 + 0 Stühle und Tische</span></li>
</ul>
</li>
</ul>
<p><span style="font-family: garamond-lt-regular; font-size: 16px;">Wegen Ihrer individuellen Ausstattungswünsche (z.B. Bühne, Rednerpult, Ton/Mikrofon, Beschallung, Beamer, Leinwand etc.) nehmen Sie bitte Kontakt mit uns auf.</span></p>
<p>&nbsp;</p>
</div>
</div></div></div></div><div id="pg-60-3"  class="panel-grid panel-no-style" ><div id="pgc-60-3-0"  class="panel-grid-cell" ><div id="panel-60-3-0-0" class="so-panel widget widget_sow-editor panel-first-child panel-last-child" data-index="3" ><div
			
			class="so-widget-sow-editor so-widget-sow-editor-base"
			
		><h3 class="widget-title">Übernachtung</h3>
<div class="siteorigin-widget-tinymce textwidget">
	<p><span style="font-family: garamond-lt-regular; font-size: 16px;">Der Ort Bevern und das umliegende Weserbergland bietet zahlreiche Übernachtungsmöglichkeiten in jeder Preisklasse und für jeden Anspruch. Genießen Sie ein paar herrliche Tage in der schönen Natur und besuchen Sie die vielen Sehenswürdigkeiten, die diese Region aufzuweisen hat.</span></p>
<h5></h5>
<h5><span style="color: #9d113b; font-size: 16px; font-family: garamond-lt-regular;">Tourist-Information im Schloss</span></h5>
<p><span style="font-family: garamond-lt-regular; font-size: 16px;">37639 Bevern</span><br />
<span style="font-family: garamond-lt-regular; font-size: 16px;">Tel.: 05531 707 148</span><br />
<span style="font-family: garamond-lt-regular; font-size: 16px;">Fax: 05531 707 285</span><br />
<span style="font-family: garamond-lt-regular; font-size: 16px;">kultur@landkreis-holzminden.de</span></p>
<p>&nbsp;</p>
<h5><span style="color: #9d113b; font-size: 16px; font-family: garamond-lt-regular;">Stadtmarketing Holzminden</span></h5>
<p><span style="font-family: garamond-lt-regular;">Ob. Str. 45</span><br />
<span style="font-family: garamond-lt-regular; font-size: 16px;">37603 Holzminden</span><br />
<span style="font-family: garamond-lt-regular; font-size: 16px;">Tel.: 05531 99 05 310</span><br />
<span style="font-family: garamond-lt-regular; font-size: 16px;">info@stadtmarketing-holzminden.de</span></p>
<p>&nbsp;</p>
<h5><span style="color: #9d113b; font-family: garamond-lt-regular; font-size: 16px;">Touristikzentrum Solling-Vogler-Region im Weserbergland</span></h5>
<p><span style="font-family: garamond-lt-regular; font-size: 16px;">Lindenstraße 8</span><br />
<span style="font-family: garamond-lt-regular; font-size: 16px;">37603 Neuhaus</span><br />
<span style="font-family: garamond-lt-regular; font-size: 16px;">Tel.: 05536 96 09 70</span><br />
<span style="font-family: garamond-lt-regular; font-size: 16px;">info@solling-vogler-region.de</span></p>
<p>&nbsp;</p>
</div>
</div></div></div></div></div>

<p>Planen Sie für Ihr Unternehmen eine Tagung, eine Konferenz, ein Seminar, einen Workshop oder einen Empfang für besondere Gäste in außergewöhnlicher Atmosphäre? Dann finden Sie bei uns im Kulturzentrum Weserrenaissance Schloss Bevern das richtige Ambiente. Für detaillierte Informationen, können Sie uns gerne unter der 05531 707 140 anrufen oder uns unter kultur@landkreis-holzminden.de ein E-Mail schreiben [&hellip;]</p>
