{"id":705,"date":"2025-04-09T10:59:46","date_gmt":"2025-04-09T08:59:46","guid":{"rendered":"https:\/\/schloss-bevern.de\/wp\/?post_type=tribe_events&#038;p=705"},"modified":"2025-04-09T10:59:46","modified_gmt":"2025-04-09T08:59:46","slug":"wo-bin-ich-hier-gelandet","status":"publish","type":"tribe_events","link":"https:\/\/schloss-bevern.de\/?tribe_events=wo-bin-ich-hier-gelandet","title":{"rendered":"Wo bin ich hier gelandet"},"content":{"rendered":"<div class=\"field_line\">\n<div class=\"field_value\">\n<p><span style=\"font-family: garamond-lt-regular; font-size: 16px;\">Ausstellung Ana Laibach<\/span><br \/>\n<span style=\"font-family: garamond-lt-regular; font-size: 16px;\">27. April bis 25. Mai<\/span><br \/>\n<span style=\"font-family: garamond-lt-regular; font-size: 16px;\"><strong>Vernissage 27. April, 11 Uhr<\/strong><\/span><\/p>\n<p><span style=\"font-family: garamond-lt-regular; font-size: 16px;\"><img loading=\"lazy\" decoding=\"async\" class=\"alignleft\" src=\"http:\/\/schloss-bevern.de\/media\/2025\/Ana_Laibach_klein.jpg\" width=\"216\" height=\"135\" \/>Die Mannheimer K\u00fcnstlerin Ana Laibach war in 2024 Artist-in-Residence und pr\u00e4sentiert nun Werke, die inspiriert von den Besonderheiten des Ortes w\u00e4hrend des Gastaufenthaltes entstanden.<\/span><\/p>\n<\/div>\n<\/div>\n","protected":false},"excerpt":{"rendered":"<p>Ausstellung Ana Laibach 27. April bis 25. Mai Vernissage 27. April, 11 Uhr Die Mannheimer K\u00fcnstlerin Ana Laibach war in 2024 Artist-in-Residence und pr\u00e4sentiert nun Werke, die inspiriert von den Besonderheiten des Ortes w\u00e4hrend des Gastaufenthaltes entstanden.<\/p>\n","protected":false},"author":1,"featured_media":0,"template":"","meta":{"_tribe_events_status":"","_tribe_events_status_reason":"","footnotes":""},"tags":[],"tribe_events_cat":[13],"class_list":["post-705","tribe_events","type-tribe_events","status-publish","hentry","tribe_events_cat-ausstellung","cat_ausstellung","post"],"_links":{"self":[{"href":"https:\/\/schloss-bevern.de\/index.php?rest_route=\/wp\/v2\/tribe_events\/705","targetHints":{"allow":["GET"]}}],"collection":[{"href":"https:\/\/schloss-bevern.de\/index.php?rest_route=\/wp\/v2\/tribe_events"}],"about":[{"href":"https:\/\/schloss-bevern.de\/index.php?rest_route=\/wp\/v2\/types\/tribe_events"}],"author":[{"embeddable":true,"href":"https:\/\/schloss-bevern.de\/index.php?rest_route=\/wp\/v2\/users\/1"}],"version-history":[{"count":1,"href":"https:\/\/schloss-bevern.de\/index.php?rest_route=\/wp\/v2\/tribe_events\/705\/revisions"}],"predecessor-version":[{"id":707,"href":"https:\/\/schloss-bevern.de\/index.php?rest_route=\/wp\/v2\/tribe_events\/705\/revisions\/707"}],"wp:attachment":[{"href":"https:\/\/schloss-bevern.de\/index.php?rest_route=%2Fwp%2Fv2%2Fmedia&parent=705"}],"wp:term":[{"taxonomy":"post_tag","embeddable":true,"href":"https:\/\/schloss-bevern.de\/index.php?rest_route=%2Fwp%2Fv2%2Ftags&post=705"},{"taxonomy":"tribe_events_cat","embeddable":true,"href":"https:\/\/schloss-bevern.de\/index.php?rest_route=%2Fwp%2Fv2%2Ftribe_events_cat&post=705"}],"curies":[{"name":"wp","href":"https:\/\/api.w.org\/{rel}","templated":true}]}}

<div class="field_line">
<div class="field_value">
<p><span style="font-family: garamond-lt-regular; font-size: 16px;">Ausstellung Ana Laibach</span><br />
<span style="font-family: garamond-lt-regular; font-size: 16px;">27. April bis 25. Mai</span><br />
<span style="font-family: garamond-lt-regular; font-size: 16px;"><strong>Vernissage 27. April, 11 Uhr</strong></span></p>
<p><span style="font-family: garamond-lt-regular; font-size: 16px;"><img loading="lazy" decoding="async" class="alignleft" src="http://schloss-bevern.de/media/2025/Ana_Laibach_klein.jpg" width="216" height="135" />Die Mannheimer Künstlerin Ana Laibach war in 2024 Artist-in-Residence und präsentiert nun Werke, die inspiriert von den Besonderheiten des Ortes während des Gastaufenthaltes entstanden.</span></p>
</div>
</div>

<p>Ausstellung Ana Laibach 27. April bis 25. Mai Vernissage 27. April, 11 Uhr Die Mannheimer Künstlerin Ana Laibach war in 2024 Artist-in-Residence und präsentiert nun Werke, die inspiriert von den Besonderheiten des Ortes während des Gastaufenthaltes entstanden.</p>
