{"id":737,"date":"2025-04-09T11:28:12","date_gmt":"2025-04-09T09:28:12","guid":{"rendered":"https:\/\/schloss-bevern.de\/wp\/?post_type=tribe_events&#038;p=737"},"modified":"2025-04-09T11:28:12","modified_gmt":"2025-04-09T09:28:12","slug":"artist-in-residence","status":"publish","type":"tribe_events","link":"https:\/\/schloss-bevern.de\/?tribe_events=artist-in-residence","title":{"rendered":"Artist in Residence"},"content":{"rendered":"<div class=\"event_details\">\n<div class=\"field_line\">\n<div class=\"field_value\">\n<h3><span style=\"font-family: garamond-lt-regular;\"><img loading=\"lazy\" decoding=\"async\" class=\"alignleft\" src=\"http:\/\/schloss-bevern.de\/media\/2025\/Artist_in_resi.png\" width=\"248\" height=\"100\" \/><span style=\"font-size: 18px; color: #9d113b;\">August\/September<\/span><\/span><\/h3>\n<p>&nbsp;<\/p>\n<p>&nbsp;<\/p>\n<p><span style=\"font-family: garamond-lt-regular;\">Die Foto- und Videok\u00fcnstlerin Sarai Meyron ist Artist-in-Residence 2025 und wird ihren Gastaufenthalt mit einer Ausstellung abschlie\u00dfen.<\/span><\/p>\n<p><span style=\"font-family: garamond-lt-regular;\">Informationen \u00fcber Aktionen f\u00fcr und mit Interessierten kurzfristig auf <strong> <a href=\"https:\/\/hkv-bevern.de\/\">www.hkv-bevern.de<\/a><\/strong><\/span><\/p>\n<\/div>\n<\/div>\n<\/div>\n","protected":false},"excerpt":{"rendered":"<p>August\/September &nbsp; &nbsp; Die Foto- und Videok\u00fcnstlerin Sarai Meyron ist Artist-in-Residence 2025 und wird ihren Gastaufenthalt mit einer Ausstellung abschlie\u00dfen. Informationen \u00fcber Aktionen f\u00fcr und mit Interessierten kurzfristig auf www.hkv-bevern.de<\/p>\n","protected":false},"author":1,"featured_media":0,"template":"","meta":{"_tribe_events_status":"","_tribe_events_status_reason":"","footnotes":""},"tags":[],"tribe_events_cat":[],"class_list":["post-737","tribe_events","type-tribe_events","status-publish","hentry","post"],"_links":{"self":[{"href":"https:\/\/schloss-bevern.de\/index.php?rest_route=\/wp\/v2\/tribe_events\/737","targetHints":{"allow":["GET"]}}],"collection":[{"href":"https:\/\/schloss-bevern.de\/index.php?rest_route=\/wp\/v2\/tribe_events"}],"about":[{"href":"https:\/\/schloss-bevern.de\/index.php?rest_route=\/wp\/v2\/types\/tribe_events"}],"author":[{"embeddable":true,"href":"https:\/\/schloss-bevern.de\/index.php?rest_route=\/wp\/v2\/users\/1"}],"version-history":[{"count":1,"href":"https:\/\/schloss-bevern.de\/index.php?rest_route=\/wp\/v2\/tribe_events\/737\/revisions"}],"predecessor-version":[{"id":738,"href":"https:\/\/schloss-bevern.de\/index.php?rest_route=\/wp\/v2\/tribe_events\/737\/revisions\/738"}],"wp:attachment":[{"href":"https:\/\/schloss-bevern.de\/index.php?rest_route=%2Fwp%2Fv2%2Fmedia&parent=737"}],"wp:term":[{"taxonomy":"post_tag","embeddable":true,"href":"https:\/\/schloss-bevern.de\/index.php?rest_route=%2Fwp%2Fv2%2Ftags&post=737"},{"taxonomy":"tribe_events_cat","embeddable":true,"href":"https:\/\/schloss-bevern.de\/index.php?rest_route=%2Fwp%2Fv2%2Ftribe_events_cat&post=737"}],"curies":[{"name":"wp","href":"https:\/\/api.w.org\/{rel}","templated":true}]}}

<div class="event_details">
<div class="field_line">
<div class="field_value">
<h3><span style="font-family: garamond-lt-regular;"><img loading="lazy" decoding="async" class="alignleft" src="http://schloss-bevern.de/media/2025/Artist_in_resi.png" width="248" height="100" /><span style="font-size: 18px; color: #9d113b;">August/September</span></span></h3>
<p>&nbsp;</p>
<p>&nbsp;</p>
<p><span style="font-family: garamond-lt-regular;">Die Foto- und Videokünstlerin Sarai Meyron ist Artist-in-Residence 2025 und wird ihren Gastaufenthalt mit einer Ausstellung abschließen.</span></p>
<p><span style="font-family: garamond-lt-regular;">Informationen über Aktionen für und mit Interessierten kurzfristig auf <strong> <a href="https://hkv-bevern.de/">www.hkv-bevern.de</a></strong></span></p>
</div>
</div>
</div>

<p>August/September &nbsp; &nbsp; Die Foto- und Videokünstlerin Sarai Meyron ist Artist-in-Residence 2025 und wird ihren Gastaufenthalt mit einer Ausstellung abschließen. Informationen über Aktionen für und mit Interessierten kurzfristig auf www.hkv-bevern.de</p>
