{"id":741,"date":"2025-04-09T11:31:58","date_gmt":"2025-04-09T09:31:58","guid":{"rendered":"https:\/\/schloss-bevern.de\/wp\/?post_type=tribe_events&#038;p=741"},"modified":"2025-08-18T07:57:24","modified_gmt":"2025-08-18T05:57:24","slug":"sonderausstellung-relikte-industrieller-vergangenheit-mit-einfuehrungsvortrag","status":"publish","type":"tribe_events","link":"https:\/\/schloss-bevern.de\/?tribe_events=sonderausstellung-relikte-industrieller-vergangenheit-mit-einfuehrungsvortrag","title":{"rendered":"Sonderausstellung Relikte industrieller Vergangenheit mit Einf\u00fchrungsvortrag"},"content":{"rendered":"<div class=\"field_line\">\n<div class=\"field_value\">\n<h3><span style=\"font-family: garamond-lt-regular;\"><img loading=\"lazy\" decoding=\"async\" class=\"size-medium wp-image-972 alignleft\" src=\"https:\/\/schloss-bevern.de\/wp-content\/uploads\/Plakat_ausstellung_Relikte_Bevern_final-1-212x300.jpg\" alt=\"\" width=\"212\" height=\"300\" srcset=\"https:\/\/schloss-bevern.de\/wp-content\/uploads\/Plakat_ausstellung_Relikte_Bevern_final-1-212x300.jpg 212w, https:\/\/schloss-bevern.de\/wp-content\/uploads\/Plakat_ausstellung_Relikte_Bevern_final-1-724x1024.jpg 724w, https:\/\/schloss-bevern.de\/wp-content\/uploads\/Plakat_ausstellung_Relikte_Bevern_final-1-106x150.jpg 106w, https:\/\/schloss-bevern.de\/wp-content\/uploads\/Plakat_ausstellung_Relikte_Bevern_final-1-768x1086.jpg 768w, https:\/\/schloss-bevern.de\/wp-content\/uploads\/Plakat_ausstellung_Relikte_Bevern_final-1-1086x1536.jpg 1086w, https:\/\/schloss-bevern.de\/wp-content\/uploads\/Plakat_ausstellung_Relikte_Bevern_final-1-1448x2048.jpg 1448w, https:\/\/schloss-bevern.de\/wp-content\/uploads\/Plakat_ausstellung_Relikte_Bevern_final-1-scaled.jpg 1810w\" sizes=\"auto, (max-width: 212px) 100vw, 212px\" \/><span style=\"font-size: 18px; color: #9d113b;\">Relikte industrieller Vergangenheit<\/span><\/span><\/h3>\n<p><span style=\"font-family: garamond-lt-regular;\">Die Fotoausstellung &#8222;Relikte industrieller Vergangenheit&#8220; wurde vom Netzwerk Industriekultur Niedersachsen e. V. erstellt und macht auf die industrielle Vergangenheit unserer Region aufmerksam. 30 Schwarzwei\u00dffotos zeigen Objekte im Dreieck Hannover\u2013Hameln\u2013Hildesheim:<\/span><br \/>\n<span style=\"font-family: garamond-lt-regular;\">Verkehrsbauten, Ruinen, noch genutzte Industrieanlagen, architektonische Details &#8211; Relikte einer historisch kurzen aber dennoch wirkungsm\u00e4chtigen \u00c4ra.<\/span><\/p>\n<p><span style=\"font-family: garamond-lt-regular;\">Kostenloser Einf\u00fchrungsvortrag im Rahmen der Er\u00f6ffnung am 24. August, 11 Uhr, in der Schlosskapelle<\/span><\/p>\n<\/div>\n<\/div>\n","protected":false},"excerpt":{"rendered":"<p>Relikte industrieller Vergangenheit Die Fotoausstellung &#8222;Relikte industrieller Vergangenheit&#8220; wurde vom Netzwerk Industriekultur Niedersachsen e. V. erstellt und macht auf die industrielle Vergangenheit unserer Region aufmerksam. 30 Schwarzwei\u00dffotos zeigen Objekte im Dreieck Hannover\u2013Hameln\u2013Hildesheim: Verkehrsbauten, Ruinen, noch genutzte Industrieanlagen, architektonische Details &#8211; Relikte einer historisch kurzen aber dennoch wirkungsm\u00e4chtigen \u00c4ra. Kostenloser Einf\u00fchrungsvortrag im Rahmen der Er\u00f6ffnung am [&hellip;]<\/p>\n","protected":false},"author":1,"featured_media":0,"template":"","meta":{"_tribe_events_status":"","_tribe_events_status_reason":"","footnotes":""},"tags":[],"tribe_events_cat":[13],"class_list":["post-741","tribe_events","type-tribe_events","status-publish","hentry","tribe_events_cat-ausstellung","cat_ausstellung","post"],"_links":{"self":[{"href":"https:\/\/schloss-bevern.de\/index.php?rest_route=\/wp\/v2\/tribe_events\/741","targetHints":{"allow":["GET"]}}],"collection":[{"href":"https:\/\/schloss-bevern.de\/index.php?rest_route=\/wp\/v2\/tribe_events"}],"about":[{"href":"https:\/\/schloss-bevern.de\/index.php?rest_route=\/wp\/v2\/types\/tribe_events"}],"author":[{"embeddable":true,"href":"https:\/\/schloss-bevern.de\/index.php?rest_route=\/wp\/v2\/users\/1"}],"version-history":[{"count":3,"href":"https:\/\/schloss-bevern.de\/index.php?rest_route=\/wp\/v2\/tribe_events\/741\/revisions"}],"predecessor-version":[{"id":976,"href":"https:\/\/schloss-bevern.de\/index.php?rest_route=\/wp\/v2\/tribe_events\/741\/revisions\/976"}],"wp:attachment":[{"href":"https:\/\/schloss-bevern.de\/index.php?rest_route=%2Fwp%2Fv2%2Fmedia&parent=741"}],"wp:term":[{"taxonomy":"post_tag","embeddable":true,"href":"https:\/\/schloss-bevern.de\/index.php?rest_route=%2Fwp%2Fv2%2Ftags&post=741"},{"taxonomy":"tribe_events_cat","embeddable":true,"href":"https:\/\/schloss-bevern.de\/index.php?rest_route=%2Fwp%2Fv2%2Ftribe_events_cat&post=741"}],"curies":[{"name":"wp","href":"https:\/\/api.w.org\/{rel}","templated":true}]}}

Sonderausstellung Relikte industrieller Vergangenheit mit Einführungsvortrag

<div class="field_line">
<div class="field_value">
<h3><span style="font-family: garamond-lt-regular;"><img loading="lazy" decoding="async" class="size-medium wp-image-972 alignleft" src="https://schloss-bevern.de/wp-content/uploads/Plakat_ausstellung_Relikte_Bevern_final-1-212x300.jpg" alt="" width="212" height="300" srcset="https://schloss-bevern.de/wp-content/uploads/Plakat_ausstellung_Relikte_Bevern_final-1-212x300.jpg 212w, https://schloss-bevern.de/wp-content/uploads/Plakat_ausstellung_Relikte_Bevern_final-1-724x1024.jpg 724w, https://schloss-bevern.de/wp-content/uploads/Plakat_ausstellung_Relikte_Bevern_final-1-106x150.jpg 106w, https://schloss-bevern.de/wp-content/uploads/Plakat_ausstellung_Relikte_Bevern_final-1-768x1086.jpg 768w, https://schloss-bevern.de/wp-content/uploads/Plakat_ausstellung_Relikte_Bevern_final-1-1086x1536.jpg 1086w, https://schloss-bevern.de/wp-content/uploads/Plakat_ausstellung_Relikte_Bevern_final-1-1448x2048.jpg 1448w, https://schloss-bevern.de/wp-content/uploads/Plakat_ausstellung_Relikte_Bevern_final-1-scaled.jpg 1810w" sizes="auto, (max-width: 212px) 100vw, 212px" /><span style="font-size: 18px; color: #9d113b;">Relikte industrieller Vergangenheit</span></span></h3>
<p><span style="font-family: garamond-lt-regular;">Die Fotoausstellung &#8222;Relikte industrieller Vergangenheit&#8220; wurde vom Netzwerk Industriekultur Niedersachsen e. V. erstellt und macht auf die industrielle Vergangenheit unserer Region aufmerksam. 30 Schwarzweißfotos zeigen Objekte im Dreieck Hannover–Hameln–Hildesheim:</span><br />
<span style="font-family: garamond-lt-regular;">Verkehrsbauten, Ruinen, noch genutzte Industrieanlagen, architektonische Details &#8211; Relikte einer historisch kurzen aber dennoch wirkungsmächtigen Ära.</span></p>
<p><span style="font-family: garamond-lt-regular;">Kostenloser Einführungsvortrag im Rahmen der Eröffnung am 24. August, 11 Uhr, in der Schlosskapelle</span></p>
</div>
</div>

<p>Relikte industrieller Vergangenheit Die Fotoausstellung &#8222;Relikte industrieller Vergangenheit&#8220; wurde vom Netzwerk Industriekultur Niedersachsen e. V. erstellt und macht auf die industrielle Vergangenheit unserer Region aufmerksam. 30 Schwarzweißfotos zeigen Objekte im Dreieck Hannover–Hameln–Hildesheim: Verkehrsbauten, Ruinen, noch genutzte Industrieanlagen, architektonische Details &#8211; Relikte einer historisch kurzen aber dennoch wirkungsmächtigen Ära. Kostenloser Einführungsvortrag im Rahmen der Eröffnung am [&hellip;]</p>
