{"id":744,"date":"2025-04-09T11:34:24","date_gmt":"2025-04-09T09:34:24","guid":{"rendered":"https:\/\/schloss-bevern.de\/wp\/?post_type=tribe_events&#038;p=744"},"modified":"2025-08-18T08:27:33","modified_gmt":"2025-08-18T06:27:33","slug":"vortrag-industriekultur-in-niedersachsen","status":"publish","type":"tribe_events","link":"https:\/\/schloss-bevern.de\/?tribe_events=vortrag-industriekultur-in-niedersachsen","title":{"rendered":"Vortrag &#8211; Industriekultur in Niedersachsen"},"content":{"rendered":"<div class=\"event_details\">\n<div class=\"field_line\">\n<div class=\"field_value\">\n<h3><span style=\"font-family: garamond-lt-regular; font-size: 18px; color: #9d113b;\"><strong><img loading=\"lazy\" decoding=\"async\" class=\"size-medium wp-image-979 alignleft\" src=\"https:\/\/schloss-bevern.de\/wp-content\/uploads\/georgschacht-200x300.jpg\" alt=\"\" width=\"200\" height=\"300\" srcset=\"https:\/\/schloss-bevern.de\/wp-content\/uploads\/georgschacht-200x300.jpg 200w, https:\/\/schloss-bevern.de\/wp-content\/uploads\/georgschacht-683x1024.jpg 683w, https:\/\/schloss-bevern.de\/wp-content\/uploads\/georgschacht-100x150.jpg 100w, https:\/\/schloss-bevern.de\/wp-content\/uploads\/georgschacht-768x1152.jpg 768w, https:\/\/schloss-bevern.de\/wp-content\/uploads\/georgschacht-1024x1536.jpg 1024w, https:\/\/schloss-bevern.de\/wp-content\/uploads\/georgschacht-1365x2048.jpg 1365w, https:\/\/schloss-bevern.de\/wp-content\/uploads\/georgschacht-scaled.jpg 1707w\" sizes=\"auto, (max-width: 200px) 100vw, 200px\" \/>Industriekultur in Niedersachsen. <\/strong><\/span><span style=\"font-family: garamond-lt-regular; font-size: 18px; color: #9d113b;\"><strong>Zum Umgang mit einer kollektiven Identit\u00e4t.<\/strong><\/span><\/h3>\n<p><span style=\"font-family: garamond-lt-regular;\">Referent: Dr. Olaf Grohmann<\/span><\/p>\n<p><span style=\"font-family: garamond-lt-regular;\">Sonntag, 24. August, 11 Uhr\u00a0<\/span><\/p>\n<p><span style=\"font-family: garamond-lt-regular;\">Die in Deutschland erst sp\u00e4t einsetzende Industrialisierung erfasste schlie\u00dflich auch die Regionen des heutigen Niedersachsen. In den l\u00e4ndlichen Gebieten entstanden kleinr\u00e4umige Industriereviere, diese mussten erst im Laufe des 20. Jahrhunderts gro\u00dfen Produktionszentren weichen. Wie kann mit Relikten jener Epoche, die sich an vielen Orten Niedersachsens finden, umgegangen werden?<\/span><\/p>\n<p><span style=\"font-family: garamond-lt-regular;\">Vortrag im Rahmen der Er\u00f6ffnung der Ausstellung &#8222;Relikte industrieller Vergangenheit&#8220;. Die Teilnahme an Ausstellungser\u00f6ffnung und -besuch sind kostenlos. Weitere Infos zur Ausstellung <a href=\"https:\/\/schloss-bevern.de\/wp\/?tribe_events=sonderausstellung-relikte-industrieller-vergangenheit-mit-einfuehrungsvortrag\">hier.<\/a><\/span><\/p>\n<\/div>\n<\/div>\n<\/div>\n","protected":false},"excerpt":{"rendered":"<p>Industriekultur in Niedersachsen. Zum Umgang mit einer kollektiven Identit\u00e4t. Referent: Dr. Olaf Grohmann Sonntag, 24. August, 11 Uhr\u00a0 Die in Deutschland erst sp\u00e4t einsetzende Industrialisierung erfasste schlie\u00dflich auch die Regionen des heutigen Niedersachsen. In den l\u00e4ndlichen Gebieten entstanden kleinr\u00e4umige Industriereviere, diese mussten erst im Laufe des 20. Jahrhunderts gro\u00dfen Produktionszentren weichen. Wie kann mit Relikten [&hellip;]<\/p>\n","protected":false},"author":1,"featured_media":0,"template":"","meta":{"_tribe_events_status":"","_tribe_events_status_reason":"","footnotes":""},"tags":[],"tribe_events_cat":[49],"class_list":["post-744","tribe_events","type-tribe_events","status-publish","hentry","tribe_events_cat-vortrag","cat_vortrag","post"],"_links":{"self":[{"href":"https:\/\/schloss-bevern.de\/index.php?rest_route=\/wp\/v2\/tribe_events\/744","targetHints":{"allow":["GET"]}}],"collection":[{"href":"https:\/\/schloss-bevern.de\/index.php?rest_route=\/wp\/v2\/tribe_events"}],"about":[{"href":"https:\/\/schloss-bevern.de\/index.php?rest_route=\/wp\/v2\/types\/tribe_events"}],"author":[{"embeddable":true,"href":"https:\/\/schloss-bevern.de\/index.php?rest_route=\/wp\/v2\/users\/1"}],"version-history":[{"count":5,"href":"https:\/\/schloss-bevern.de\/index.php?rest_route=\/wp\/v2\/tribe_events\/744\/revisions"}],"predecessor-version":[{"id":984,"href":"https:\/\/schloss-bevern.de\/index.php?rest_route=\/wp\/v2\/tribe_events\/744\/revisions\/984"}],"wp:attachment":[{"href":"https:\/\/schloss-bevern.de\/index.php?rest_route=%2Fwp%2Fv2%2Fmedia&parent=744"}],"wp:term":[{"taxonomy":"post_tag","embeddable":true,"href":"https:\/\/schloss-bevern.de\/index.php?rest_route=%2Fwp%2Fv2%2Ftags&post=744"},{"taxonomy":"tribe_events_cat","embeddable":true,"href":"https:\/\/schloss-bevern.de\/index.php?rest_route=%2Fwp%2Fv2%2Ftribe_events_cat&post=744"}],"curies":[{"name":"wp","href":"https:\/\/api.w.org\/{rel}","templated":true}]}}

<div class="event_details">
<div class="field_line">
<div class="field_value">
<h3><span style="font-family: garamond-lt-regular; font-size: 18px; color: #9d113b;"><strong><img loading="lazy" decoding="async" class="size-medium wp-image-979 alignleft" src="https://schloss-bevern.de/wp-content/uploads/georgschacht-200x300.jpg" alt="" width="200" height="300" srcset="https://schloss-bevern.de/wp-content/uploads/georgschacht-200x300.jpg 200w, https://schloss-bevern.de/wp-content/uploads/georgschacht-683x1024.jpg 683w, https://schloss-bevern.de/wp-content/uploads/georgschacht-100x150.jpg 100w, https://schloss-bevern.de/wp-content/uploads/georgschacht-768x1152.jpg 768w, https://schloss-bevern.de/wp-content/uploads/georgschacht-1024x1536.jpg 1024w, https://schloss-bevern.de/wp-content/uploads/georgschacht-1365x2048.jpg 1365w, https://schloss-bevern.de/wp-content/uploads/georgschacht-scaled.jpg 1707w" sizes="auto, (max-width: 200px) 100vw, 200px" />Industriekultur in Niedersachsen. </strong></span><span style="font-family: garamond-lt-regular; font-size: 18px; color: #9d113b;"><strong>Zum Umgang mit einer kollektiven Identität.</strong></span></h3>
<p><span style="font-family: garamond-lt-regular;">Referent: Dr. Olaf Grohmann</span></p>
<p><span style="font-family: garamond-lt-regular;">Sonntag, 24. August, 11 Uhr </span></p>
<p><span style="font-family: garamond-lt-regular;">Die in Deutschland erst spät einsetzende Industrialisierung erfasste schließlich auch die Regionen des heutigen Niedersachsen. In den ländlichen Gebieten entstanden kleinräumige Industriereviere, diese mussten erst im Laufe des 20. Jahrhunderts großen Produktionszentren weichen. Wie kann mit Relikten jener Epoche, die sich an vielen Orten Niedersachsens finden, umgegangen werden?</span></p>
<p><span style="font-family: garamond-lt-regular;">Vortrag im Rahmen der Eröffnung der Ausstellung &#8222;Relikte industrieller Vergangenheit&#8220;. Die Teilnahme an Ausstellungseröffnung und -besuch sind kostenlos. Weitere Infos zur Ausstellung <a href="https://schloss-bevern.de/wp/?tribe_events=sonderausstellung-relikte-industrieller-vergangenheit-mit-einfuehrungsvortrag">hier.</a></span></p>
</div>
</div>
</div>

<p>Industriekultur in Niedersachsen. Zum Umgang mit einer kollektiven Identität. Referent: Dr. Olaf Grohmann Sonntag, 24. August, 11 Uhr  Die in Deutschland erst spät einsetzende Industrialisierung erfasste schließlich auch die Regionen des heutigen Niedersachsen. In den ländlichen Gebieten entstanden kleinräumige Industriereviere, diese mussten erst im Laufe des 20. Jahrhunderts großen Produktionszentren weichen. Wie kann mit Relikten [&hellip;]</p>
